{"id":725942,"date":"2025-08-27T19:58:14","date_gmt":"2025-08-27T16:58:14","guid":{"rendered":"https:\/\/roveyayinevi.com.tr\/index.php\/urun\/nunci\/"},"modified":"2026-04-16T02:33:41","modified_gmt":"2026-04-15T23:33:41","slug":"nunci","status":"publish","type":"product","link":"https:\/\/roveyayinevi.com.tr\/index.php\/urun\/nunci\/","title":{"rendered":"Nun\u00e7i"},"content":{"rendered":"<p>Korelilerin ba\u015far\u0131 ve mutlulu\u011funa rehberlik eden Nun\u00e7i, \u2018Kore Mucizesi\u2019nin arkas\u0131ndaki gizlig\u00fc\u00e7t\u00fcr.Nun\u00e7i, ba\u015fkalar\u0131n\u0131n d\u00fc\u015f\u00fcnce ve duygular\u0131n\u0131 an\u0131nda anlama sanat\u0131d\u0131r.Nun\u00e7i, her \u015feyin ak\u0131\u015f halinde oldu\u011funu kavrayabilmektir.Nun\u00e7i, duygusal zek\u00e2n\u0131n bir t\u00fcr\u00fcd\u00fcr.G\u00fcney Koreli yazar Euny Hong 5000 y\u0131ll\u0131k bir tarihin i\u00e7inde \u015fekillenmi\u015f ve yo\u011frulmu\u015f Nun\u00e7i\u2019yiart\u0131k herkesin bilgisine sunuyor.Nun\u00e7i\u2019nizi geli\u015ftirirseniz i\u015f hayat\u0131n\u0131zdan a\u015fk hayat\u0131n\u0131za kadar her yerde \u00f6n\u00fcn\u00fcze yenikap\u0131lar\u0131n a\u00e7\u0131ld\u0131\u011f\u0131n\u0131 g\u00f6receksiniz.* * *\u201c5000 y\u0131ll\u0131k Nun\u00e7i ayr\u0131nt\u0131l\u0131 anlat\u0131l\u0131yor ama asl\u0131nda \u00e7ok basit ve pratik \u00f6neriler\u2026Hong\u2019un rehberli\u011finde ya\u015fam\u0131n\u0131z de\u011fi\u015febilir, siz de bir Nun\u00e7i ninja olabilirsiniz.\u201d-Washington Post\u201c\u00c7ok ak\u0131ll\u0131ca\u2026 Kore felsefesinin bu harika ke\u015ffi, duygusal alg\u0131lama becerilerinigeli\u015ftirmek isteyen herkese hitap edecektir.\u201d-Publishers Weekly\u201cHerkesin i\u015fine yarayacak tavsiyeler. . . \u0130nsanlara g\u00fcnl\u00fck ya\u015famlar\u0131nda bir\u00e7ok zorlu\u011fuanlamalar\u0131na ve \u00fcstesinden gelmelerine yard\u0131mc\u0131 olacak ilkeleri sunuyor.\u201d-Library Journal\u201cBenim gibi duygusal zek\u00e2 ve ki\u015fisel ili\u015fkilerle u\u011fra\u015fan biri i\u00e7in ya\u015fam de\u011fi\u015ftirici birkitap. G\u00fczel yaz\u0131lm\u0131\u015f ve kolayca ger\u00e7ekle\u015ftirilebilir tavsiyelerle dolu. Sosyal olaylara veili\u015fkilere yakla\u015f\u0131m\u0131m, sorunlarla ba\u015fa \u00e7\u0131kma \u015feklim de\u011fi\u015fti. Ger\u00e7ekten s\u00fcper bir g\u00fccesahip oluyormu\u015fsun gibi\u2026!\u201d-Hector Garc\u00eda\/\u0130kigai: Japonlar\u0131n Uzun veMutlu Ya\u015fam S\u0131rr\u0131 kitab\u0131n\u0131n ortak yazar\u0131<\/p>\n","protected":false},"excerpt":{"rendered":"<p>Korelilerin ba\u015far\u0131 ve mutlulu\u011funa rehberlik eden Nun\u00e7i, \u2018Kore Mucizesi\u2019nin arkas\u0131ndaki gizlig\u00fc\u00e7t\u00fcr.Nun\u00e7i, ba\u015fkalar\u0131n\u0131n d\u00fc\u015f\u00fcnce ve duygular\u0131n\u0131 an\u0131nda anlama sanat\u0131d\u0131r.Nun\u00e7i, her \u015feyin ak\u0131\u015f halinde oldu\u011funu kavrayabilmektir.Nun\u00e7i, duygusal zek\u00e2n\u0131n<span class=\"excerpt-hellip\"> [\u2026]<\/span><\/p>\n","protected":false},"featured_media":0,"template":"","meta":{"_monsterinsights_skip_tracking":false,"_monsterinsights_sitenote_active":false,"_monsterinsights_sitenote_note":"","_monsterinsights_sitenote_category":0},"product_brand":[],"product_cat":[15983,13488],"product_tag":[],"class_list":{"0":"post-725942","1":"product","2":"type-product","3":"status-publish","5":"product_cat-iletisim-ve-medya","6":"product_cat-toplum-ve-insan","7":"pa_cilt-ciltsiz","8":"pa_tur-kitap","9":"pa_yayinevi-kuraldisi-yayinevi","10":"pa_yazar-euny-hong","12":"first","13":"instock","14":"sale","15":"shipping-taxable","16":"purchasable","17":"product-type-simple"},"_links":{"self":[{"href":"https:\/\/roveyayinevi.com.tr\/index.php\/wp-json\/wp\/v2\/product\/725942","targetHints":{"allow":["GET"]}}],"collection":[{"href":"https:\/\/roveyayinevi.com.tr\/index.php\/wp-json\/wp\/v2\/product"}],"about":[{"href":"https:\/\/roveyayinevi.com.tr\/index.php\/wp-json\/wp\/v2\/types\/product"}],"wp:attachment":[{"href":"https:\/\/roveyayinevi.com.tr\/index.php\/wp-json\/wp\/v2\/media?parent=725942"}],"wp:term":[{"taxonomy":"product_brand","embeddable":true,"href":"https:\/\/roveyayinevi.com.tr\/index.php\/wp-json\/wp\/v2\/product_brand?post=725942"},{"taxonomy":"product_cat","embeddable":true,"href":"https:\/\/roveyayinevi.com.tr\/index.php\/wp-json\/wp\/v2\/product_cat?post=725942"},{"taxonomy":"product_tag","embeddable":true,"href":"https:\/\/roveyayinevi.com.tr\/index.php\/wp-json\/wp\/v2\/product_tag?post=725942"}],"curies":[{"name":"wp","href":"https:\/\/api.w.org\/{rel}","templated":true}]}}