{"id":725937,"date":"2025-08-27T19:58:09","date_gmt":"2025-08-27T16:58:09","guid":{"rendered":"https:\/\/roveyayinevi.com.tr\/index.php\/urun\/akil-sagligi-uzerine\/"},"modified":"2026-04-16T02:33:40","modified_gmt":"2026-04-15T23:33:40","slug":"akil-sagligi-uzerine","status":"publish","type":"product","link":"https:\/\/roveyayinevi.com.tr\/index.php\/urun\/akil-sagligi-uzerine\/","title":{"rendered":"Ak\u0131l Sa\u011fl\u0131\u011f\u0131 \u00dczerine"},"content":{"rendered":"<p>\u201cDelileri nerede bulaca\u011f\u0131m\u0131z\u0131, onlar hakk\u0131nda kimlerle (psikiyatrlar, genetik\u00e7iler, n\u00f6robiyologlar, psikanalistler, kimyagerler, antropologlar, tarih\u00e7iler vs.) konu\u015faca\u011f\u0131m\u0131z\u0131 biliyoruz. Fakat ak\u0131ll\u0131y\u0131 bulmak i\u00e7in nereye gidebiliriz? Hangi binalarda ya\u015farlar? Ne giyerler? Neye benzerler ve onlar\u0131 nas\u0131l tan\u0131r\u0131z? Fark edilebilir \u00f6zellikleri, ayr\u0131\u015ft\u0131r\u0131labilir i\u015faretleri, ortak tav\u0131rlar\u0131 var m\u0131? Ak\u0131ll\u0131lar her kim ve her nerede olursa olsunlar hak ettikleri ilgi ya da alakay\u0131 hi\u00e7 g\u00f6rmemi\u015flerdir. Onlar\u0131 icat ettik -tam da ak\u0131ll\u0131l\u0131k kavram\u0131n\u0131 topyek\u00fbn icat etti\u011fimiz gibi- fakat onlar\u0131 hi\u00e7bir zaman tan\u0131mlayamad\u0131k ya da tan\u0131mlamak istemedik.\u201dDelilik \u00fczerine devasa bir literat\u00fcr olmas\u0131na ra\u011fmen ak\u0131ll\u0131l\u0131k \u00fczerine \u00e7ok az d\u00fc\u015f\u00fcn\u00fclm\u00fc\u015f, \u00e7ok az yaz\u0131lm\u0131\u015ft\u0131r. Delili\u011fe dair \u00e7o\u011fu zaman kesin yarg\u0131lar\u0131m\u0131z ve tuhaf hislerimiz vard\u0131r ancak ak\u0131ll\u0131l\u0131k s\u00f6z konusu oldu\u011funda zihnimiz bir hayli kar\u0131\u015f\u0131kt\u0131r. Ak\u0131ll\u0131l\u0131\u011f\u0131n neye tekab\u00fcl etti\u011fi hi\u00e7bir zaman tam manas\u0131yla ortaya konamam\u0131\u015f, son \u00fc\u00e7 y\u00fcz y\u0131lda onu \u201cdelili\u011fin z\u0131tt\u0131\u201d olarak tan\u0131mlaman\u0131n \u00f6tesine ge\u00e7ilememi\u015ftir. \u00c7a\u011f\u0131n \u00f6nde gelen psikanalistlerinden biri olan Adam Philips, yaln\u0131zca psikiyatrinin de\u011fil ayn\u0131 zamanda edebiyat\u0131n, tarihin, antropolojinin ve felsefenin koridorlar\u0131nda dola\u015farak bu iki kavram aras\u0131ndaki tarihsel dengesizli\u011fe meydan okuyor ve bizi ak\u0131ll\u0131l\u0131k \u00fczerine d\u00fc\u015f\u00fcnmeye davet ediyor. Ya\u015fam\u0131n farkl\u0131 evrelerini ve ili\u015fki bi\u00e7imlerini i\u00e7eren geni\u015f bir yelpazede ak\u0131ll\u0131 \u00f6znenin modern d\u00fcnyadaki imk\u00e2nlar\u0131na dair ger\u00e7ek\u00e7i ama umut dolu bir analiz sunuyor.ADAM PHILLIPSAdam Phillips psikanalisttir. T\u00fcrk\u00e7eye \u00e7evrilmi\u015f kitaplar\u0131 \u00d6p\u00fc\u015fme, G\u0131d\u0131klanma ve S\u0131k\u0131lma \u00dczerine; Hep Vaat Hep Vaat; Ka\u00e7\u0131rd\u0131klar\u0131m\u0131z; Deh\u015fetler ve Uzmanlar; Teke\u015flilik, Sadakat ve \u0130hanet \u00dczerine Aforizmalar; Freud Olmak: Bir Psikanalistin Geli\u015fimi; Fl\u00f6rt \u00dczerine; Kar\u0131s\u0131n\u0131 \u015eapka Sanan Adam; Yasak Olmayan Hazlar; \u00d6yle ve B\u00f6yle \u2013Yeni ve Se\u00e7ilmi\u015f Denemeler\u2013 ve Kre\u015fteki Yabani\u2019dir. London Review of Books, the Observer ve The New Work Times\u2019a d\u00fczenli olarak yazmaktad\u0131r ve yeni Penguen Modern Freud \u00e7evirilerinin ba\u015f edit\u00f6r\u00fcd\u00fcr. <\/p>\n","protected":false},"excerpt":{"rendered":"<p>\u201cDelileri nerede bulaca\u011f\u0131m\u0131z\u0131, onlar hakk\u0131nda kimlerle (psikiyatrlar, genetik\u00e7iler, n\u00f6robiyologlar, psikanalistler, kimyagerler, antropologlar, tarih\u00e7iler vs.) konu\u015faca\u011f\u0131m\u0131z\u0131 biliyoruz. Fakat ak\u0131ll\u0131y\u0131 bulmak i\u00e7in nereye gidebiliriz? Hangi binalarda ya\u015farlar? Ne<span class=\"excerpt-hellip\"> [\u2026]<\/span><\/p>\n","protected":false},"featured_media":0,"template":"","meta":{"_monsterinsights_skip_tracking":false,"_monsterinsights_sitenote_active":false,"_monsterinsights_sitenote_note":"","_monsterinsights_sitenote_category":0},"product_brand":[],"product_cat":[12358,12357],"product_tag":[],"class_list":{"0":"post-725937","1":"product","2":"type-product","3":"status-publish","5":"product_cat-genel-psikoloji","6":"product_cat-psikoloji","7":"pa_cilt-ciltsiz","8":"pa_tur-kitap","9":"pa_yayinevi-ayrinti-yayinlari","10":"pa_yazar-adam-phillips","12":"first","13":"instock","14":"sale","15":"shipping-taxable","16":"purchasable","17":"product-type-simple"},"_links":{"self":[{"href":"https:\/\/roveyayinevi.com.tr\/index.php\/wp-json\/wp\/v2\/product\/725937","targetHints":{"allow":["GET"]}}],"collection":[{"href":"https:\/\/roveyayinevi.com.tr\/index.php\/wp-json\/wp\/v2\/product"}],"about":[{"href":"https:\/\/roveyayinevi.com.tr\/index.php\/wp-json\/wp\/v2\/types\/product"}],"wp:attachment":[{"href":"https:\/\/roveyayinevi.com.tr\/index.php\/wp-json\/wp\/v2\/media?parent=725937"}],"wp:term":[{"taxonomy":"product_brand","embeddable":true,"href":"https:\/\/roveyayinevi.com.tr\/index.php\/wp-json\/wp\/v2\/product_brand?post=725937"},{"taxonomy":"product_cat","embeddable":true,"href":"https:\/\/roveyayinevi.com.tr\/index.php\/wp-json\/wp\/v2\/product_cat?post=725937"},{"taxonomy":"product_tag","embeddable":true,"href":"https:\/\/roveyayinevi.com.tr\/index.php\/wp-json\/wp\/v2\/product_tag?post=725937"}],"curies":[{"name":"wp","href":"https:\/\/api.w.org\/{rel}","templated":true}]}}