{"id":725922,"date":"2025-08-27T19:57:56","date_gmt":"2025-08-27T16:57:56","guid":{"rendered":"https:\/\/roveyayinevi.com.tr\/index.php\/urun\/11-sinif-cografya-unite-degerlendirme-sinavi-7-sinav\/"},"modified":"2026-04-16T02:33:40","modified_gmt":"2026-04-15T23:33:40","slug":"11-sinif-cografya-unite-degerlendirme-sinavi-7-sinav","status":"publish","type":"product","link":"https:\/\/roveyayinevi.com.tr\/index.php\/urun\/11-sinif-cografya-unite-degerlendirme-sinavi-7-sinav\/","title":{"rendered":"11.S\u0131n\u0131f Co\u011frafya \u00dcnite De\u011ferlendirme S\u0131nav\u0131 (7 S\u0131nav)"},"content":{"rendered":"<p>11.S\u0131n\u0131f Co\u011frafya \u00dcnite De\u011ferlendirme S\u0131nav\u0131 (7 S\u0131nav)<\/p>\n","protected":false},"excerpt":{"rendered":"<p>11.S\u0131n\u0131f Co\u011frafya \u00dcnite De\u011ferlendirme S\u0131nav\u0131 (7 S\u0131nav)<\/p>\n","protected":false},"featured_media":0,"template":"","meta":{"_monsterinsights_skip_tracking":false,"_monsterinsights_sitenote_active":false,"_monsterinsights_sitenote_note":"","_monsterinsights_sitenote_category":0},"product_brand":[],"product_cat":[74453,74474,12566,43675,13473],"product_tag":[],"class_list":{"0":"post-725922","1":"product","2":"type-product","3":"status-publish","5":"product_cat-11-sinif","6":"product_cat-11-sinif-cografya","7":"product_cat-egitim","8":"product_cat-lise-yardimci-kitaplari","9":"product_cat-sinavlara-hazirlik-okula-yardimci-kaynaklar","10":"pa_cilt-ciltsiz","11":"pa_tur-kitap","12":"pa_yayinevi-pano-yayinevi","13":"pa_yazar-ozgur-deveci-sinan-yasar","15":"first","16":"instock","17":"sale","18":"shipping-taxable","19":"purchasable","20":"product-type-simple"},"_links":{"self":[{"href":"https:\/\/roveyayinevi.com.tr\/index.php\/wp-json\/wp\/v2\/product\/725922","targetHints":{"allow":["GET"]}}],"collection":[{"href":"https:\/\/roveyayinevi.com.tr\/index.php\/wp-json\/wp\/v2\/product"}],"about":[{"href":"https:\/\/roveyayinevi.com.tr\/index.php\/wp-json\/wp\/v2\/types\/product"}],"wp:attachment":[{"href":"https:\/\/roveyayinevi.com.tr\/index.php\/wp-json\/wp\/v2\/media?parent=725922"}],"wp:term":[{"taxonomy":"product_brand","embeddable":true,"href":"https:\/\/roveyayinevi.com.tr\/index.php\/wp-json\/wp\/v2\/product_brand?post=725922"},{"taxonomy":"product_cat","embeddable":true,"href":"https:\/\/roveyayinevi.com.tr\/index.php\/wp-json\/wp\/v2\/product_cat?post=725922"},{"taxonomy":"product_tag","embeddable":true,"href":"https:\/\/roveyayinevi.com.tr\/index.php\/wp-json\/wp\/v2\/product_tag?post=725922"}],"curies":[{"name":"wp","href":"https:\/\/api.w.org\/{rel}","templated":true}]}}