{"id":725841,"date":"2025-08-27T19:56:44","date_gmt":"2025-08-27T16:56:44","guid":{"rendered":"https:\/\/roveyayinevi.com.tr\/index.php\/urun\/siyah-deri-beyaz-maskeler\/"},"modified":"2026-04-16T02:33:38","modified_gmt":"2026-04-15T23:33:38","slug":"siyah-deri-beyaz-maskeler","status":"publish","type":"product","link":"https:\/\/roveyayinevi.com.tr\/index.php\/urun\/siyah-deri-beyaz-maskeler\/","title":{"rendered":"Siyah Deri, Beyaz Maskeler"},"content":{"rendered":"<p>Bir \u00c7inhintli kendine \u00f6zg\u00fc bir k\u00fclt\u00fcr ke\u015ffetti\u011fi i\u00e7in ayaklanmam\u0131\u015ft\u0131r. \u2018Yaln\u0131zca\u2019 bir\u00e7ok bak\u0131mdan art\u0131k soluk alamad\u0131\u011f\u0131 i\u00e7in ayaklanm\u0131\u015ft\u0131r,\u201d diyen Frantz Fanon\u2019un Siyah Deri, Beyaz Maskeler\u2019i ABD\u2019deki Kara Panterler ve \u00dc\u00e7\u00fcnc\u00fc D\u00fcnyadaki ba\u011f\u0131ms\u0131zl\u0131k m\u00fccadeleleri gibi siyasi hareketlere ilham kayna\u011f\u0131 olmu\u015f, ayn\u0131 zamanda s\u00f6m\u00fcrgecilik ve \u0131rk\u00e7\u0131l\u0131kla ba\u011flant\u0131l\u0131 kimlik sorunlar\u0131n\u0131n tart\u0131\u015f\u0131lmas\u0131na \u00f6nc\u00fcl\u00fck etmi\u015f kitaplardan biri. Irk\u00e7\u0131l\u0131\u011f\u0131n, ayr\u0131mc\u0131l\u0131\u011f\u0131n \u2014heyhat!\u2014h\u00e2l\u00e2 g\u00fcndemde oldu\u011fu d\u00fcnyam\u0131zda da modern e\u015fitlik\u00e7i d\u00fc\u015f\u00fcncenin klasiklerinden biri olarak g\u00fcncelli\u011fini koruyor.Siyah ger\u00e7ekli\u011fini anlamaya \u00e7al\u0131\u015f\u0131rken Fanon, \u0130kinci D\u00fcnya Sava\u015f\u0131\u2019na Fransa \u00d6zg\u00fcr Ordusu saflar\u0131nda kat\u0131lm\u0131\u015f gen\u00e7 adam\u0131n sava\u015f sonras\u0131ndaki g\u00fcndelik ya\u015fant\u0131s\u0131ndan ve hocas\u0131 Aim\u00e9 C\u00e9saire\u2019in Siyah kimli\u011fine sahip \u00e7\u0131kan d\u00fc\u015f\u00fcncesi ile \u015fiirinden hareket ediyor, uzman\u0131 oldu\u011fu psikiyatri ve psikanalizden yararlan\u0131yor; ayr\u0131ca felsefeden, \u00f6zellikle Jean-Paul Sartre\u2019\u0131n Yahudi d\u00fc\u015fmanl\u0131\u011f\u0131 ve Siyah-kar\u015f\u0131t\u0131 \u0131rk\u00e7\u0131l\u0131k \u00fczerine yaz\u0131lar\u0131ndan hem besleniyor hem de yer yer onlarla tart\u0131\u015farak ilerliyor. Tetikte bekleyen bir bilin\u00e7 ile \u015fiirsel bir dili birle\u015ftiren bu etkileyici metin \u0131rk\u00e7\u0131l\u0131k, s\u00f6m\u00fcrgecilik ve \u201c\u0130nsan\u201d \u00fcst\u00fcne d\u00fc\u015f\u00fcnmek isteyenler i\u00e7in. YAZAR HAKKINDA: Frantz Fanon veya \u0130brahim Frantz Fanon (1925-1961). Martinik do\u011fumlu Frans\u0131z psikiyatr ve siyaset felsefecisi. Afrika k\u00f6kenli g\u00fcmr\u00fck memuru bir baba ile Martinik, Afrika ve Alsas k\u00f6kenli, ma\u011faza i\u015fleten bir annenin o\u011flu. Lisedeki hocalar\u0131ndan biri Aim\u00e9 C\u00e9saire olur. 18 ya\u015f\u0131nda, II. D\u00fcnya Sava\u015f\u0131 s\u0131ras\u0131nda Nazi i\u015fgaline kar\u015f\u0131 direnen \u00d6zg\u00fcr Fransa G\u00fc\u00e7leri\u2019ne kat\u0131l\u0131r. Sava\u015ftan sonra Martinik\u2019e d\u00f6n\u00fcp lise e\u011fitimini tamamlar, Kom\u00fcnist Parti\u2019den milletvekili olacak C\u00e9saire\u2019in kampanyas\u0131n\u0131 destekler. Ard\u0131ndan t\u0131p e\u011fitimi i\u00e7in Fransa\u2019ya, Lyon\u2019a gider. Bir yandan Maurice Merleau-Ponty\u2019nin felsefe derslerini takip eder. 1951\u2019den itibaren psikiyatr olarak \u00e7al\u0131\u015fmaya ba\u015flar. Doktora tezi olarak yazd\u0131\u011f\u0131 Siyah Deri, Beyaz Maskeler \u00fcniversite taraf\u0131ndan kabul edilmez, kitap olarak yay\u0131mlan\u0131r (1952). Cezayir\u2019de \u00e7al\u0131\u015fmaya ba\u015flar ve ba\u011f\u0131ms\u0131zl\u0131k hareketini aktif olarak destekler. Cezayir heyetinin bir par\u00e7as\u0131 olarak Pan-Afrika Kongresi\u2019ne kat\u0131l\u0131r ve Cezayir Devriminin V. Y\u0131l\u0131\u2019n\u0131 yay\u0131mlar (1959). Ge\u00e7ici Cezayir H\u00fck\u00fcmeti\u2019nin b\u00fcy\u00fckel\u00e7isi olarak Gana\u2019ya atan\u0131r, bu d\u00f6nemde Fas ve \u0130talya\u2019da \u00e7e\u015fitli sald\u0131r\u0131lardan kurtulur. 1961\u2019de son eseri Yery\u00fcz\u00fcn\u00fcn Lanetlileri\u2019ni yay\u0131mlar ve 36 ya\u015f\u0131nda l\u00f6semiden hayat\u0131n\u0131 kaybeder. Mezar\u0131 Cezayir\u2019de Ayn Kerma \u015eehitli\u011fi\u2019nde yer al\u0131yor. <\/p>\n","protected":false},"excerpt":{"rendered":"<p>Bir \u00c7inhintli kendine \u00f6zg\u00fc bir k\u00fclt\u00fcr ke\u015ffetti\u011fi i\u00e7in ayaklanmam\u0131\u015ft\u0131r. \u2018Yaln\u0131zca\u2019 bir\u00e7ok bak\u0131mdan art\u0131k soluk alamad\u0131\u011f\u0131 i\u00e7in ayaklanm\u0131\u015ft\u0131r,\u201d diyen Frantz Fanon\u2019un Siyah Deri, Beyaz Maskeler\u2019i ABD\u2019deki Kara<span class=\"excerpt-hellip\"> [\u2026]<\/span><\/p>\n","protected":false},"featured_media":0,"template":"","meta":{"_monsterinsights_skip_tracking":false,"_monsterinsights_sitenote_active":false,"_monsterinsights_sitenote_note":"","_monsterinsights_sitenote_category":0},"product_brand":[],"product_cat":[12358,12357],"product_tag":[],"class_list":{"0":"post-725841","1":"product","2":"type-product","3":"status-publish","5":"product_cat-genel-psikoloji","6":"product_cat-psikoloji","7":"pa_cilt-ciltsiz","8":"pa_tur-kitap","9":"pa_yayinevi-metis-yayinlari","10":"pa_yazar-frantz-fanon","12":"first","13":"instock","14":"sale","15":"shipping-taxable","16":"purchasable","17":"product-type-simple"},"_links":{"self":[{"href":"https:\/\/roveyayinevi.com.tr\/index.php\/wp-json\/wp\/v2\/product\/725841","targetHints":{"allow":["GET"]}}],"collection":[{"href":"https:\/\/roveyayinevi.com.tr\/index.php\/wp-json\/wp\/v2\/product"}],"about":[{"href":"https:\/\/roveyayinevi.com.tr\/index.php\/wp-json\/wp\/v2\/types\/product"}],"wp:attachment":[{"href":"https:\/\/roveyayinevi.com.tr\/index.php\/wp-json\/wp\/v2\/media?parent=725841"}],"wp:term":[{"taxonomy":"product_brand","embeddable":true,"href":"https:\/\/roveyayinevi.com.tr\/index.php\/wp-json\/wp\/v2\/product_brand?post=725841"},{"taxonomy":"product_cat","embeddable":true,"href":"https:\/\/roveyayinevi.com.tr\/index.php\/wp-json\/wp\/v2\/product_cat?post=725841"},{"taxonomy":"product_tag","embeddable":true,"href":"https:\/\/roveyayinevi.com.tr\/index.php\/wp-json\/wp\/v2\/product_tag?post=725841"}],"curies":[{"name":"wp","href":"https:\/\/api.w.org\/{rel}","templated":true}]}}