{"id":725838,"date":"2025-08-27T19:56:41","date_gmt":"2025-08-27T16:56:41","guid":{"rendered":"https:\/\/roveyayinevi.com.tr\/index.php\/urun\/kiraz-agaci\/"},"modified":"2026-04-16T02:33:38","modified_gmt":"2026-04-15T23:33:38","slug":"kiraz-agaci","status":"publish","type":"product","link":"https:\/\/roveyayinevi.com.tr\/index.php\/urun\/kiraz-agaci\/","title":{"rendered":"Kiraz A\u011fac\u0131"},"content":{"rendered":"<p>\u201cTek bir hakk\u0131n olsa, unutmay\u0131 m\u0131 yoksa hat\u0131rlamay\u0131 m\u0131 se\u00e7erdin?\u201d\u201cBir hayat\u0131m vard\u0131, \u00e7\u0131plak bi\u00e7imde g\u00f6rmek istiyorum onu, hangi g\u00f6lgelerin ge\u00e7mi\u015fimde gezindi\u011fini, nereden kopup geldi\u011fimi bilmek istiyorum. R\u00fcyanda g\u00f6rd\u00fc\u011f\u00fcn ki\u015finin kim oldu\u011funu bilmiyorsun, d\u00fc\u015f\u00fcnsene. Kimi niye \u00f6zledi\u011fini anlam\u0131yorsun. Kendin de\u011filsin. Hem asl\u0131nda \u00e7\u0131plak olmasan da biliyorsun. En \u00e7ok unutmak istedi\u011fin, en \u00e7ok hat\u0131rlad\u0131\u011f\u0131n olmuyor mu hep? Hat\u0131rlamak gerekiyor. Yoksa her \u015fey birbirine benzer. D\u00fcnya zaten bir benzerlikten ibaret.\u201dUnutmak i\u00e7in \u00f6nce hat\u0131rlamak gerekiyor; insan, ya\u015fat\u0131lan ac\u0131lar\u0131 hat\u0131rlamal\u0131 ve onlarla y\u00fczle\u015fmeli ki ge\u00e7mi\u015fi geride b\u0131rakabilsin&#8230;Hivda ve Deniz, Korsakoff sendromlu iki gen\u00e7. Zorla unutturulan ge\u00e7mi\u015flerinin, zaman\u0131n dondu\u011fu o karanl\u0131k g\u00fcnden saatin yeniden i\u015flemeye ba\u015flad\u0131\u011f\u0131 g\u00fcne kadar ge\u00e7en s\u00fcrenin, bireysel ve toplumsal belleklerinin pe\u015fine d\u00fc\u015f\u00fcyorlar.G\u00f6k\u00e7er Tahincio\u011flu, ikinci roman\u0131 Kiraz A\u011fac\u0131\u2019nda yak\u0131n tarihimizde a\u00e7\u0131lm\u0131\u015f, kapanmayan a\u011f\u0131r bir yaran\u0131n izlerini s\u00fcr\u00fcyor. Gen\u00e7 ya\u015fta \u00f6lenlerin ruhlar\u0131n\u0131 ta\u015f\u0131yan kiraz a\u011fac\u0131n\u0131n alt\u0131nda daha adil bir d\u00fcnya d\u00fczeni hayali kuran iki dava insan\u0131n\u0131n, her \u015feye ra\u011fmen t\u00fckenmeyen a\u015fk\u0131n\u0131 ve m\u00fccadelesini bir belgesel romanc\u0131 titizli\u011fiyle anlat\u0131yor.<\/p>\n","protected":false},"excerpt":{"rendered":"<p>\u201cTek bir hakk\u0131n olsa, unutmay\u0131 m\u0131 yoksa hat\u0131rlamay\u0131 m\u0131 se\u00e7erdin?\u201d\u201cBir hayat\u0131m vard\u0131, \u00e7\u0131plak bi\u00e7imde g\u00f6rmek istiyorum onu, hangi g\u00f6lgelerin ge\u00e7mi\u015fimde gezindi\u011fini, nereden kopup geldi\u011fimi bilmek istiyorum.<span class=\"excerpt-hellip\"> [\u2026]<\/span><\/p>\n","protected":false},"featured_media":0,"template":"","meta":{"_monsterinsights_skip_tracking":false,"_monsterinsights_sitenote_active":false,"_monsterinsights_sitenote_note":"","_monsterinsights_sitenote_category":0},"product_brand":[],"product_cat":[12291,12711],"product_tag":[],"class_list":{"0":"post-725838","1":"product","2":"type-product","3":"status-publish","5":"product_cat-edebiyat","6":"product_cat-roman-oyku","7":"pa_cilt-ciltsiz","8":"pa_tur-kitap","9":"pa_yayinevi-iletisim-yayinlari","10":"pa_yazar-gokcer-tahincioglu","12":"first","13":"instock","14":"sale","15":"shipping-taxable","16":"purchasable","17":"product-type-simple"},"_links":{"self":[{"href":"https:\/\/roveyayinevi.com.tr\/index.php\/wp-json\/wp\/v2\/product\/725838","targetHints":{"allow":["GET"]}}],"collection":[{"href":"https:\/\/roveyayinevi.com.tr\/index.php\/wp-json\/wp\/v2\/product"}],"about":[{"href":"https:\/\/roveyayinevi.com.tr\/index.php\/wp-json\/wp\/v2\/types\/product"}],"wp:attachment":[{"href":"https:\/\/roveyayinevi.com.tr\/index.php\/wp-json\/wp\/v2\/media?parent=725838"}],"wp:term":[{"taxonomy":"product_brand","embeddable":true,"href":"https:\/\/roveyayinevi.com.tr\/index.php\/wp-json\/wp\/v2\/product_brand?post=725838"},{"taxonomy":"product_cat","embeddable":true,"href":"https:\/\/roveyayinevi.com.tr\/index.php\/wp-json\/wp\/v2\/product_cat?post=725838"},{"taxonomy":"product_tag","embeddable":true,"href":"https:\/\/roveyayinevi.com.tr\/index.php\/wp-json\/wp\/v2\/product_tag?post=725838"}],"curies":[{"name":"wp","href":"https:\/\/api.w.org\/{rel}","templated":true}]}}