{"id":725830,"date":"2025-08-27T19:56:34","date_gmt":"2025-08-27T16:56:34","guid":{"rendered":"https:\/\/roveyayinevi.com.tr\/index.php\/urun\/kaygili-insanin-buyuk-aktivite-kitabi\/"},"modified":"2026-04-11T13:51:51","modified_gmt":"2026-04-11T10:51:51","slug":"kaygili-insanin-buyuk-aktivite-kitabi","status":"publish","type":"product","link":"https:\/\/roveyayinevi.com.tr\/index.php\/urun\/kaygili-insanin-buyuk-aktivite-kitabi\/","title":{"rendered":"Kayg\u0131l\u0131 \u0130nsan\u0131n B\u00fcy\u00fck Aktivite Kitab\u0131"},"content":{"rendered":"<p>SAYIN KAYGILI \u0130NSANSelam!\u00d6ncelikle, rahatla. (\u0130nsanlar\u0131n sana rahatlaman\u0131 s\u00f6ylemesi harika de\u011fil mi?! Bizce de \u00f6yle! Her zaman i\u015fe yarar.) D\u00fc\u015f\u00fcnme konusunda a\u015f\u0131r\u0131ya ka\u00e7t\u0131\u011f\u0131n uykusuz gecelerle dolu bir hayata mahkum de\u011filsin. Asl\u0131nda tamamen normalsin. Normal olmayan kim, biliyor musun? Sosyal medyada g\u00f6rd\u00fc\u011f\u00fcn, her biri reklam filmlerinden f\u0131rlam\u0131\u015fa benzeyen, mutluluktan parlayan gams\u0131z insanlar. Ger\u00e7ek\u00e7i olal\u0131m. O kadar \u00e7ok g\u00fclen birinin mutlaka saklad\u0131\u011f\u0131 bir \u015fey vard\u0131r; mesela hayat\u0131 fel\u00e7 eden kayg\u0131.Kayg\u0131, g\u00fcn\u00fcm\u00fczdeki insanl\u0131k deneyiminin basit bir par\u00e7as\u0131: Yozla\u015fm\u0131\u015f iktidar yap\u0131lar\u0131, tarifi imkans\u0131z bir \u015fiddet, do\u011fal felaketler ve k\u00fcmele\u015fen dijital d\u00fcnyadaki ondal\u0131k kesirlerin a\u00e7\u0131klamas\u0131n\u0131 yapan istatistiklerin y\u00fczdesi \u00fczerine zafer kazanm\u0131\u015f\u00e7as\u0131na tamamlad\u0131\u011f\u0131n PowerPoint sunumundan sonra di\u015flerinin aras\u0131nda ye\u015fil bir \u015fey oldu\u011funu fark etmen. Al sana ger\u00e7ek: Tan\u0131d\u0131\u011f\u0131n herkes di\u015flerinin aras\u0131nda ye\u015fil bir \u015fey olmas\u0131ndan kayg\u0131lan\u0131yor. Buna psikoloji diyoruz.Kayg\u0131n ister profesyonel yard\u0131ma ihtiya\u00e7 duyman\u0131 gerektirecek kadar yo\u011fun olsun -ki bu durumda yard\u0131m istedi\u011fin i\u00e7in tebrikler- ister g\u00fcnlerini tam bir y\u0131k\u0131m ya\u015famadan tamamlamana olanak tan\u0131yacak kadar hafif olsun -ki seni yine tebrik ederiz- bu kitap tam sana g\u00f6re. Kendini daha az yaln\u0131z hissetmeni sa\u011flayacak, sana ilham verecek, korkular\u0131n\u0131 g\u00fclerek a\u015fman\u0131 sa\u011flayacak ve sabah\u0131n \u00fc\u00e7\u00fcnde g\u00f6zlerin fal ta\u015f\u0131 gibi a\u00e7\u0131k bir halde e-postan\u0131n bilgi k\u0131sm\u0131na \u201cDo\u011fru Ahmet Bey\u2019i mi koydum acaba?\u201d diye endi\u015felenirken (do\u011fru ki\u015fidir, muhtemelen) ne yapman gerekti\u011fi konusunda sana yard\u0131mc\u0131 olacak sayfalar dolusu aktivitemiz var.<\/p>\n","protected":false},"excerpt":{"rendered":"<p>SAYIN KAYGILI \u0130NSANSelam!\u00d6ncelikle, rahatla. (\u0130nsanlar\u0131n sana rahatlaman\u0131 s\u00f6ylemesi harika de\u011fil mi?! Bizce de \u00f6yle! Her zaman i\u015fe yarar.) D\u00fc\u015f\u00fcnme konusunda a\u015f\u0131r\u0131ya ka\u00e7t\u0131\u011f\u0131n uykusuz gecelerle dolu bir<span class=\"excerpt-hellip\"> [\u2026]<\/span><\/p>\n","protected":false},"featured_media":0,"template":"","meta":{"_monsterinsights_skip_tracking":false,"_monsterinsights_sitenote_active":false,"_monsterinsights_sitenote_note":"","_monsterinsights_sitenote_category":0},"product_brand":[],"product_cat":[12364,12376],"product_tag":[],"class_list":{"0":"post-725830","1":"product","2":"type-product","3":"status-publish","5":"product_cat-genel-konular","6":"product_cat-kisisel-gelisim","7":"pa_cilt-ciltsiz","8":"pa_tur-kitap","9":"pa_yayinevi-okuyan-us-yayin","10":"pa_yazar-jordan-reid-erin-williams","12":"first","13":"instock","14":"sale","15":"shipping-taxable","16":"purchasable","17":"product-type-simple"},"_links":{"self":[{"href":"https:\/\/roveyayinevi.com.tr\/index.php\/wp-json\/wp\/v2\/product\/725830","targetHints":{"allow":["GET"]}}],"collection":[{"href":"https:\/\/roveyayinevi.com.tr\/index.php\/wp-json\/wp\/v2\/product"}],"about":[{"href":"https:\/\/roveyayinevi.com.tr\/index.php\/wp-json\/wp\/v2\/types\/product"}],"wp:attachment":[{"href":"https:\/\/roveyayinevi.com.tr\/index.php\/wp-json\/wp\/v2\/media?parent=725830"}],"wp:term":[{"taxonomy":"product_brand","embeddable":true,"href":"https:\/\/roveyayinevi.com.tr\/index.php\/wp-json\/wp\/v2\/product_brand?post=725830"},{"taxonomy":"product_cat","embeddable":true,"href":"https:\/\/roveyayinevi.com.tr\/index.php\/wp-json\/wp\/v2\/product_cat?post=725830"},{"taxonomy":"product_tag","embeddable":true,"href":"https:\/\/roveyayinevi.com.tr\/index.php\/wp-json\/wp\/v2\/product_tag?post=725830"}],"curies":[{"name":"wp","href":"https:\/\/api.w.org\/{rel}","templated":true}]}}