{"id":725824,"date":"2025-08-27T19:56:22","date_gmt":"2025-08-27T16:56:22","guid":{"rendered":"https:\/\/roveyayinevi.com.tr\/index.php\/urun\/modern-kahramanlarin-mitolojik-yolculugu\/"},"modified":"2026-04-16T02:33:38","modified_gmt":"2026-04-15T23:33:38","slug":"modern-kahramanlarin-mitolojik-yolculugu","status":"publish","type":"product","link":"https:\/\/roveyayinevi.com.tr\/index.php\/urun\/modern-kahramanlarin-mitolojik-yolculugu\/","title":{"rendered":"Modern Kahramanlar\u0131n Mitolojik Yolculu\u011fu"},"content":{"rendered":"<p>\u0130nsan\u0131n varolu\u015fu bir yolculuk anlat\u0131s\u0131d\u0131r: Cennette ba\u015flayan \u201cdo\u011fum\u201d, d\u00fcnya hayat\u0131yla devam eden \u201cerginlenme\u201d ve ahirete intikal \u201cd\u00f6n\u00fc\u015f\u201d\u2026 Sonras\u0131 insan i\u00e7in me\u00e7hul; mutlak bilginin sahibine mal\u00fbm\u2026 Adam\u2019\u0131 yarat\u0131p yery\u00fcz\u00fcne erginlenmeye g\u00f6nderdi\u011fini ve yeniden kendisine d\u00f6nd\u00fcrece\u011fini anlatan Tanr\u0131, \u201cyolculuk\u201d hik\u00e2yesinin \u201cilk anlat\u0131c\u0131s\u0131\u201dd\u0131r. Mitoloji \u00e7a\u011f\u0131nda insan, bu Tanr\u0131sal anlat\u0131n\u0131n taklit\u00e7isidir; b\u00fct\u00fcn bir mitoloji, yolculuk hik\u00e2yeleriyle doludur. Mitolojinin \u201cedebiyat\u201da evrilmesi, Tanr\u0131 dili yerine \u201cinsan dili\u201dni almas\u0131 demektir. Dildeki bu de\u011fi\u015fmeye ra\u011fmen \u201cyolculuk\u201d \u00f6yk\u00fcs\u00fc ve i\u00e7eri\u011fi kimi zaman k\u0131l\u0131k de\u011fi\u015ftirse de edebiyattaki yerini korumaktad\u0131r. Roman, bu anlat\u0131ya en elveri\u015fli t\u00fcrlerdendir. Elinizdeki kitapta, ad\u0131ndan \u00e7ok s\u00f6z edilmi\u015f Huzur, Aylak Adam, Tutunamayanlar ve Yeni Hayat romanlar\u0131 bu yolculuk anlat\u0131s\u0131 bak\u0131m\u0131ndan incelenmi\u015ftir. Tiyatro t\u00fcr\u00fc de bir \u201c\u00f6yk\u00fc\u201d i\u00e7ermesi bak\u0131m\u0131ndan \u201cyolculuk\u201d anlat\u0131s\u0131na elveri\u015flidir. Bu ba\u011flamda, Azerbaycan T\u00fcrk edebiyat\u0131n\u0131n en \u015f\u00f6hretli kalemlerinden Bahtiyar Vahapz\u00e2de\u2019ye ait tiyatro eserlerinin bu y\u00f6nden tahlili yap\u0131lm\u0131\u015ft\u0131r. Modern \u015fiir, \u201canlat\u0131\u201d y\u00f6n\u00fc zay\u0131f olsa da \u201cTanr\u0131 dili\u201dne en yak\u0131n t\u00fcrd\u00fcr. B\u00fcy\u00fck T\u00fcrk \u015fairi Yahya Kem\u00e2l Beyatl\u0131\u2019n\u0131n \u201cRindler \u00dc\u00e7lemesi\u201d olarak bilinen \u015fiirlerinin incelenmesi bu \u00e7al\u0131\u015fmaya bu d\u00fc\u015f\u00fcnceyle d\u00e2hil edilmi\u015ftir.<\/p>\n","protected":false},"excerpt":{"rendered":"<p>\u0130nsan\u0131n varolu\u015fu bir yolculuk anlat\u0131s\u0131d\u0131r: Cennette ba\u015flayan \u201cdo\u011fum\u201d, d\u00fcnya hayat\u0131yla devam eden \u201cerginlenme\u201d ve ahirete intikal \u201cd\u00f6n\u00fc\u015f\u201d\u2026 Sonras\u0131 insan i\u00e7in me\u00e7hul; mutlak bilginin sahibine mal\u00fbm\u2026 Adam\u2019\u0131<span class=\"excerpt-hellip\"> [\u2026]<\/span><\/p>\n","protected":false},"featured_media":0,"template":"","meta":{"_monsterinsights_skip_tracking":false,"_monsterinsights_sitenote_active":false,"_monsterinsights_sitenote_note":"","_monsterinsights_sitenote_category":0},"product_brand":[],"product_cat":[12291,12711],"product_tag":[],"class_list":{"0":"post-725824","1":"product","2":"type-product","3":"status-publish","5":"product_cat-edebiyat","6":"product_cat-roman-oyku","7":"pa_cilt-ciltsiz","8":"pa_tur-kitap","9":"pa_yayinevi-otuken-nesriyat","10":"pa_yazar-mumtaz-saricicek","12":"first","13":"instock","14":"sale","15":"shipping-taxable","16":"purchasable","17":"product-type-simple"},"_links":{"self":[{"href":"https:\/\/roveyayinevi.com.tr\/index.php\/wp-json\/wp\/v2\/product\/725824","targetHints":{"allow":["GET"]}}],"collection":[{"href":"https:\/\/roveyayinevi.com.tr\/index.php\/wp-json\/wp\/v2\/product"}],"about":[{"href":"https:\/\/roveyayinevi.com.tr\/index.php\/wp-json\/wp\/v2\/types\/product"}],"wp:attachment":[{"href":"https:\/\/roveyayinevi.com.tr\/index.php\/wp-json\/wp\/v2\/media?parent=725824"}],"wp:term":[{"taxonomy":"product_brand","embeddable":true,"href":"https:\/\/roveyayinevi.com.tr\/index.php\/wp-json\/wp\/v2\/product_brand?post=725824"},{"taxonomy":"product_cat","embeddable":true,"href":"https:\/\/roveyayinevi.com.tr\/index.php\/wp-json\/wp\/v2\/product_cat?post=725824"},{"taxonomy":"product_tag","embeddable":true,"href":"https:\/\/roveyayinevi.com.tr\/index.php\/wp-json\/wp\/v2\/product_tag?post=725824"}],"curies":[{"name":"wp","href":"https:\/\/api.w.org\/{rel}","templated":true}]}}