{"id":725817,"date":"2025-08-27T19:56:17","date_gmt":"2025-08-27T16:56:17","guid":{"rendered":"https:\/\/roveyayinevi.com.tr\/index.php\/urun\/insan-nedir\/"},"modified":"2026-04-16T02:33:38","modified_gmt":"2026-04-15T23:33:38","slug":"insan-nedir","status":"publish","type":"product","link":"https:\/\/roveyayinevi.com.tr\/index.php\/urun\/insan-nedir\/","title":{"rendered":"\u0130nsan Nedir?"},"content":{"rendered":"<p>Mark Twain, \u0130nsan Nedir? kitab\u0131nda insanl\u0131\u011f\u0131n tarih boyunca ge\u00e7irdi\u011fi evreleri anlat\u0131yor ve ahlaka, eti\u011fe, ya\u015fama ve \u00f6l\u00fcme dair ufuk a\u00e7\u0131c\u0131 g\u00f6r\u00fc\u015fler \u00f6ne s\u00fcr\u00fcyor. \u0130nsan olman\u0131n ne anlama geldi\u011fini, ya\u015fl\u0131 ve gen\u00e7 iki adam\u0131n sohbetiyle yeniden hat\u0131rlayacaks\u0131n\u0131z.<\/p>\n","protected":false},"excerpt":{"rendered":"<p>Mark Twain, \u0130nsan Nedir? kitab\u0131nda insanl\u0131\u011f\u0131n tarih boyunca ge\u00e7irdi\u011fi evreleri anlat\u0131yor ve ahlaka, eti\u011fe, ya\u015fama ve \u00f6l\u00fcme dair ufuk a\u00e7\u0131c\u0131 g\u00f6r\u00fc\u015fler \u00f6ne s\u00fcr\u00fcyor. \u0130nsan olman\u0131n ne<span class=\"excerpt-hellip\"> [\u2026]<\/span><\/p>\n","protected":false},"featured_media":0,"template":"","meta":{"_monsterinsights_skip_tracking":false,"_monsterinsights_sitenote_active":false,"_monsterinsights_sitenote_note":"","_monsterinsights_sitenote_category":0},"product_brand":[],"product_cat":[12291,12711],"product_tag":[],"class_list":{"0":"post-725817","1":"product","2":"type-product","3":"status-publish","5":"product_cat-edebiyat","6":"product_cat-roman-oyku","7":"pa_cilt-ciltsiz","8":"pa_tur-kitap","9":"pa_yayinevi-turkuvaz-kitap","10":"pa_yazar-mark-twain","12":"first","13":"instock","14":"sale","15":"shipping-taxable","16":"purchasable","17":"product-type-simple"},"_links":{"self":[{"href":"https:\/\/roveyayinevi.com.tr\/index.php\/wp-json\/wp\/v2\/product\/725817","targetHints":{"allow":["GET"]}}],"collection":[{"href":"https:\/\/roveyayinevi.com.tr\/index.php\/wp-json\/wp\/v2\/product"}],"about":[{"href":"https:\/\/roveyayinevi.com.tr\/index.php\/wp-json\/wp\/v2\/types\/product"}],"wp:attachment":[{"href":"https:\/\/roveyayinevi.com.tr\/index.php\/wp-json\/wp\/v2\/media?parent=725817"}],"wp:term":[{"taxonomy":"product_brand","embeddable":true,"href":"https:\/\/roveyayinevi.com.tr\/index.php\/wp-json\/wp\/v2\/product_brand?post=725817"},{"taxonomy":"product_cat","embeddable":true,"href":"https:\/\/roveyayinevi.com.tr\/index.php\/wp-json\/wp\/v2\/product_cat?post=725817"},{"taxonomy":"product_tag","embeddable":true,"href":"https:\/\/roveyayinevi.com.tr\/index.php\/wp-json\/wp\/v2\/product_tag?post=725817"}],"curies":[{"name":"wp","href":"https:\/\/api.w.org\/{rel}","templated":true}]}}