{"id":725803,"date":"2025-08-27T19:56:06","date_gmt":"2025-08-27T16:56:06","guid":{"rendered":"https:\/\/roveyayinevi.com.tr\/index.php\/urun\/istiklal-harbinde-iranli-bir-subayin-anilari\/"},"modified":"2026-04-16T02:33:37","modified_gmt":"2026-04-15T23:33:37","slug":"istiklal-harbinde-iranli-bir-subayin-anilari","status":"publish","type":"product","link":"https:\/\/roveyayinevi.com.tr\/index.php\/urun\/istiklal-harbinde-iranli-bir-subayin-anilari\/","title":{"rendered":"\u0130stiklal Harbi\u2019nde \u0130ranl\u0131 Bir Subay\u0131n An\u0131lar\u0131"},"content":{"rendered":"<p>\u0130ST\u0130KL\u00c2L HARB\u0130\u2019NDE B\u0130R \u0130RANLI:SEYY\u0130D AHMED CANPULAD\u2026Bir\u00e7ok cephede ger\u00e7ekle\u015fmi\u015f olan T\u00fcrk \u0130stikl\u00e2l Harbi, farkl\u0131 milletlerden insanlar\u0131 bir araya getirmi\u015ftir. Nas\u0131l ki d\u00fc\u015fman kuvvetlerinin birliklerinde farkl\u0131 \u00fclkelerin askerleri yer alabildiyse, T\u00fcrk ordusunda da yak\u0131n co\u011frafyan\u0131n askerleri yer bulmu\u015ftur. Bunlardan biri de \u0130stikl\u00e2l Harbi boyunca T\u00fcrk Ordusu\u2019nda m\u00fclaz\u0131m-\u0131 sani (te\u011fmen) ve m\u00fclaz\u0131m-\u0131 evvel (\u00fcste\u011fmen) olarak hizmet vermi\u015f olan \u0130ranl\u0131 Seyyid Ahmed Canpulad\u2019d\u0131r. \u0130kinci \u0130n\u00f6n\u00fc Muharebesi\u2019nden sonra grup kararg\u00e2h\u0131na al\u0131nan Canpulad, B\u00fcy\u00fck Taarruz\u2019da da bir subay olarak yer alarak Milli M\u00fccadale\u2019ye kalbinden tan\u0131kl\u0131k etmi\u015ftir.1900 y\u0131l\u0131nda \u0130zmir\u2019de do\u011fan ve Kuleli Askeri \u0130dadisi\u2019nde e\u011fitim g\u00f6ren Canpulad, \u0130stikl\u00e2l Harbi\u2019nden sonra \u0130ran\u2019a giderek orada albayl\u0131\u011fa (serheng) kadar y\u00fckselmi\u015ftir. \u0130stikl\u00e2l Harbi\u2019nin yan\u0131 s\u0131ra \u0130ran Ordusu ile T\u00fcrkmensahra Harek\u00e2t\u0131, Luristan Harek\u00e2t\u0131, Senger-\u015eeyh Harek\u00e2t\u0131 ve II. D\u00fcnya Sava\u015f\u0131 s\u0131ras\u0131nda Rus ve \u0130ngilizlerin i\u015fgal etti\u011fi G\u00fcney Azerbaycan\u2019da da sava\u015fm\u0131\u015ft\u0131r. 12 Temmuz 1949 y\u0131l\u0131nda albayl\u0131ktan emekli olmu\u015f ve 20 Mart 1998 tarihinde vefat etmi\u015ftir. Elinizdeki \u00e7al\u0131\u015fma, T\u00fcrk-\u0130ran tarihinin \u00e7e\u015fitli safhalar\u0131 hakk\u0131nda \u00e7al\u0131\u015fmalar yapan Mehmet \u00c7al\u0131\u015fkan\u2019\u0131n gayretleriyle ortaya \u00e7\u0131karken, \u0130stikl\u00e2l Harbi tarihimize farkl\u0131 bir pencereden bakabilme imk\u00e2n\u0131 sa\u011flamas\u0131yla da \u00f6nem arz ediyor. Yabanc\u0131 k\u00f6kenli askerlerin Milli M\u00fccadele\u2019ye katk\u0131s\u0131 konusunda \u00e7ok az say\u0131da belge ve hat\u0131rat vard\u0131r. Seyyid Canbulad\u2019\u0131n an\u0131lar\u0131 bu noktada \u00e7ok \u00f6nem kazan\u0131yor. Sat\u0131r aralar\u0131nda Milli M\u00fccadeleye dair \u00e7ok ilgi \u00e7ekici ve \u00f6nemli ayr\u0131nt\u0131lar sunan \u201c\u0130stikl\u00e2l Harbi\u2019nde \u0130ranl\u0131 Bir Subay\u0131n An\u0131lar\u0131\u201d, t\u00fcm okuyucular\u0131 cephe gerisinden sava\u015f hatt\u0131na dek T\u00fcrk ordusunun pe\u015finden heyecanla s\u00fcr\u00fckl\u00fcyor.<span>Tan\u0131t\u0131m Metni<\/span>&lt;\/im<\/p>\n","protected":false},"excerpt":{"rendered":"<p>\u0130ST\u0130KL\u00c2L HARB\u0130\u2019NDE B\u0130R \u0130RANLI:SEYY\u0130D AHMED CANPULAD\u2026Bir\u00e7ok cephede ger\u00e7ekle\u015fmi\u015f olan T\u00fcrk \u0130stikl\u00e2l Harbi, farkl\u0131 milletlerden insanlar\u0131 bir araya getirmi\u015ftir. Nas\u0131l ki d\u00fc\u015fman kuvvetlerinin birliklerinde farkl\u0131 \u00fclkelerin askerleri<span class=\"excerpt-hellip\"> [\u2026]<\/span><\/p>\n","protected":false},"featured_media":0,"template":"","meta":{"_monsterinsights_skip_tracking":false,"_monsterinsights_sitenote_active":false,"_monsterinsights_sitenote_note":"","_monsterinsights_sitenote_category":0},"product_brand":[],"product_cat":[12304,13493],"product_tag":[],"class_list":{"0":"post-725803","1":"product","2":"type-product","3":"status-publish","5":"product_cat-tarih","6":"product_cat-turkiye-ve-cumhuriyet-tarihi","7":"pa_cilt-ciltsiz","8":"pa_tur-kitap","9":"pa_yayinevi-kronik-kitap","10":"pa_yazar-seyyid-ahmed-canpulad","12":"first","13":"instock","14":"sale","15":"shipping-taxable","16":"purchasable","17":"product-type-simple"},"_links":{"self":[{"href":"https:\/\/roveyayinevi.com.tr\/index.php\/wp-json\/wp\/v2\/product\/725803","targetHints":{"allow":["GET"]}}],"collection":[{"href":"https:\/\/roveyayinevi.com.tr\/index.php\/wp-json\/wp\/v2\/product"}],"about":[{"href":"https:\/\/roveyayinevi.com.tr\/index.php\/wp-json\/wp\/v2\/types\/product"}],"wp:attachment":[{"href":"https:\/\/roveyayinevi.com.tr\/index.php\/wp-json\/wp\/v2\/media?parent=725803"}],"wp:term":[{"taxonomy":"product_brand","embeddable":true,"href":"https:\/\/roveyayinevi.com.tr\/index.php\/wp-json\/wp\/v2\/product_brand?post=725803"},{"taxonomy":"product_cat","embeddable":true,"href":"https:\/\/roveyayinevi.com.tr\/index.php\/wp-json\/wp\/v2\/product_cat?post=725803"},{"taxonomy":"product_tag","embeddable":true,"href":"https:\/\/roveyayinevi.com.tr\/index.php\/wp-json\/wp\/v2\/product_tag?post=725803"}],"curies":[{"name":"wp","href":"https:\/\/api.w.org\/{rel}","templated":true}]}}

İstiklal Harbi’nde İranlı Bir Subayın Anıları

<p>İSTİKLÂL HARBİ’NDE BİR İRANLI:SEYYİD AHMED CANPULAD…Birçok cephede gerçekleşmiş olan Türk İstiklâl Harbi, farklı milletlerden insanları bir araya getirmiştir. Nasıl ki düşman kuvvetlerinin birliklerinde farklı ülkelerin askerleri yer alabildiyse, Türk ordusunda da yakın coğrafyanın askerleri yer bulmuştur. Bunlardan biri de İstiklâl Harbi boyunca Türk Ordusu’nda mülazım-ı sani (teğmen) ve mülazım-ı evvel (üsteğmen) olarak hizmet vermiş olan İranlı Seyyid Ahmed Canpulad’dır. İkinci İnönü Muharebesi’nden sonra grup karargâhına alınan Canpulad, Büyük Taarruz’da da bir subay olarak yer alarak Milli Mücadale’ye kalbinden tanıklık etmiştir.1900 yılında İzmir’de doğan ve Kuleli Askeri İdadisi’nde eğitim gören Canpulad, İstiklâl Harbi’nden sonra İran’a giderek orada albaylığa (serheng) kadar yükselmiştir. İstiklâl Harbi’nin yanı sıra İran Ordusu ile Türkmensahra Harekâtı, Luristan Harekâtı, Senger-Şeyh Harekâtı ve II. Dünya Savaşı sırasında Rus ve İngilizlerin işgal ettiği Güney Azerbaycan’da da savaşmıştır. 12 Temmuz 1949 yılında albaylıktan emekli olmuş ve 20 Mart 1998 tarihinde vefat etmiştir. Elinizdeki çalışma, Türk-İran tarihinin çeşitli safhaları hakkında çalışmalar yapan Mehmet Çalışkan’ın gayretleriyle ortaya çıkarken, İstiklâl Harbi tarihimize farklı bir pencereden bakabilme imkânı sağlamasıyla da önem arz ediyor. Yabancı kökenli askerlerin Milli Mücadele’ye katkısı konusunda çok az sayıda belge ve hatırat vardır. Seyyid Canbulad’ın anıları bu noktada çok önem kazanıyor. Satır aralarında Milli Mücadeleye dair çok ilgi çekici ve önemli ayrıntılar sunan “İstiklâl Harbi’nde İranlı Bir Subayın Anıları”, tüm okuyucuları cephe gerisinden savaş hattına dek Türk ordusunun peşinden heyecanla sürüklüyor.<span>Tanıtım Metni</span>&lt;/im</p>

<p>İSTİKLÂL HARBİ’NDE BİR İRANLI:SEYYİD AHMED CANPULAD…Birçok cephede gerçekleşmiş olan Türk İstiklâl Harbi, farklı milletlerden insanları bir araya getirmiştir. Nasıl ki düşman kuvvetlerinin birliklerinde farklı ülkelerin askerleri<span class="excerpt-hellip"> […]</span></p>
