{"id":725796,"date":"2025-08-27T19:56:01","date_gmt":"2025-08-27T16:56:01","guid":{"rendered":"https:\/\/roveyayinevi.com.tr\/index.php\/urun\/balkan-savaslarindaki-mezalimler\/"},"modified":"2026-04-16T02:33:37","modified_gmt":"2026-04-15T23:33:37","slug":"balkan-savaslarindaki-mezalimler","status":"publish","type":"product","link":"https:\/\/roveyayinevi.com.tr\/index.php\/urun\/balkan-savaslarindaki-mezalimler\/","title":{"rendered":"Balkan sava\u015f&#8217;lar\u0131ndaki Mezalimler"},"content":{"rendered":"<p>De\u011fil insanlar\u0131n, yery\u00fcz\u00fcndeki b\u00fct\u00fcn canl\u0131lar\u0131n ya\u015fama haklar\u0131n\u0131 ac\u0131ya bo\u011fan her hareket insanl\u0131k su\u00e7udur. Su\u00e7un insanlara atfedilmi\u015f olmas\u0131 ise insanl\u0131\u011f\u0131n bir ay\u0131b\u0131d\u0131r. Ay\u0131b\u0131ndan utanmay\u0131p ge\u00e7mi\u015ften g\u00fcn\u00fcm\u00fcze bunu s\u00fcrd\u00fcren \u2018\u2019insano\u011flu\u2019\u2019, yery\u00fcz\u00fcn\u00fc g\u00fczel renklerle resmetmek isteyen sanat\u00e7\u0131 ruhlara haliyle kan\u0131n k\u0131rm\u0131z\u0131s\u0131ndan ba\u015fka renk sunmamaktad\u0131r. Bu insanl\u0131k su\u00e7lar\u0131ndan biri Balkan Sava\u015flar\u0131 s\u0131ras\u0131nda i\u015flenmi\u015ftir.T\u00fcrklerin ebedi yurdu olan Anadolu\u2019nun g\u00f6nl\u00fcn\u00fc Balkan co\u011frafyas\u0131na ak\u0131tan bir g\u00f6n\u00fcl ba\u011f\u0131 daima var olmu\u015ftur. Sebebi Balkanlar\u0131n y\u00fczy\u0131llarca T\u00fcrk topra\u011f\u0131 olmas\u0131, Anadolu\u2019yu yurt yapanlar\u0131n onu ata yadigar\u0131 olarak b\u0131rakmas\u0131d\u0131r. Bu co\u011frafyada, s\u00f6z\u00fcm ona &#8220;medeni\u2019\u2019 denilen \u00fclkelerin g\u00f6zleri \u00f6n\u00fcnde T\u00fcrk-M\u00fcsl\u00fcman halka bir k\u0131y\u0131m uygulanm\u0131\u015f ve T\u00fcrk k\u00fclt\u00fcr\u00fcn\u00fcn izleri silinmeye \u00e7al\u0131\u015f\u0131lm\u0131\u015ft\u0131r. Bu insanl\u0131k su\u00e7undan dolay\u0131 gelincik \u00e7i\u00e7e\u011fi gibi narin k\u0131zlar, analar sava\u015f\u0131n k\u0131z\u0131ll\u0131\u011f\u0131nda bo\u011fulup gitmi\u015flerdir.Macar T\u00fcrkolog Gyula M\u0117sz\u00e1ros, bu eseri ile T\u00fcrk tarihinin en hazin tablolar\u0131ndan birini tek renkle resmetmek zorunda kalm\u0131\u015ft\u0131r.\u0130nsan olan herkesin kalbinde bir s\u0131z\u0131 b\u0131rakacak olan bu k\u0131y\u0131mdan ders al\u0131nmas\u0131, yery\u00fcz\u00fcn\u00fcn tabiat anan\u0131n b\u00fct\u00fcn g\u00fczel renkleriyle bezenmesi ve ata yadigar\u0131 bu topraklardan \u00e7\u0131kt\u0131ktan sonra Anadolu\u2019nun k\u0131ymetini her daim takdir edebilme hissiyat\u0131 vermesi dile\u011fiyle\u2026<\/p>\n","protected":false},"excerpt":{"rendered":"<p>De\u011fil insanlar\u0131n, yery\u00fcz\u00fcndeki b\u00fct\u00fcn canl\u0131lar\u0131n ya\u015fama haklar\u0131n\u0131 ac\u0131ya bo\u011fan her hareket insanl\u0131k su\u00e7udur. Su\u00e7un insanlara atfedilmi\u015f olmas\u0131 ise insanl\u0131\u011f\u0131n bir ay\u0131b\u0131d\u0131r. Ay\u0131b\u0131ndan utanmay\u0131p ge\u00e7mi\u015ften g\u00fcn\u00fcm\u00fcze bunu<span class=\"excerpt-hellip\"> [\u2026]<\/span><\/p>\n","protected":false},"featured_media":0,"template":"","meta":{"_monsterinsights_skip_tracking":false,"_monsterinsights_sitenote_active":false,"_monsterinsights_sitenote_note":"","_monsterinsights_sitenote_category":0},"product_brand":[],"product_cat":[12304,13650],"product_tag":[],"class_list":{"0":"post-725796","1":"product","2":"type-product","3":"status-publish","5":"product_cat-tarih","6":"product_cat-turk-tarihi-arastirmalari","7":"pa_cilt-ciltsiz","8":"pa_tur-kitap","9":"pa_yayinevi-astana-yayinlari","10":"pa_yazar-gyula-meszaros","12":"first","13":"instock","14":"sale","15":"shipping-taxable","16":"purchasable","17":"product-type-simple"},"_links":{"self":[{"href":"https:\/\/roveyayinevi.com.tr\/index.php\/wp-json\/wp\/v2\/product\/725796","targetHints":{"allow":["GET"]}}],"collection":[{"href":"https:\/\/roveyayinevi.com.tr\/index.php\/wp-json\/wp\/v2\/product"}],"about":[{"href":"https:\/\/roveyayinevi.com.tr\/index.php\/wp-json\/wp\/v2\/types\/product"}],"wp:attachment":[{"href":"https:\/\/roveyayinevi.com.tr\/index.php\/wp-json\/wp\/v2\/media?parent=725796"}],"wp:term":[{"taxonomy":"product_brand","embeddable":true,"href":"https:\/\/roveyayinevi.com.tr\/index.php\/wp-json\/wp\/v2\/product_brand?post=725796"},{"taxonomy":"product_cat","embeddable":true,"href":"https:\/\/roveyayinevi.com.tr\/index.php\/wp-json\/wp\/v2\/product_cat?post=725796"},{"taxonomy":"product_tag","embeddable":true,"href":"https:\/\/roveyayinevi.com.tr\/index.php\/wp-json\/wp\/v2\/product_tag?post=725796"}],"curies":[{"name":"wp","href":"https:\/\/api.w.org\/{rel}","templated":true}]}}