{"id":725787,"date":"2025-08-27T19:55:54","date_gmt":"2025-08-27T16:55:54","guid":{"rendered":"https:\/\/roveyayinevi.com.tr\/index.php\/urun\/her-sey-icat-edilmis-midir-merak-ediyorum-da\/"},"modified":"2026-04-16T02:33:37","modified_gmt":"2026-04-15T23:33:37","slug":"her-sey-icat-edilmis-midir-merak-ediyorum-da","status":"publish","type":"product","link":"https:\/\/roveyayinevi.com.tr\/index.php\/urun\/her-sey-icat-edilmis-midir-merak-ediyorum-da\/","title":{"rendered":"Her \u015eey \u0130cat Edilmi\u015f midir? &#8211; Merak Ediyorum da"},"content":{"rendered":"<p>Merak Ediyorum da Her \u015eey \u0130cat Edilmi\u015f midir?Ve icatlarla ilgili di\u011fer sorular\u0131n yan\u0131tlar\u0131Gen\u00e7 zihinleri me\u015fgul eden binlerce soru, renkli \u00e7izimler, karikat\u00fcrler ve sade anlat\u0131mlarlaMerak Ediyorum da\u00bb serisinin kitaplar\u0131nda yan\u0131tlan\u0131yor.Mucitlerin icatlar\u0131n\u0131 nas\u0131l bulduklar\u0131n\u0131 merak ediyor musunuz?Oyuncak ay\u0131dan arabaya, kahvalt\u0131l\u0131k gevrekten fermuara, ya\u011fmurluktan pipete, foto\u011fraf makinesinden uzay robotuna kadar bir\u00e7ok icad\u0131n hik\u00e2yesini bu kitapta okuyabilirsiniz<\/p>\n","protected":false},"excerpt":{"rendered":"<p>Merak Ediyorum da Her \u015eey \u0130cat Edilmi\u015f midir?Ve icatlarla ilgili di\u011fer sorular\u0131n yan\u0131tlar\u0131Gen\u00e7 zihinleri me\u015fgul eden binlerce soru, renkli \u00e7izimler, karikat\u00fcrler ve sade anlat\u0131mlarlaMerak Ediyorum da\u00bb<span class=\"excerpt-hellip\"> [\u2026]<\/span><\/p>\n","protected":false},"featured_media":0,"template":"","meta":{"_monsterinsights_skip_tracking":false,"_monsterinsights_sitenote_active":false,"_monsterinsights_sitenote_note":"","_monsterinsights_sitenote_category":0},"product_brand":[],"product_cat":[13829,12274],"product_tag":[],"class_list":{"0":"post-725787","1":"product","2":"type-product","3":"status-publish","5":"product_cat-bilimsel-kitaplar","6":"product_cat-cocuk-ve-genclik-kitaplari","7":"pa_cilt-ciltli","8":"pa_tur-kitap","9":"pa_yayinevi-beyaz-balina-yayinlari","10":"pa_yazar-barbara-taylor","12":"first","13":"instock","14":"sale","15":"shipping-taxable","16":"purchasable","17":"product-type-simple"},"_links":{"self":[{"href":"https:\/\/roveyayinevi.com.tr\/index.php\/wp-json\/wp\/v2\/product\/725787","targetHints":{"allow":["GET"]}}],"collection":[{"href":"https:\/\/roveyayinevi.com.tr\/index.php\/wp-json\/wp\/v2\/product"}],"about":[{"href":"https:\/\/roveyayinevi.com.tr\/index.php\/wp-json\/wp\/v2\/types\/product"}],"wp:attachment":[{"href":"https:\/\/roveyayinevi.com.tr\/index.php\/wp-json\/wp\/v2\/media?parent=725787"}],"wp:term":[{"taxonomy":"product_brand","embeddable":true,"href":"https:\/\/roveyayinevi.com.tr\/index.php\/wp-json\/wp\/v2\/product_brand?post=725787"},{"taxonomy":"product_cat","embeddable":true,"href":"https:\/\/roveyayinevi.com.tr\/index.php\/wp-json\/wp\/v2\/product_cat?post=725787"},{"taxonomy":"product_tag","embeddable":true,"href":"https:\/\/roveyayinevi.com.tr\/index.php\/wp-json\/wp\/v2\/product_tag?post=725787"}],"curies":[{"name":"wp","href":"https:\/\/api.w.org\/{rel}","templated":true}]}}