{"id":725777,"date":"2025-08-27T19:55:47","date_gmt":"2025-08-27T16:55:47","guid":{"rendered":"https:\/\/roveyayinevi.com.tr\/index.php\/urun\/locus-lot-system-guidelines-for-archaelogical-excavations\/"},"modified":"2026-04-16T02:33:37","modified_gmt":"2026-04-15T23:33:37","slug":"locus-lot-system-guidelines-for-archaelogical-excavations","status":"publish","type":"product","link":"https:\/\/roveyayinevi.com.tr\/index.php\/urun\/locus-lot-system-guidelines-for-archaelogical-excavations\/","title":{"rendered":"Locus Lot System : Guidelines For Archaelogical Excavations"},"content":{"rendered":"<p>This manual Presents the Locus-Lot System, a proven method for field archaeologists to organize their excavation activities, record what they have discovered, and keep tarck of finds after they leave the excavation area. The text is based on guidelines for excavators prepared by Marie-Henriette Gates and Mary Voigt for their excavations at Kinet H\u00f6y\u00fck and Gordion, in Turkey.     Bu el kitab\u0131, sahada \u00e7al\u0131\u015fan arkeologlar\u0131n kaz\u0131 faaliyetlerini organize etmesi, ke\u015ffettiklerini kaydetmesi ve kaz\u0131 alan\u0131ndan ayr\u0131ld\u0131ktan sonra buluntular\u0131n takibini yapabilmesi i\u00e7in kan\u0131tlanm\u0131\u015f bir y\u00f6ntem olan Lokus-Lot sistemini sunmaktad\u0131r. Kitab\u0131n temelini, Gordion i\u00e7in Mary Voigt ve Kinet H\u00f6y\u00fck i\u00e7in Marie-Henriette Gates&#8217;in haz\u0131rlad\u0131\u011f\u0131 arazi k\u0131lav\u0131zlar\u0131 olu\u015ftu\u0131rmaktad\u0131r.<\/p>\n","protected":false},"excerpt":{"rendered":"<p>This manual Presents the Locus-Lot System, a proven method for field archaeologists to organize their excavation activities, record what they have discovered, and keep tarck of<span class=\"excerpt-hellip\"> [\u2026]<\/span><\/p>\n","protected":false},"featured_media":0,"template":"","meta":{"_monsterinsights_skip_tracking":false,"_monsterinsights_sitenote_active":false,"_monsterinsights_sitenote_note":"","_monsterinsights_sitenote_category":0},"product_brand":[],"product_cat":[52477,52478],"product_tag":[],"class_list":{"0":"post-725777","1":"product","2":"type-product","3":"status-publish","5":"product_cat-arastirma","6":"product_cat-arkeoloji","7":"pa_cilt-ciltsiz","8":"pa_tur-kitap","9":"pa_yayinevi-bilgin-kultur-sanat","10":"pa_yazar-charles-gates","12":"first","13":"instock","14":"sale","15":"shipping-taxable","16":"purchasable","17":"product-type-simple"},"_links":{"self":[{"href":"https:\/\/roveyayinevi.com.tr\/index.php\/wp-json\/wp\/v2\/product\/725777","targetHints":{"allow":["GET"]}}],"collection":[{"href":"https:\/\/roveyayinevi.com.tr\/index.php\/wp-json\/wp\/v2\/product"}],"about":[{"href":"https:\/\/roveyayinevi.com.tr\/index.php\/wp-json\/wp\/v2\/types\/product"}],"wp:attachment":[{"href":"https:\/\/roveyayinevi.com.tr\/index.php\/wp-json\/wp\/v2\/media?parent=725777"}],"wp:term":[{"taxonomy":"product_brand","embeddable":true,"href":"https:\/\/roveyayinevi.com.tr\/index.php\/wp-json\/wp\/v2\/product_brand?post=725777"},{"taxonomy":"product_cat","embeddable":true,"href":"https:\/\/roveyayinevi.com.tr\/index.php\/wp-json\/wp\/v2\/product_cat?post=725777"},{"taxonomy":"product_tag","embeddable":true,"href":"https:\/\/roveyayinevi.com.tr\/index.php\/wp-json\/wp\/v2\/product_tag?post=725777"}],"curies":[{"name":"wp","href":"https:\/\/api.w.org\/{rel}","templated":true}]}}