{"id":725774,"date":"2025-08-27T19:55:45","date_gmt":"2025-08-27T16:55:45","guid":{"rendered":"https:\/\/roveyayinevi.com.tr\/index.php\/urun\/mavi-berem-bizim-asker\/"},"modified":"2026-04-16T02:33:37","modified_gmt":"2026-04-15T23:33:37","slug":"mavi-berem-bizim-asker","status":"publish","type":"product","link":"https:\/\/roveyayinevi.com.tr\/index.php\/urun\/mavi-berem-bizim-asker\/","title":{"rendered":"Mavi Berem Bizim Asker"},"content":{"rendered":"<p>Daha \u00f6nce \u201cMEHMET\u00c7\u0130K OLAB\u0130LMEK\u201d ile 3 bask\u0131 ve toplamda 5000 adet sat\u0131\u015f grafi\u011fi yakalayan kitab\u0131ndan sonra (E) Tu\u011fg. N. Erhan PATIR, yeni kitab\u0131 \u201cMAV\u0130 BEREM, B\u0130Z\u0130M ASKER\u201d ile kald\u0131\u011f\u0131 yerden an\u0131lar\u0131na ve tecr\u00fcbe aktar\u0131m\u0131na devam ediyor.      Mavi bereli Jandarma Komandolar\u0131n, cansiperane ve korkusuz ya\u015famlar\u0131ndan \u00f6rnekler ve bizzat ya\u015fanan ilgin\u00e7 olaylardan kesitler sunuyor.       Kitab\u0131n\u0131 kendi c\u00fcmleleriyle \u015fu \u015fekilde tan\u0131ml\u0131yor;        \u201c \u2026 Besmele \u00e7ekerek \u201cMavi Bere\u201dsini ba\u015f\u0131na takt\u0131. Art\u0131k o andan itibaren Komando olarak g\u00f6rev yapacak Mehmet\u00e7ik ba\u015fka bir d\u00fc\u015f\u00fcnce \u00e2lemine ge\u00e7mi\u015fti. G\u00fcnl\u00fck kayg\u0131lar, d\u00fcnyal\u0131k hevesler silinmi\u015fti. O ve di\u011fer silah arkada\u015flar\u0131,  Y\u00fcce Tanr\u0131\u2019n\u0131n r\u0131zas\u0131na kavu\u015fmay\u0131 dileyerek y\u00fcr\u00fcyeceklerdi\u2026 Onlar se\u00e7ilmi\u015f ki\u015filerdi. Pe\u015fleri s\u0131ra gelecek Mehmet\u00e7iklere, \u201c\u00d6nc\u00fc Olarak Y\u00fcr\u00fcme \u015eerefi\u201c onlara verilmi\u015fti. Bu se\u00e7ilmi\u015fli\u011fin ve \u00f6nc\u00fc olman\u0131n ni\u015fan\u0131 olarak \u201cMavi Bere\u201d ile donat\u0131lm\u0131\u015flard\u0131. Ku\u015fand\u0131\u011f\u0131 z\u0131rh, mi\u011ffer, \u00e7elik yelek d\u00fc\u015fman\u0131n\u0131 korkusuz yapamazken, bir \u201cMavi Bere\u201d onu hak edenleri korkusuz, kurt bak\u0131\u015fl\u0131 ve aslanpen\u00e7eli yapm\u0131\u015ft\u0131\u2026\u201d         Ve efsane \u201cMavi Berelilerin\u201d ya\u015fam\u0131ndan bir\u00e7ok can al\u0131c\u0131 konu\u2026         \u0130yi okumalar. <\/p>\n","protected":false},"excerpt":{"rendered":"<p>Daha \u00f6nce \u201cMEHMET\u00c7\u0130K OLAB\u0130LMEK\u201d ile 3 bask\u0131 ve toplamda 5000 adet sat\u0131\u015f grafi\u011fi yakalayan kitab\u0131ndan sonra (E) Tu\u011fg. N. Erhan PATIR, yeni kitab\u0131 \u201cMAV\u0130 BEREM, B\u0130Z\u0130M<span class=\"excerpt-hellip\"> [\u2026]<\/span><\/p>\n","protected":false},"featured_media":0,"template":"","meta":{"_monsterinsights_skip_tracking":false,"_monsterinsights_sitenote_active":false,"_monsterinsights_sitenote_note":"","_monsterinsights_sitenote_category":0},"product_brand":[],"product_cat":[12304,13493],"product_tag":[],"class_list":{"0":"post-725774","1":"product","2":"type-product","3":"status-publish","5":"product_cat-tarih","6":"product_cat-turkiye-ve-cumhuriyet-tarihi","7":"pa_cilt-ciltsiz","8":"pa_tur-kitap","9":"pa_yayinevi-galeati-yayincilik","10":"pa_yazar-n-erhan-patir","12":"first","13":"instock","14":"sale","15":"shipping-taxable","16":"purchasable","17":"product-type-simple"},"_links":{"self":[{"href":"https:\/\/roveyayinevi.com.tr\/index.php\/wp-json\/wp\/v2\/product\/725774","targetHints":{"allow":["GET"]}}],"collection":[{"href":"https:\/\/roveyayinevi.com.tr\/index.php\/wp-json\/wp\/v2\/product"}],"about":[{"href":"https:\/\/roveyayinevi.com.tr\/index.php\/wp-json\/wp\/v2\/types\/product"}],"wp:attachment":[{"href":"https:\/\/roveyayinevi.com.tr\/index.php\/wp-json\/wp\/v2\/media?parent=725774"}],"wp:term":[{"taxonomy":"product_brand","embeddable":true,"href":"https:\/\/roveyayinevi.com.tr\/index.php\/wp-json\/wp\/v2\/product_brand?post=725774"},{"taxonomy":"product_cat","embeddable":true,"href":"https:\/\/roveyayinevi.com.tr\/index.php\/wp-json\/wp\/v2\/product_cat?post=725774"},{"taxonomy":"product_tag","embeddable":true,"href":"https:\/\/roveyayinevi.com.tr\/index.php\/wp-json\/wp\/v2\/product_tag?post=725774"}],"curies":[{"name":"wp","href":"https:\/\/api.w.org\/{rel}","templated":true}]}}