{"id":725738,"date":"2025-08-27T19:55:17","date_gmt":"2025-08-27T16:55:17","guid":{"rendered":"https:\/\/roveyayinevi.com.tr\/index.php\/urun\/gelismekte-olan-ulkelerde-yabanci-banka-girislerinin-finansal-gelisme-ve-buyume-uzerine-etkisi-panel-veri-analizi\/"},"modified":"2026-04-16T02:33:36","modified_gmt":"2026-04-15T23:33:36","slug":"gelismekte-olan-ulkelerde-yabanci-banka-girislerinin-finansal-gelisme-ve-buyume-uzerine-etkisi-panel-veri-analizi","status":"publish","type":"product","link":"https:\/\/roveyayinevi.com.tr\/index.php\/urun\/gelismekte-olan-ulkelerde-yabanci-banka-girislerinin-finansal-gelisme-ve-buyume-uzerine-etkisi-panel-veri-analizi\/","title":{"rendered":"Geli\u015fmekte Olan \u00dclkelerde Yabanc\u0131 Banka Giri\u015flerinin Finansal Geli\u015fme ve B\u00fcy\u00fcme \u00dczerine Etkisi: Panel Veri Analizi"},"content":{"rendered":"<p>\u0130\u00e7indekiler Giri\u015f 1. B\u00f6l\u00fcm \u2013 Finans Sistemi ve Ekonomik B\u00fcy\u00fcme    1.1. Finans Sistemi ve Kavramsal \u00c7er\u00e7eve    1.2. Ekonomik B\u00fcy\u00fcme    1.3. Klasik ve Neoklasik B\u00fcy\u00fcme Modelleri 2. B\u00f6l\u00fcm \u2013 Yabanc\u0131 Bankac\u0131l\u0131k ve Yabanc\u0131 Banka Giri\u015fleri 3. B\u00f6l\u00fcm &#8211;  Yabanc\u0131 Banka Giri\u015flerinin Makro Ekonomi \u00dczerine Etkileri 4. B\u00f6l\u00fcm \u2013 Model ve Uygulamas\u0131 <\/p>\n","protected":false},"excerpt":{"rendered":"<p>\u0130\u00e7indekiler Giri\u015f 1. B\u00f6l\u00fcm \u2013 Finans Sistemi ve Ekonomik B\u00fcy\u00fcme 1.1. Finans Sistemi ve Kavramsal \u00c7er\u00e7eve 1.2. Ekonomik B\u00fcy\u00fcme 1.3. Klasik ve Neoklasik B\u00fcy\u00fcme Modelleri 2.<span class=\"excerpt-hellip\"> [\u2026]<\/span><\/p>\n","protected":false},"featured_media":0,"template":"","meta":{"_monsterinsights_skip_tracking":false,"_monsterinsights_sitenote_active":false,"_monsterinsights_sitenote_note":"","_monsterinsights_sitenote_category":0},"product_brand":[],"product_cat":[17249,13043],"product_tag":[],"class_list":{"0":"post-725738","1":"product","2":"type-product","3":"status-publish","5":"product_cat-borsa-finans","6":"product_cat-ekonomi","7":"pa_cilt-ciltsiz","8":"pa_tur-kitap","9":"pa_yayinevi-gazi-kitabevi","10":"pa_yazar-oguzhan-sengul","12":"first","13":"instock","14":"sale","15":"shipping-taxable","16":"purchasable","17":"product-type-simple"},"_links":{"self":[{"href":"https:\/\/roveyayinevi.com.tr\/index.php\/wp-json\/wp\/v2\/product\/725738","targetHints":{"allow":["GET"]}}],"collection":[{"href":"https:\/\/roveyayinevi.com.tr\/index.php\/wp-json\/wp\/v2\/product"}],"about":[{"href":"https:\/\/roveyayinevi.com.tr\/index.php\/wp-json\/wp\/v2\/types\/product"}],"wp:attachment":[{"href":"https:\/\/roveyayinevi.com.tr\/index.php\/wp-json\/wp\/v2\/media?parent=725738"}],"wp:term":[{"taxonomy":"product_brand","embeddable":true,"href":"https:\/\/roveyayinevi.com.tr\/index.php\/wp-json\/wp\/v2\/product_brand?post=725738"},{"taxonomy":"product_cat","embeddable":true,"href":"https:\/\/roveyayinevi.com.tr\/index.php\/wp-json\/wp\/v2\/product_cat?post=725738"},{"taxonomy":"product_tag","embeddable":true,"href":"https:\/\/roveyayinevi.com.tr\/index.php\/wp-json\/wp\/v2\/product_tag?post=725738"}],"curies":[{"name":"wp","href":"https:\/\/api.w.org\/{rel}","templated":true}]}}