{"id":725737,"date":"2025-08-27T19:55:16","date_gmt":"2025-08-27T16:55:16","guid":{"rendered":"https:\/\/roveyayinevi.com.tr\/index.php\/urun\/turk-milliyetciliginin-terkibinde-mekan\/"},"modified":"2026-04-16T02:33:36","modified_gmt":"2026-04-15T23:33:36","slug":"turk-milliyetciliginin-terkibinde-mekan","status":"publish","type":"product","link":"https:\/\/roveyayinevi.com.tr\/index.php\/urun\/turk-milliyetciliginin-terkibinde-mekan\/","title":{"rendered":"T\u00fcrk Milliyet\u00e7ili\u011finin Terkibinde Mekan"},"content":{"rendered":"<p>\u0130\u00e7indekiler   B\u0130R\u0130NC\u0130 B\u00d6L\u00dcM \u2013 Kavramsal ve Kuramsal \u00c7er\u00e7eve   1.1. Mek\u00e2n: Tan\u0131m ve Kapsam\u0131 1.2. Mek\u00e2n Muhayyilesinin Kimlik Kodlar\u0131 1.3. Mek\u00e2n\u0131n Milliyet\u00e7ilik D\u00fc\u015f\u00fcncesindeki Terkipleri   \u0130K\u0130NC\u0130 B\u00d6L\u00dcM \u2013 M\u0130LL\u0130YET\u00c7\u0130L\u0130\u011e\u0130N CO\u011eRAFYALARI : FRANSA, ALMANYA VE \u0130SRA\u0130L   \u00dc\u00c7\u00dcNC\u00dc B\u00d6L\u00dcM \u2013 T\u00dcRK D\u00dc\u015e\u00dcNCES\u0130NDE MEK\u00c2N TASAVVURU VE YURT B\u0130LG\u0130S\u0130   D\u00d6RD\u00dcNC\u00dc B\u00d6L\u00dcM \u2013 OSMANLI\u2019DAN CUMHUR\u0130YET\u2019E T\u00dcRK M\u0130LL\u0130YET\u00c7\u0130L\u0130\u011e\u0130N\u0130N TERK\u0130B\u0130NDE MEK\u00c2N <\/p>\n","protected":false},"excerpt":{"rendered":"<p>\u0130\u00e7indekiler B\u0130R\u0130NC\u0130 B\u00d6L\u00dcM \u2013 Kavramsal ve Kuramsal \u00c7er\u00e7eve 1.1. Mek\u00e2n: Tan\u0131m ve Kapsam\u0131 1.2. Mek\u00e2n Muhayyilesinin Kimlik Kodlar\u0131 1.3. Mek\u00e2n\u0131n Milliyet\u00e7ilik D\u00fc\u015f\u00fcncesindeki Terkipleri \u0130K\u0130NC\u0130 B\u00d6L\u00dcM \u2013<span class=\"excerpt-hellip\"> [\u2026]<\/span><\/p>\n","protected":false},"featured_media":0,"template":"","meta":{"_monsterinsights_skip_tracking":false,"_monsterinsights_sitenote_active":false,"_monsterinsights_sitenote_note":"","_monsterinsights_sitenote_category":0},"product_brand":[],"product_cat":[12337,14706],"product_tag":[],"class_list":{"0":"post-725737","1":"product","2":"type-product","3":"status-publish","5":"product_cat-politika-siyaset","6":"product_cat-siyaset-bilimi","7":"pa_cilt-ciltsiz","8":"pa_tur-kitap","9":"pa_yayinevi-gazi-kitabevi","10":"pa_yazar-gokberk-yucel","12":"first","13":"instock","14":"sale","15":"shipping-taxable","16":"purchasable","17":"product-type-simple"},"_links":{"self":[{"href":"https:\/\/roveyayinevi.com.tr\/index.php\/wp-json\/wp\/v2\/product\/725737","targetHints":{"allow":["GET"]}}],"collection":[{"href":"https:\/\/roveyayinevi.com.tr\/index.php\/wp-json\/wp\/v2\/product"}],"about":[{"href":"https:\/\/roveyayinevi.com.tr\/index.php\/wp-json\/wp\/v2\/types\/product"}],"wp:attachment":[{"href":"https:\/\/roveyayinevi.com.tr\/index.php\/wp-json\/wp\/v2\/media?parent=725737"}],"wp:term":[{"taxonomy":"product_brand","embeddable":true,"href":"https:\/\/roveyayinevi.com.tr\/index.php\/wp-json\/wp\/v2\/product_brand?post=725737"},{"taxonomy":"product_cat","embeddable":true,"href":"https:\/\/roveyayinevi.com.tr\/index.php\/wp-json\/wp\/v2\/product_cat?post=725737"},{"taxonomy":"product_tag","embeddable":true,"href":"https:\/\/roveyayinevi.com.tr\/index.php\/wp-json\/wp\/v2\/product_tag?post=725737"}],"curies":[{"name":"wp","href":"https:\/\/api.w.org\/{rel}","templated":true}]}}

Türk Milliyetçiliğinin Terkibinde Mekan

<p>İçindekiler   BİRİNCİ BÖLÜM – Kavramsal ve Kuramsal Çerçeve   1.1. Mekân: Tanım ve Kapsamı 1.2. Mekân Muhayyilesinin Kimlik Kodları 1.3. Mekânın Milliyetçilik Düşüncesindeki Terkipleri   İKİNCİ BÖLÜM – MİLLİYETÇİLİĞİN COĞRAFYALARI : FRANSA, ALMANYA VE İSRAİL   ÜÇÜNCÜ BÖLÜM – TÜRK DÜŞÜNCESİNDE MEKÂN TASAVVURU VE YURT BİLGİSİ   DÖRDÜNCÜ BÖLÜM – OSMANLI’DAN CUMHURİYET’E TÜRK MİLLİYETÇİLİĞİNİN TERKİBİNDE MEKÂN </p>

<p>İçindekiler BİRİNCİ BÖLÜM – Kavramsal ve Kuramsal Çerçeve 1.1. Mekân: Tanım ve Kapsamı 1.2. Mekân Muhayyilesinin Kimlik Kodları 1.3. Mekânın Milliyetçilik Düşüncesindeki Terkipleri İKİNCİ BÖLÜM –<span class="excerpt-hellip"> […]</span></p>
