{"id":725731,"date":"2025-08-27T19:55:12","date_gmt":"2025-08-27T16:55:12","guid":{"rendered":"https:\/\/roveyayinevi.com.tr\/index.php\/urun\/insaymun\/"},"modified":"2026-04-16T02:33:36","modified_gmt":"2026-04-15T23:33:36","slug":"insaymun","status":"publish","type":"product","link":"https:\/\/roveyayinevi.com.tr\/index.php\/urun\/insaymun\/","title":{"rendered":"\u0130nsaymun"},"content":{"rendered":"<p>Mutlaka ger\u00e7ekle\u015ftirilecek&#8230;\u0130nsan\u0131n \u201cins\u201di, maymunun \u201caymun\u201du.Yani insaymun&#8230;\u0130nsandan ve maymundan farkl\u0131 \u015fekilde, gelecekte ortaya \u00e7\u0131kmas\u0131 muhtemel melez t\u00fcre verilecek olan isim bu.Di\u015fi maymun ile erkek insan ya da erkek maymun ile di\u015fi insan\u0131n, yani insanla maymunun tohum ve yumurtalar\u0131n\u0131n yapay yoldan birle\u015ftirilmesiyle yeni bir t\u00fcr, farkl\u0131 bir canl\u0131 cinsi elde edilebilir mi?At ile e\u015fek aras\u0131ndaki \u00e7iftle\u015fmeden yeni bir t\u00fcr yeti\u015febiliyorsa, bu da m\u00fcmk\u00fcnd\u00fcr elbette.Baz\u0131 bilim insanlar\u0131n\u0131n bu kuram\u0131 baz alarak insanlarla orangutanlar\u0131n kar\u0131\u015fmas\u0131ndan sar\u0131 \u0131rk\u0131n, insanlarla gorillerin birle\u015fmesinden zencilerin, insanlarla \u015fempanzelerin \u00e7iftle\u015fmelerinden beyaz \u0131rk\u0131n, gibonlardan da brakisefal \u0131rklar\u0131n (argoda k\u0131sa kafal\u0131) meydana gelebilece\u011fini d\u00fc\u015f\u00fcnd\u00fcklerini, dahas\u0131 ve en korkuncu, malum d\u00f6nemlerde bu sonuncu gruba sadece Yahudileri koyduklar\u0131n\u0131 duymu\u015f muydunuz hi\u00e7?Ah \u015fu \u0131rk\u00e7\u0131 bilim insanlar\u0131!Unutmu\u015flar herhalde genelde brakisefal kafatas\u0131 yap\u0131l\u0131 T\u00fcrkleri&#8230;\u0130nsaymun, art\u0131k fantezi bir kurgu de\u011fil, bilimsel bir hedeftir.Ve \u00e7ok yak\u0131n bir tarihte mutlaka ger\u00e7ekle\u015ftirilecektir, hen\u00fcz ger\u00e7ekle\u015ftirilmediyse e\u011fer&#8230;<\/p>\n","protected":false},"excerpt":{"rendered":"<p>Mutlaka ger\u00e7ekle\u015ftirilecek&#8230;\u0130nsan\u0131n \u201cins\u201di, maymunun \u201caymun\u201du.Yani insaymun&#8230;\u0130nsandan ve maymundan farkl\u0131 \u015fekilde, gelecekte ortaya \u00e7\u0131kmas\u0131 muhtemel melez t\u00fcre verilecek olan isim bu.Di\u015fi maymun ile erkek insan ya da<span class=\"excerpt-hellip\"> [\u2026]<\/span><\/p>\n","protected":false},"featured_media":0,"template":"","meta":{"_monsterinsights_skip_tracking":false,"_monsterinsights_sitenote_active":false,"_monsterinsights_sitenote_note":"","_monsterinsights_sitenote_category":0},"product_brand":[],"product_cat":[12365,12364],"product_tag":[],"class_list":{"0":"post-725731","1":"product","2":"type-product","3":"status-publish","5":"product_cat-diger-genel-konular","6":"product_cat-genel-konular","7":"pa_cilt-ciltsiz","8":"pa_tur-kitap","9":"pa_yayinevi-destek-yayinlari","10":"pa_yazar-halit-kakinc","12":"first","13":"instock","14":"sale","15":"shipping-taxable","16":"purchasable","17":"product-type-simple"},"_links":{"self":[{"href":"https:\/\/roveyayinevi.com.tr\/index.php\/wp-json\/wp\/v2\/product\/725731","targetHints":{"allow":["GET"]}}],"collection":[{"href":"https:\/\/roveyayinevi.com.tr\/index.php\/wp-json\/wp\/v2\/product"}],"about":[{"href":"https:\/\/roveyayinevi.com.tr\/index.php\/wp-json\/wp\/v2\/types\/product"}],"wp:attachment":[{"href":"https:\/\/roveyayinevi.com.tr\/index.php\/wp-json\/wp\/v2\/media?parent=725731"}],"wp:term":[{"taxonomy":"product_brand","embeddable":true,"href":"https:\/\/roveyayinevi.com.tr\/index.php\/wp-json\/wp\/v2\/product_brand?post=725731"},{"taxonomy":"product_cat","embeddable":true,"href":"https:\/\/roveyayinevi.com.tr\/index.php\/wp-json\/wp\/v2\/product_cat?post=725731"},{"taxonomy":"product_tag","embeddable":true,"href":"https:\/\/roveyayinevi.com.tr\/index.php\/wp-json\/wp\/v2\/product_tag?post=725731"}],"curies":[{"name":"wp","href":"https:\/\/api.w.org\/{rel}","templated":true}]}}