{"id":725729,"date":"2025-08-27T19:55:11","date_gmt":"2025-08-27T16:55:11","guid":{"rendered":"https:\/\/roveyayinevi.com.tr\/index.php\/urun\/nutuk-10\/"},"modified":"2026-02-03T02:47:47","modified_gmt":"2026-02-02T23:47:47","slug":"nutuk-10","status":"publish","type":"product","link":"https:\/\/roveyayinevi.com.tr\/index.php\/urun\/nutuk-10\/","title":{"rendered":"Nutuk"},"content":{"rendered":"<p>B\u00fcy\u00fck Atat\u00fcrk\u2019\u00fcn kurtulu\u015f m\u00fccadelesi ve sonras\u0131nda yapt\u0131\u011f\u0131 devrimler, d\u00fcnyada bir \u00e7ok millete yol haritas\u0131 olmu\u015ftur.Her ne kadar insanlar\u0131n\u0131 padi\u015faha kul olmaktan, devletini emperyalistlere esir olmaktan kurtard\u0131\u011f\u0131 kendi \u00fclkesinde yeteri kadar k\u0131ymeti anla\u015f\u0131lamasada, B\u00fcy\u00fck Atat\u00fcrk, d\u00fcnyada birazc\u0131k siyaset ve tarih okuyan \/ izleyen uyru\u011funa bak\u0131lmaks\u0131z\u0131n ortalama bir d\u00fcnya vatanda\u015f\u0131n\u0131n yapt\u0131klar\u0131 kar\u015f\u0131s\u0131nda sayg\u0131yla e\u011fildi\u011fi bilgili, g\u00f6rg\u00fcl\u00fc, kabiliyetli e\u015fsiz bir liderdir.Tarafs\u0131z g\u00f6zlemcilerin ifadesiyle ge\u00e7en y\u00fczy\u0131lda onunla kar\u015f\u0131la\u015ft\u0131rmaya de\u011fer bir lider yoktu. Be\u015fte birini geride b\u0131rakt\u0131\u011f\u0131m\u0131z bu y\u00fczy\u0131lda da onun yerini tutabilecek, hatta onunla kar\u015f\u0131la\u015ft\u0131rabilecek de\u011ferde bir lider \u00e7\u0131kmad\u0131 hen\u00fcz. Bu nedenledir ki, B\u00fcy\u00fck Atat\u00fcrk\u2019\u00fcn yol haritas\u0131n\u0131, yani  Kurtulu\u015f Sava\u015f\u0131, \u00f6ncesi ve sonras\u0131n\u0131 anlatt\u0131\u011f\u0131 bu eser e\u015fsiz bir hazine de\u011ferindedir. Sadece vatan kurtarma, devlet kurma gibi konularda de\u011fil, hayat\u0131n her alan\u0131nda ba\u015far\u0131l\u0131 olman\u0131z\u0131 sa\u011flayacak bu eseri okuman\u0131z\u0131 ve okutman\u0131z\u0131 rica ediyoruz.<\/p>\n","protected":false},"excerpt":{"rendered":"<p>B\u00fcy\u00fck Atat\u00fcrk\u2019\u00fcn kurtulu\u015f m\u00fccadelesi ve sonras\u0131nda yapt\u0131\u011f\u0131 devrimler, d\u00fcnyada bir \u00e7ok millete yol haritas\u0131 olmu\u015ftur.Her ne kadar insanlar\u0131n\u0131 padi\u015faha kul olmaktan, devletini emperyalistlere esir olmaktan kurtard\u0131\u011f\u0131<span class=\"excerpt-hellip\"> [\u2026]<\/span><\/p>\n","protected":false},"featured_media":0,"template":"","meta":{"_monsterinsights_skip_tracking":false,"_monsterinsights_sitenote_active":false,"_monsterinsights_sitenote_note":"","_monsterinsights_sitenote_category":0},"product_brand":[],"product_cat":[12530,12304],"product_tag":[],"class_list":{"0":"post-725729","1":"product","2":"type-product","3":"status-publish","5":"product_cat-mustafa-kemal-ataturk","6":"product_cat-tarih","7":"pa_cilt-ciltsiz","8":"pa_tur-kitap","9":"pa_yayinevi-ayata-kitap","10":"pa_yazar-mustafa-kemal-ataturk","12":"first","13":"instock","14":"sale","15":"shipping-taxable","16":"purchasable","17":"product-type-simple"},"_links":{"self":[{"href":"https:\/\/roveyayinevi.com.tr\/index.php\/wp-json\/wp\/v2\/product\/725729","targetHints":{"allow":["GET"]}}],"collection":[{"href":"https:\/\/roveyayinevi.com.tr\/index.php\/wp-json\/wp\/v2\/product"}],"about":[{"href":"https:\/\/roveyayinevi.com.tr\/index.php\/wp-json\/wp\/v2\/types\/product"}],"wp:attachment":[{"href":"https:\/\/roveyayinevi.com.tr\/index.php\/wp-json\/wp\/v2\/media?parent=725729"}],"wp:term":[{"taxonomy":"product_brand","embeddable":true,"href":"https:\/\/roveyayinevi.com.tr\/index.php\/wp-json\/wp\/v2\/product_brand?post=725729"},{"taxonomy":"product_cat","embeddable":true,"href":"https:\/\/roveyayinevi.com.tr\/index.php\/wp-json\/wp\/v2\/product_cat?post=725729"},{"taxonomy":"product_tag","embeddable":true,"href":"https:\/\/roveyayinevi.com.tr\/index.php\/wp-json\/wp\/v2\/product_tag?post=725729"}],"curies":[{"name":"wp","href":"https:\/\/api.w.org\/{rel}","templated":true}]}}