{"id":725724,"date":"2025-08-27T19:55:07","date_gmt":"2025-08-27T16:55:07","guid":{"rendered":"https:\/\/roveyayinevi.com.tr\/index.php\/urun\/kimse-hikayeyle-aramda-gecenleri-anlamiyordu\/"},"modified":"2026-04-16T02:33:35","modified_gmt":"2026-04-15T23:33:35","slug":"kimse-hikayeyle-aramda-gecenleri-anlamiyordu","status":"publish","type":"product","link":"https:\/\/roveyayinevi.com.tr\/index.php\/urun\/kimse-hikayeyle-aramda-gecenleri-anlamiyordu\/","title":{"rendered":"Kimse Hikayeyle Aramda Ge\u00e7enleri Anlam\u0131yordu"},"content":{"rendered":"<p>Nezihe Meri\u00e7\u2019in ilk \u00f6yk\u00fcleri de ilk s\u00f6yle\u015fisi de Se\u00e7ilmi\u015f Hik\u00e2yeler dergisinde \u00e7\u0131kt\u0131. 1950\u2019de \u201cBir \u015eey\u201d adl\u0131 \u00f6yk\u00fcs\u00fcyle ba\u015flayan yaz\u0131nsal ser\u00fcveni altm\u0131\u015f y\u0131l s\u00fcrd\u00fc. Bu s\u00fcre boyunca dergi ve gazetelerde yay\u0131mlanm\u0131\u015f belirli s\u00f6yle\u015fileriyle ar\u015fivinde bulunan, tarihi, yeri, ki\u015fisi belirsiz s\u00f6yle\u015fileri elinizdeki kitapta bir araya geldi.Seval \u015eahin\u2019in yay\u0131na haz\u0131rlad\u0131\u011f\u0131 kitapta \u00f6yk\u00fcc\u00fcl\u00fc\u011f\u00fcm\u00fcz\u00fcn geli\u015fiminde pay sahibi ustalardan Nezihe Meri\u00e7\u2019in kitaplar\u0131n\u0131n yaz\u0131l\u0131\u015f s\u00fcreci, \u00f6yk\u00fc anlay\u0131\u015f\u0131, an\u0131lar\u0131, ki\u015fisel d\u00fcnyas\u0131, g\u00fcnl\u00fck u\u011fra\u015f\u0131lar\u0131, yazarl\u0131k tutumu, yaz\u0131nsal sorunlar\u0131 konu ediliyor. Nezihe Meri\u00e7\u2019i yak\u0131ndan tan\u0131mak, bir \u00f6yk\u00fcc\u00fcn\u00fcn mutfa\u011f\u0131na sokulup sohbetine kat\u0131lmak i\u00e7in bulunmaz bir f\u0131rsat \u201cKimse Hik\u00e2yeyle Aramda Ge\u00e7enleri Anlam\u0131yordu\u201d.\u201cKolay m\u0131d\u0131r bir beyaz k\u00e2\u011f\u0131da \u00fc\u00e7 s\u00f6zc\u00fc\u011f\u00fc yan yana koymak! Bu i\u015flemi s\u00fcrd\u00fcrmek! Her s\u00f6zc\u00fc\u011f\u00fcn arkas\u0131nda bir d\u00fcnya vard\u0131r. Ge\u00e7mi\u015fin, bug\u00fcn\u00fcn, ya\u015famakta olan\u0131n, insan\u0131n, toplumun devinimini, evrimini, devrimini, her bir \u015feyini i\u00e7erirken, kolay m\u0131d\u0131r yaz\u0131 yazmak! Ate\u015fle oynamakt\u0131r.\u201d<\/p>\n","protected":false},"excerpt":{"rendered":"<p>Nezihe Meri\u00e7\u2019in ilk \u00f6yk\u00fcleri de ilk s\u00f6yle\u015fisi de Se\u00e7ilmi\u015f Hik\u00e2yeler dergisinde \u00e7\u0131kt\u0131. 1950\u2019de \u201cBir \u015eey\u201d adl\u0131 \u00f6yk\u00fcs\u00fcyle ba\u015flayan yaz\u0131nsal ser\u00fcveni altm\u0131\u015f y\u0131l s\u00fcrd\u00fc. Bu s\u00fcre boyunca<span class=\"excerpt-hellip\"> [\u2026]<\/span><\/p>\n","protected":false},"featured_media":0,"template":"","meta":{"_monsterinsights_skip_tracking":false,"_monsterinsights_sitenote_active":false,"_monsterinsights_sitenote_note":"","_monsterinsights_sitenote_category":0},"product_brand":[],"product_cat":[12291,30969],"product_tag":[],"class_list":{"0":"post-725724","1":"product","2":"type-product","3":"status-publish","5":"product_cat-edebiyat","6":"product_cat-soylesi-edebiyat","7":"pa_cilt-ciltsiz","8":"pa_tur-kitap","9":"pa_yayinevi-yapi-kredi-yayinlari","10":"pa_yazar-nezihe-meric","12":"first","13":"instock","14":"sale","15":"shipping-taxable","16":"purchasable","17":"product-type-simple"},"_links":{"self":[{"href":"https:\/\/roveyayinevi.com.tr\/index.php\/wp-json\/wp\/v2\/product\/725724","targetHints":{"allow":["GET"]}}],"collection":[{"href":"https:\/\/roveyayinevi.com.tr\/index.php\/wp-json\/wp\/v2\/product"}],"about":[{"href":"https:\/\/roveyayinevi.com.tr\/index.php\/wp-json\/wp\/v2\/types\/product"}],"wp:attachment":[{"href":"https:\/\/roveyayinevi.com.tr\/index.php\/wp-json\/wp\/v2\/media?parent=725724"}],"wp:term":[{"taxonomy":"product_brand","embeddable":true,"href":"https:\/\/roveyayinevi.com.tr\/index.php\/wp-json\/wp\/v2\/product_brand?post=725724"},{"taxonomy":"product_cat","embeddable":true,"href":"https:\/\/roveyayinevi.com.tr\/index.php\/wp-json\/wp\/v2\/product_cat?post=725724"},{"taxonomy":"product_tag","embeddable":true,"href":"https:\/\/roveyayinevi.com.tr\/index.php\/wp-json\/wp\/v2\/product_tag?post=725724"}],"curies":[{"name":"wp","href":"https:\/\/api.w.org\/{rel}","templated":true}]}}