{"id":725720,"date":"2025-08-27T19:55:03","date_gmt":"2025-08-27T16:55:03","guid":{"rendered":"https:\/\/roveyayinevi.com.tr\/index.php\/urun\/yangin-ve-saklambac\/"},"modified":"2026-04-16T02:33:35","modified_gmt":"2026-04-15T23:33:35","slug":"yangin-ve-saklambac","status":"publish","type":"product","link":"https:\/\/roveyayinevi.com.tr\/index.php\/urun\/yangin-ve-saklambac\/","title":{"rendered":"Yang\u0131n ve Saklamba\u00e7"},"content":{"rendered":"<p>bilinen ger\u00e7ektir:bir i\u015fi \u00e7ok iyi yapt\u0131\u011f\u0131n\u0131zda,o i\u015f hep \u00fcst\u00fcn\u00fcze kal\u0131r&#8230;-\u00e7ok g\u00fczel a\u011flar\u0131m ben&#8230;\/yang\u0131n ve saklamba\u00e7&#8217;ta \u015fiir yan\u0131k g\u00f6ky\u00fcz\u00fcnde dola\u015f\u0131yor bir s\u00fcre, hayat\u0131n sa\u011flamas\u0131n\u0131 yapt\u0131ktan sonra d\u00fc\u015f karas\u0131 yollara b\u0131rak\u0131l\u0131yor.y\u00fcr\u00fcyelim y\u00fcr\u00fcyebildi\u011fimiz kadar&#8230;<\/p>\n","protected":false},"excerpt":{"rendered":"<p>bilinen ger\u00e7ektir:bir i\u015fi \u00e7ok iyi yapt\u0131\u011f\u0131n\u0131zda,o i\u015f hep \u00fcst\u00fcn\u00fcze kal\u0131r&#8230;-\u00e7ok g\u00fczel a\u011flar\u0131m ben&#8230;\/yang\u0131n ve saklamba\u00e7&#8217;ta \u015fiir yan\u0131k g\u00f6ky\u00fcz\u00fcnde dola\u015f\u0131yor bir s\u00fcre, hayat\u0131n sa\u011flamas\u0131n\u0131 yapt\u0131ktan sonra d\u00fc\u015f<span class=\"excerpt-hellip\"> [\u2026]<\/span><\/p>\n","protected":false},"featured_media":0,"template":"","meta":{"_monsterinsights_skip_tracking":false,"_monsterinsights_sitenote_active":false,"_monsterinsights_sitenote_note":"","_monsterinsights_sitenote_category":0},"product_brand":[],"product_cat":[12291,12509],"product_tag":[],"class_list":{"0":"post-725720","1":"product","2":"type-product","3":"status-publish","5":"product_cat-edebiyat","6":"product_cat-siir","7":"pa_cilt-ciltsiz","8":"pa_tur-kitap","9":"pa_yayinevi-luna-yayinlari","10":"pa_yazar-esra-van-der-wiel","12":"first","13":"instock","14":"sale","15":"shipping-taxable","16":"purchasable","17":"product-type-simple"},"_links":{"self":[{"href":"https:\/\/roveyayinevi.com.tr\/index.php\/wp-json\/wp\/v2\/product\/725720","targetHints":{"allow":["GET"]}}],"collection":[{"href":"https:\/\/roveyayinevi.com.tr\/index.php\/wp-json\/wp\/v2\/product"}],"about":[{"href":"https:\/\/roveyayinevi.com.tr\/index.php\/wp-json\/wp\/v2\/types\/product"}],"wp:attachment":[{"href":"https:\/\/roveyayinevi.com.tr\/index.php\/wp-json\/wp\/v2\/media?parent=725720"}],"wp:term":[{"taxonomy":"product_brand","embeddable":true,"href":"https:\/\/roveyayinevi.com.tr\/index.php\/wp-json\/wp\/v2\/product_brand?post=725720"},{"taxonomy":"product_cat","embeddable":true,"href":"https:\/\/roveyayinevi.com.tr\/index.php\/wp-json\/wp\/v2\/product_cat?post=725720"},{"taxonomy":"product_tag","embeddable":true,"href":"https:\/\/roveyayinevi.com.tr\/index.php\/wp-json\/wp\/v2\/product_tag?post=725720"}],"curies":[{"name":"wp","href":"https:\/\/api.w.org\/{rel}","templated":true}]}}