{"id":725713,"date":"2025-08-27T19:54:58","date_gmt":"2025-08-27T16:54:58","guid":{"rendered":"https:\/\/roveyayinevi.com.tr\/index.php\/urun\/dostlara-armagan\/"},"modified":"2026-04-16T02:33:35","modified_gmt":"2026-04-15T23:33:35","slug":"dostlara-armagan","status":"publish","type":"product","link":"https:\/\/roveyayinevi.com.tr\/index.php\/urun\/dostlara-armagan\/","title":{"rendered":"Dostlara Arma\u011fan"},"content":{"rendered":"<p>Bu kitab\u0131 d\u00fc\u015f\u00fcnerek, anlayarak okuyanlar be\u011fensin, onlar\u0131n g\u00f6n\u00fclleri k\u0131vans\u0131n, g\u00f6zleri ya\u015fars\u0131n, y\u00fcrekleri co\u015fsun, d\u00fcnyadan y\u00fcz \u00e7evirip ahirete ra\u011fbet, Allah\u2019a y\u00f6nelme ve ibadet etme iste\u011fi arts\u0131n, d\u00fc\u015f\u00fcncesiyle hicr\u00ee 860 (M 1456) y\u0131l\u0131 \u015eaban ay\u0131nda yaz\u0131lan bu eserde; Kur\u2019an\u2019dan, hadislerden ve tefsirlerden al\u0131nt\u0131larla ince n\u00fcktelere ve ilgin\u00e7 hik\u00e2yelere yer verilmi\u015ftir. Sekiz cennet gibi sekiz b\u00f6l\u00fcm h\u00e2linde d\u00fczenlenen bu kitapta; ar\u015f, k\u00fcrsi, levh, kalem, melekler, g\u00f6kler, yerler, cennetler, cehennem, tevhit, iman, \u0130slam, t\u00f6vbe, z\u00fcht, takva, abdest, namaz, tespihlerin sevab\u0131, Allah\u2019tan korkma, \u00f6l\u00fcm\u00fc anma, \u00f6l\u00fcm i\u00e7in haz\u0131rlanma, k\u0131yamet, ha\u015f\u0131r, ne\u015fir, terazi, s\u0131rat, hesap ve kitap konular\u0131 i\u015flenmi\u015ftir.Zeliha, Yusuf peygamberi zindana att\u0131rd\u0131\u011f\u0131 zaman gardiyan,Zeliha\u2019ya birini g\u00f6nderdi:\u2013 Yusuf\u2019un ba\u015f\u0131ndan tac\u0131n\u0131 alay\u0131m m\u0131ve aya\u011f\u0131ndan nal\u0131n\u0131n\u0131 \u00e7\u0131karay\u0131m m\u0131?, dedi.Zeliha da haber g\u00f6nderdi ki:\u2013 Hi\u00e7bir \u015feyini almas\u0131n. O, zindana kapat\u0131lm\u0131\u015f bir mahkum de\u011fildir, dosttur. Biz onu su\u00e7u oldu\u011fu i\u00e7in zindana g\u00f6ndermedik. Belki yabanc\u0131lardan ve d\u00fc\u015fmandan korumak i\u00e7in g\u00f6nderdik, dedi.<\/p>\n","protected":false},"excerpt":{"rendered":"<p>Bu kitab\u0131 d\u00fc\u015f\u00fcnerek, anlayarak okuyanlar be\u011fensin, onlar\u0131n g\u00f6n\u00fclleri k\u0131vans\u0131n, g\u00f6zleri ya\u015fars\u0131n, y\u00fcrekleri co\u015fsun, d\u00fcnyadan y\u00fcz \u00e7evirip ahirete ra\u011fbet, Allah\u2019a y\u00f6nelme ve ibadet etme iste\u011fi arts\u0131n, d\u00fc\u015f\u00fcncesiyle<span class=\"excerpt-hellip\"> [\u2026]<\/span><\/p>\n","protected":false},"featured_media":0,"template":"","meta":{"_monsterinsights_skip_tracking":false,"_monsterinsights_sitenote_active":false,"_monsterinsights_sitenote_note":"","_monsterinsights_sitenote_category":0},"product_brand":[],"product_cat":[12718,12719,15238],"product_tag":[],"class_list":{"0":"post-725713","1":"product","2":"type-product","3":"status-publish","5":"product_cat-din","6":"product_cat-islam","7":"product_cat-tasavvuf","8":"pa_cilt-ciltsiz","9":"pa_tur-kitap","10":"pa_yayinevi-otuken-nesriyat","11":"pa_yazar-ahmet-kayasandik","13":"first","14":"instock","15":"sale","16":"shipping-taxable","17":"purchasable","18":"product-type-simple"},"_links":{"self":[{"href":"https:\/\/roveyayinevi.com.tr\/index.php\/wp-json\/wp\/v2\/product\/725713","targetHints":{"allow":["GET"]}}],"collection":[{"href":"https:\/\/roveyayinevi.com.tr\/index.php\/wp-json\/wp\/v2\/product"}],"about":[{"href":"https:\/\/roveyayinevi.com.tr\/index.php\/wp-json\/wp\/v2\/types\/product"}],"wp:attachment":[{"href":"https:\/\/roveyayinevi.com.tr\/index.php\/wp-json\/wp\/v2\/media?parent=725713"}],"wp:term":[{"taxonomy":"product_brand","embeddable":true,"href":"https:\/\/roveyayinevi.com.tr\/index.php\/wp-json\/wp\/v2\/product_brand?post=725713"},{"taxonomy":"product_cat","embeddable":true,"href":"https:\/\/roveyayinevi.com.tr\/index.php\/wp-json\/wp\/v2\/product_cat?post=725713"},{"taxonomy":"product_tag","embeddable":true,"href":"https:\/\/roveyayinevi.com.tr\/index.php\/wp-json\/wp\/v2\/product_tag?post=725713"}],"curies":[{"name":"wp","href":"https:\/\/api.w.org\/{rel}","templated":true}]}}