{"id":725711,"date":"2025-08-27T19:54:56","date_gmt":"2025-08-27T16:54:56","guid":{"rendered":"https:\/\/roveyayinevi.com.tr\/index.php\/urun\/kakaloji\/"},"modified":"2026-04-16T02:33:35","modified_gmt":"2026-04-15T23:33:35","slug":"kakaloji","status":"publish","type":"product","link":"https:\/\/roveyayinevi.com.tr\/index.php\/urun\/kakaloji\/","title":{"rendered":"Kakaloji"},"content":{"rendered":"<p>Tuvaleti sevdirecek kitaplar: Kakaloji, Kakademi ve KakazooKakaloji, Kakademi ve Kakazoo, minik ellerle kavu\u015fmak \u00fczere yola \u00e7\u0131k\u0131yor. De\u011ferli akademisyenler taraf\u0131ndan \u00f6zenle haz\u0131rlanan bu \u00fc\u00e7 kitap, tuvalet al\u0131\u015fkanl\u0131\u011f\u0131 konusuna e\u011filirken bilimin \u00f6nemine g\u00f6z k\u0131rpacak, beslenme ve sa\u011fl\u0131k konular\u0131ndan ekolojik dengeye kadar pek \u00e7ok durakta soluklanacak.Bir de hepimizi epey g\u00fcld\u00fcrecek. Biz \u00e7ok e\u011flendik, \u015fimdi s\u0131ra sizde\u2026KAKALOJ\u0130Bir Kakan\u0131n Bilimsel Yolculu\u011fu\u0130\u015fte kar\u015f\u0131n\u0131zda Kakaloji! Yeni, muzip bir bilim dal\u0131\u2026Burada birtak\u0131m kakadan i\u015fler i\u00e7in topland\u0131k. Haydi, yakla\u015f. Sen de \u201cp\u0131rt\u201d sesiyle gelen o tuhaf kokunun gizemini merak ediyor musun? Peki ya yiyip i\u00e7tiklerimizin konaklad\u0131\u011f\u0131 odalar\u0131, uzun koridorlar\u0131 ve o dolamba\u00e7l\u0131 yollar\u0131? \u0130\u00e7erisi \u00e7ok komik, \u00e7ok renkli ve nas\u0131l s\u00f6ylesek\u2026 Biraz da kokulu. Hihih! Ho\u015f geldinTema: Kim oldu\u011fumuzKavramlar ve Anahtar S\u00f6zc\u00fckler: Bilim, sindirim sistemi, ara\u015ft\u0131rma, sebep-sonu\u00e7, kendini tan\u0131ma, beslenme, v\u00fccudumuz, kanalizasyon, SA\u011eLIK VE SPORTutum ve De\u011ferler: Merak, istekli olmaProfil \u00d6\u011feleri: Sorgulayan, d\u00fc\u015f\u00fcnen, bilgili<\/p>\n","protected":false},"excerpt":{"rendered":"<p>Tuvaleti sevdirecek kitaplar: Kakaloji, Kakademi ve KakazooKakaloji, Kakademi ve Kakazoo, minik ellerle kavu\u015fmak \u00fczere yola \u00e7\u0131k\u0131yor. De\u011ferli akademisyenler taraf\u0131ndan \u00f6zenle haz\u0131rlanan bu \u00fc\u00e7 kitap, tuvalet al\u0131\u015fkanl\u0131\u011f\u0131<span class=\"excerpt-hellip\"> [\u2026]<\/span><\/p>\n","protected":false},"featured_media":0,"template":"","meta":{"_monsterinsights_skip_tracking":false,"_monsterinsights_sitenote_active":false,"_monsterinsights_sitenote_note":"","_monsterinsights_sitenote_category":0},"product_brand":[],"product_cat":[12274,12518],"product_tag":[],"class_list":{"0":"post-725711","1":"product","2":"type-product","3":"status-publish","5":"product_cat-cocuk-ve-genclik-kitaplari","6":"product_cat-okul-oncesi-kitaplar","7":"pa_cilt-ciltsiz","8":"pa_tur-kitap","9":"pa_yayinevi-turta-kitap","10":"pa_yazar-turta-kolektif","12":"first","13":"instock","14":"sale","15":"shipping-taxable","16":"purchasable","17":"product-type-simple"},"_links":{"self":[{"href":"https:\/\/roveyayinevi.com.tr\/index.php\/wp-json\/wp\/v2\/product\/725711","targetHints":{"allow":["GET"]}}],"collection":[{"href":"https:\/\/roveyayinevi.com.tr\/index.php\/wp-json\/wp\/v2\/product"}],"about":[{"href":"https:\/\/roveyayinevi.com.tr\/index.php\/wp-json\/wp\/v2\/types\/product"}],"wp:attachment":[{"href":"https:\/\/roveyayinevi.com.tr\/index.php\/wp-json\/wp\/v2\/media?parent=725711"}],"wp:term":[{"taxonomy":"product_brand","embeddable":true,"href":"https:\/\/roveyayinevi.com.tr\/index.php\/wp-json\/wp\/v2\/product_brand?post=725711"},{"taxonomy":"product_cat","embeddable":true,"href":"https:\/\/roveyayinevi.com.tr\/index.php\/wp-json\/wp\/v2\/product_cat?post=725711"},{"taxonomy":"product_tag","embeddable":true,"href":"https:\/\/roveyayinevi.com.tr\/index.php\/wp-json\/wp\/v2\/product_tag?post=725711"}],"curies":[{"name":"wp","href":"https:\/\/api.w.org\/{rel}","templated":true}]}}