{"id":725695,"date":"2025-08-27T19:54:43","date_gmt":"2025-08-27T16:54:43","guid":{"rendered":"https:\/\/roveyayinevi.com.tr\/index.php\/urun\/filozofun-kopegi\/"},"modified":"2026-04-16T02:33:35","modified_gmt":"2026-04-15T23:33:35","slug":"filozofun-kopegi","status":"publish","type":"product","link":"https:\/\/roveyayinevi.com.tr\/index.php\/urun\/filozofun-kopegi\/","title":{"rendered":"Filozofun K\u00f6pe\u011fi"},"content":{"rendered":"<p>\u201cHayvanlar nas\u0131l d\u00fc\u015f\u00fcn\u00fcr ve hisseder? Onlara sevgi, ba\u011fl\u0131l\u0131k, ac\u0131 ve hatta onur gibi kavramlar atfetmek yanl\u0131\u015f m\u0131d\u0131r? K\u00f6pekler \u00f6l\u00fcm\u00fcn fark\u0131nda m\u0131d\u0131r? Onursuzluk kavram\u0131m\u0131z, \u00f6l\u00fc k\u00f6peklere nas\u0131l davrand\u0131\u011f\u0131m\u0131za kadar geni\u015fletilebilir mi? Kimi hayvanlar\u0131 \u00e7ok \u00f6nemserken neden baz\u0131lar\u0131na hi\u00e7 kulak asmay\u0131z? Yiyecek i\u00e7in hayvan kesmenin ahlaki yan\u0131 var m\u0131d\u0131r? Hayvanlara bilin\u00e7 durumlar\u0131 atfetmek onlara kar\u015f\u0131 davran\u0131\u015flar\u0131m\u0131z\u0131 nas\u0131l etkiler? Bu t\u00fcr \u015feyler hakk\u0131ndaki kavray\u0131\u015f\u0131m\u0131z\u0131 nas\u0131l anlayabiliriz ve hayvanlarla ili\u015fkilerimiz kendi insanl\u0131\u011f\u0131m\u0131z hakk\u0131nda bize ne s\u00f6yler?\u201dBu ve benzeri sorular\u0131 J. M. Coetzee\u2019den Hannah Arendt\u2019e, Ludwig Wittgenstein\u2019dan Ren\u00e9 Descartes\u2019a kadar bir\u00e7ok yazar ve filozofla tart\u0131\u015fan Gaita, bu sorulara verilebilecek yan\u0131tlar\u0131n temeli olan, hepimizin bildi\u011fi ama s\u0131k an\u0131msamad\u0131\u011f\u0131m\u0131z bir ger\u00e7e\u011fi vurguluyor: \u201cCinselli\u011fimiz, talihsizli\u011fe kar\u015f\u0131 korunmas\u0131zl\u0131\u011f\u0131m\u0131z, ahlak\u0131m\u0131z gibi insanl\u0131k halini tan\u0131mlayan olgulara dair anlay\u0131\u015f\u0131m\u0131z ba\u015ftan sona yarat\u0131k olma niteli\u011fimizle belirlenir. Mahvolup gitmek yerine, di\u011fer canl\u0131 mahluklar gibi \u00f6l\u00fcr\u00fcz. Paslanmak ya da geri kazan\u0131lmak yerine k\u00fclden k\u00fcle, tozdan toza savrulmak, sona erme bi\u00e7imimizdir.Raimond Gaita, papa\u011fan Jack, k\u00f6pek Gypsy ve sokak kedisi Tosca gibi kahramanlar\u0131n\u0131n yan\u0131 s\u0131ra, kelebeklerden \u00f6r\u00fcmceklere kadar bir\u00e7ok hayvanla ilgili d\u00fc\u015f\u00fcnd\u00fcr\u00fcc\u00fc ve yer yer komik \u00f6yk\u00fcler anlatt\u0131\u011f\u0131 bu ola\u011fan\u00fcst\u00fc kitab\u0131nda, hayvan do\u011fas\u0131 ve onlarla olan ili\u015fkilerimizi kavray\u0131\u015f\u0131m\u0131z hakk\u0131nda yan\u0131tlanmas\u0131 zor fakat esinleyici sorular\u0131n cevaplar\u0131n\u0131 ar\u0131yor&#8230;<\/p>\n","protected":false},"excerpt":{"rendered":"<p>\u201cHayvanlar nas\u0131l d\u00fc\u015f\u00fcn\u00fcr ve hisseder? Onlara sevgi, ba\u011fl\u0131l\u0131k, ac\u0131 ve hatta onur gibi kavramlar atfetmek yanl\u0131\u015f m\u0131d\u0131r? K\u00f6pekler \u00f6l\u00fcm\u00fcn fark\u0131nda m\u0131d\u0131r? Onursuzluk kavram\u0131m\u0131z, \u00f6l\u00fc k\u00f6peklere nas\u0131l<span class=\"excerpt-hellip\"> [\u2026]<\/span><\/p>\n","protected":false},"featured_media":0,"template":"","meta":{"_monsterinsights_skip_tracking":false,"_monsterinsights_sitenote_active":false,"_monsterinsights_sitenote_note":"","_monsterinsights_sitenote_category":0},"product_brand":[],"product_cat":[16038,12388],"product_tag":[],"class_list":{"0":"post-725695","1":"product","2":"type-product","3":"status-publish","5":"product_cat-arastirma-inceleme-referans-felsefe","6":"product_cat-felsefe","7":"pa_cilt-ciltsiz","8":"pa_tur-kitap","9":"pa_yayinevi-totem-yayinlari","10":"pa_yazar-raimond-gaita","12":"first","13":"instock","14":"sale","15":"shipping-taxable","16":"purchasable","17":"product-type-simple"},"_links":{"self":[{"href":"https:\/\/roveyayinevi.com.tr\/index.php\/wp-json\/wp\/v2\/product\/725695","targetHints":{"allow":["GET"]}}],"collection":[{"href":"https:\/\/roveyayinevi.com.tr\/index.php\/wp-json\/wp\/v2\/product"}],"about":[{"href":"https:\/\/roveyayinevi.com.tr\/index.php\/wp-json\/wp\/v2\/types\/product"}],"wp:attachment":[{"href":"https:\/\/roveyayinevi.com.tr\/index.php\/wp-json\/wp\/v2\/media?parent=725695"}],"wp:term":[{"taxonomy":"product_brand","embeddable":true,"href":"https:\/\/roveyayinevi.com.tr\/index.php\/wp-json\/wp\/v2\/product_brand?post=725695"},{"taxonomy":"product_cat","embeddable":true,"href":"https:\/\/roveyayinevi.com.tr\/index.php\/wp-json\/wp\/v2\/product_cat?post=725695"},{"taxonomy":"product_tag","embeddable":true,"href":"https:\/\/roveyayinevi.com.tr\/index.php\/wp-json\/wp\/v2\/product_tag?post=725695"}],"curies":[{"name":"wp","href":"https:\/\/api.w.org\/{rel}","templated":true}]}}