{"id":725684,"date":"2025-08-27T19:54:35","date_gmt":"2025-08-27T16:54:35","guid":{"rendered":"https:\/\/roveyayinevi.com.tr\/index.php\/urun\/minik-fare-okula-basliyor\/"},"modified":"2026-04-16T02:33:34","modified_gmt":"2026-04-15T23:33:34","slug":"minik-fare-okula-basliyor","status":"publish","type":"product","link":"https:\/\/roveyayinevi.com.tr\/index.php\/urun\/minik-fare-okula-basliyor\/","title":{"rendered":"Minik Fare Okula Ba\u015fl\u0131yor"},"content":{"rendered":"<p>Minik Fare ve pofuduk arkada\u015flar\u0131 birlikte oynamay\u0131 \u00e7ok seviyorlar, k\u00fc\u00e7\u00fck kirpi K\u0131rp\u0131k ise onlardan \u00e7ok farkl\u0131 oldu\u011funu d\u00fc\u015f\u00fcnd\u00fc\u011f\u00fc i\u00e7in oyunlar\u0131na kat\u0131lmaya \u00e7ekiniyor. G\u00fcnlerden bir g\u00fcn, Minik Fare\u2019nin yard\u0131ma ihtiyac\u0131 oluyor ve ona yard\u0131m edebilecek tek ki\u015fi var: K\u0131rp\u0131k. Arkada\u015f edinmek ve kendini oldu\u011fu gibi kabul edebilmek hakk\u0131nda insan\u0131n i\u00e7ine i\u015fleyen, mutlulukla payla\u015f\u0131lacak bir hik\u00e2ye.<\/p>\n","protected":false},"excerpt":{"rendered":"<p>Minik Fare ve pofuduk arkada\u015flar\u0131 birlikte oynamay\u0131 \u00e7ok seviyorlar, k\u00fc\u00e7\u00fck kirpi K\u0131rp\u0131k ise onlardan \u00e7ok farkl\u0131 oldu\u011funu d\u00fc\u015f\u00fcnd\u00fc\u011f\u00fc i\u00e7in oyunlar\u0131na kat\u0131lmaya \u00e7ekiniyor. G\u00fcnlerden bir g\u00fcn, Minik<span class=\"excerpt-hellip\"> [\u2026]<\/span><\/p>\n","protected":false},"featured_media":0,"template":"","meta":{"_monsterinsights_skip_tracking":false,"_monsterinsights_sitenote_active":false,"_monsterinsights_sitenote_note":"","_monsterinsights_sitenote_category":0},"product_brand":[],"product_cat":[12274,12518],"product_tag":[],"class_list":{"0":"post-725684","1":"product","2":"type-product","3":"status-publish","5":"product_cat-cocuk-ve-genclik-kitaplari","6":"product_cat-okul-oncesi-kitaplar","7":"pa_cilt-ciltsiz","8":"pa_tur-kitap","9":"pa_yayinevi-is-bankasi-kultur-yayinlari","10":"pa_yazar-jo-parry","12":"first","13":"instock","14":"sale","15":"shipping-taxable","16":"purchasable","17":"product-type-simple"},"_links":{"self":[{"href":"https:\/\/roveyayinevi.com.tr\/index.php\/wp-json\/wp\/v2\/product\/725684","targetHints":{"allow":["GET"]}}],"collection":[{"href":"https:\/\/roveyayinevi.com.tr\/index.php\/wp-json\/wp\/v2\/product"}],"about":[{"href":"https:\/\/roveyayinevi.com.tr\/index.php\/wp-json\/wp\/v2\/types\/product"}],"wp:attachment":[{"href":"https:\/\/roveyayinevi.com.tr\/index.php\/wp-json\/wp\/v2\/media?parent=725684"}],"wp:term":[{"taxonomy":"product_brand","embeddable":true,"href":"https:\/\/roveyayinevi.com.tr\/index.php\/wp-json\/wp\/v2\/product_brand?post=725684"},{"taxonomy":"product_cat","embeddable":true,"href":"https:\/\/roveyayinevi.com.tr\/index.php\/wp-json\/wp\/v2\/product_cat?post=725684"},{"taxonomy":"product_tag","embeddable":true,"href":"https:\/\/roveyayinevi.com.tr\/index.php\/wp-json\/wp\/v2\/product_tag?post=725684"}],"curies":[{"name":"wp","href":"https:\/\/api.w.org\/{rel}","templated":true}]}}