{"id":725674,"date":"2025-08-27T19:54:26","date_gmt":"2025-08-27T16:54:26","guid":{"rendered":"https:\/\/roveyayinevi.com.tr\/index.php\/urun\/dubrosvki\/"},"modified":"2026-04-16T02:33:34","modified_gmt":"2026-04-15T23:33:34","slug":"dubrosvki","status":"publish","type":"product","link":"https:\/\/roveyayinevi.com.tr\/index.php\/urun\/dubrosvki\/","title":{"rendered":"Dubrosvki"},"content":{"rendered":"<p>Aleksandr Pu\u015fkin, Rus edebiyat\u0131n\u0131n kurucular\u0131ndan. 1837 y\u0131l\u0131nda bir d\u00fcelloyla gelen vakitsiz \u00f6l\u00fcm nedeniyle yap\u0131tlar\u0131 yar\u0131da kald\u0131: Haks\u0131zl\u0131k kar\u015f\u0131s\u0131nda isyan eden ama a\u015fk kar\u015f\u0131s\u0131nda boyun e\u011fen romantik kahraman\u0131yla Dubrovski, son d\u00f6neminde yazd\u0131\u011f\u0131 ve ancak \u00f6l\u00fcm\u00fcnden sonra bas\u0131lan yap\u0131tlar\u0131ndan biri. \u201c\u00c7etenin lideri zek\u00e2s\u0131, cesareti ve soylulu\u011fuyla \u00fcn yapt\u0131. Onunla ilgili mucizeler anlat\u0131l\u0131yordu; Dubrovski ad\u0131 b\u00fct\u00fcn dillerdeydi, herkes cesur canilere \u00f6nc\u00fcl\u00fck edenin ondan ba\u015fkas\u0131 olamayaca\u011f\u0131na inan\u0131yordu.\u201d<\/p>\n","protected":false},"excerpt":{"rendered":"<p>Aleksandr Pu\u015fkin, Rus edebiyat\u0131n\u0131n kurucular\u0131ndan. 1837 y\u0131l\u0131nda bir d\u00fcelloyla gelen vakitsiz \u00f6l\u00fcm nedeniyle yap\u0131tlar\u0131 yar\u0131da kald\u0131: Haks\u0131zl\u0131k kar\u015f\u0131s\u0131nda isyan eden ama a\u015fk kar\u015f\u0131s\u0131nda boyun e\u011fen romantik<span class=\"excerpt-hellip\"> [\u2026]<\/span><\/p>\n","protected":false},"featured_media":0,"template":"","meta":{"_monsterinsights_skip_tracking":false,"_monsterinsights_sitenote_active":false,"_monsterinsights_sitenote_note":"","_monsterinsights_sitenote_category":0},"product_brand":[],"product_cat":[12291,13872],"product_tag":[],"class_list":{"0":"post-725674","1":"product","2":"type-product","3":"status-publish","5":"product_cat-edebiyat","6":"product_cat-klasikler","7":"pa_cilt-ciltsiz","8":"pa_tur-kitap","9":"pa_yayinevi-kirmizi-kedi-yayinevi","10":"pa_yazar-aleksandr-sergeyevic-puskin","12":"first","13":"instock","14":"sale","15":"shipping-taxable","16":"purchasable","17":"product-type-simple"},"_links":{"self":[{"href":"https:\/\/roveyayinevi.com.tr\/index.php\/wp-json\/wp\/v2\/product\/725674","targetHints":{"allow":["GET"]}}],"collection":[{"href":"https:\/\/roveyayinevi.com.tr\/index.php\/wp-json\/wp\/v2\/product"}],"about":[{"href":"https:\/\/roveyayinevi.com.tr\/index.php\/wp-json\/wp\/v2\/types\/product"}],"wp:attachment":[{"href":"https:\/\/roveyayinevi.com.tr\/index.php\/wp-json\/wp\/v2\/media?parent=725674"}],"wp:term":[{"taxonomy":"product_brand","embeddable":true,"href":"https:\/\/roveyayinevi.com.tr\/index.php\/wp-json\/wp\/v2\/product_brand?post=725674"},{"taxonomy":"product_cat","embeddable":true,"href":"https:\/\/roveyayinevi.com.tr\/index.php\/wp-json\/wp\/v2\/product_cat?post=725674"},{"taxonomy":"product_tag","embeddable":true,"href":"https:\/\/roveyayinevi.com.tr\/index.php\/wp-json\/wp\/v2\/product_tag?post=725674"}],"curies":[{"name":"wp","href":"https:\/\/api.w.org\/{rel}","templated":true}]}}