{"id":725671,"date":"2025-08-27T19:54:24","date_gmt":"2025-08-27T16:54:24","guid":{"rendered":"https:\/\/roveyayinevi.com.tr\/index.php\/urun\/stratejik-insan-kaynaklari-yonetimi-imalat-sektorunde-bir-uygulama\/"},"modified":"2026-04-16T02:33:34","modified_gmt":"2026-04-15T23:33:34","slug":"stratejik-insan-kaynaklari-yonetimi-imalat-sektorunde-bir-uygulama","status":"publish","type":"product","link":"https:\/\/roveyayinevi.com.tr\/index.php\/urun\/stratejik-insan-kaynaklari-yonetimi-imalat-sektorunde-bir-uygulama\/","title":{"rendered":"Stratejik \u0130nsan Kaynaklar\u0131 Y\u00f6netimi \u0130malat Sekt\u00f6r\u00fcnde Bir Uygulama"},"content":{"rendered":"<p>\u0130\u00e7indekiler B\u00d6L\u00dcM I 1.1.Problemin Tespiti1.2.Ara\u015ft\u0131rman\u0131n Amac\u01311.3.Ara\u015ft\u0131rman\u0131n \u00d6nemi 1.4.Ara\u015ft\u0131rman\u0131n Metodolojisi1.5.Ara\u015ft\u0131rman\u0131n S\u0131n\u0131rl\u0131l\u0131klar\u0131 ve Varsay\u0131mlar\u0131B\u00d6L\u00dcM II \u2013 Kavramsal \u00c7er\u00e7eve ve \u0130lgili Ara\u015ft\u0131rmalar2.1.Strateji Tan\u0131m\u01312.2.Stratejik Y\u00f6netim Kavram\u01312.3.Stratejik Y\u00f6netim S\u00fcreci2.4.\u0130nsan Kaynaklar\u0131 Y\u00f6netimi2.5.Stratejik \u0130nsan Kaynaklar\u0131 Y\u00f6netimi2.6.Personel G\u00fc\u00e7lendirme2.7.\u00d6rg\u00fctsel Destek Alg\u0131s\u0131 2.8.\u0130\u015f Tatmini Kavram\u01312.9.\u0130\u015ften Ayr\u0131lma Niyeti Kavram\u01312.10.Kavramlar Aras\u0131ndaki \u0130li\u015fkilerB\u00d6L\u00dcM III \u2013 Y\u00f6ntem3.1.Ara\u015ft\u0131rman\u0131n Anak\u00fctlesi ve \u00d6rneklemi3.2.\u00c7al\u0131\u015fmada Kullan\u0131lan \u00d6l\u00e7\u00fcm Ara\u00e7lar\u01313.3.Ara\u015ft\u0131rmada Verilerin Toplama Y\u00f6ntemi ve Analizi3.4.Kullan\u0131lan \u00d6l\u00e7eklerin Ge\u00e7erlik ve G\u00fcvenirlik AnalizleriB\u00d6L\u00dcM IV \u2013 Bulgular Ve Yorumlar4.1.Ara\u015ft\u0131rman\u0131n Modelinin Varyans Temelli YEM ile Test Edilmesi ve Sonu\u00e7lar\u01314.2.Ara\u015ft\u0131rman\u0131n Modelinin Kovaryans Temelli YEM ile Test Edilmesi ve Sonu\u00e7lar\u0131B\u00d6L\u00dcM V \u2013 Sonu\u00e7 ve Tart\u0131\u015fmaKaynak\u00e7a<\/p>\n","protected":false},"excerpt":{"rendered":"<p>\u0130\u00e7indekiler B\u00d6L\u00dcM I 1.1.Problemin Tespiti1.2.Ara\u015ft\u0131rman\u0131n Amac\u01311.3.Ara\u015ft\u0131rman\u0131n \u00d6nemi 1.4.Ara\u015ft\u0131rman\u0131n Metodolojisi1.5.Ara\u015ft\u0131rman\u0131n S\u0131n\u0131rl\u0131l\u0131klar\u0131 ve Varsay\u0131mlar\u0131B\u00d6L\u00dcM II \u2013 Kavramsal \u00c7er\u00e7eve ve \u0130lgili Ara\u015ft\u0131rmalar2.1.Strateji Tan\u0131m\u01312.2.Stratejik Y\u00f6netim Kavram\u01312.3.Stratejik Y\u00f6netim S\u00fcreci2.4.\u0130nsan Kaynaklar\u0131 Y\u00f6netimi2.5.Stratejik<span class=\"excerpt-hellip\"> [\u2026]<\/span><\/p>\n","protected":false},"featured_media":0,"template":"","meta":{"_monsterinsights_skip_tracking":false,"_monsterinsights_sitenote_active":false,"_monsterinsights_sitenote_note":"","_monsterinsights_sitenote_category":0},"product_brand":[],"product_cat":[13043,14754],"product_tag":[],"class_list":{"0":"post-725671","1":"product","2":"type-product","3":"status-publish","5":"product_cat-ekonomi","6":"product_cat-halkla-iliskiler-insan-kaynaklari","7":"pa_cilt-ciltsiz","8":"pa_tur-kitap","9":"pa_yayinevi-gazi-kitabevi","10":"pa_yazar-erkan-yakut-ergun-kara","12":"first","13":"instock","14":"sale","15":"shipping-taxable","16":"purchasable","17":"product-type-simple"},"_links":{"self":[{"href":"https:\/\/roveyayinevi.com.tr\/index.php\/wp-json\/wp\/v2\/product\/725671","targetHints":{"allow":["GET"]}}],"collection":[{"href":"https:\/\/roveyayinevi.com.tr\/index.php\/wp-json\/wp\/v2\/product"}],"about":[{"href":"https:\/\/roveyayinevi.com.tr\/index.php\/wp-json\/wp\/v2\/types\/product"}],"wp:attachment":[{"href":"https:\/\/roveyayinevi.com.tr\/index.php\/wp-json\/wp\/v2\/media?parent=725671"}],"wp:term":[{"taxonomy":"product_brand","embeddable":true,"href":"https:\/\/roveyayinevi.com.tr\/index.php\/wp-json\/wp\/v2\/product_brand?post=725671"},{"taxonomy":"product_cat","embeddable":true,"href":"https:\/\/roveyayinevi.com.tr\/index.php\/wp-json\/wp\/v2\/product_cat?post=725671"},{"taxonomy":"product_tag","embeddable":true,"href":"https:\/\/roveyayinevi.com.tr\/index.php\/wp-json\/wp\/v2\/product_tag?post=725671"}],"curies":[{"name":"wp","href":"https:\/\/api.w.org\/{rel}","templated":true}]}}