{"id":725663,"date":"2025-08-27T19:54:17","date_gmt":"2025-08-27T16:54:17","guid":{"rendered":"https:\/\/roveyayinevi.com.tr\/index.php\/urun\/prehistoryadan-gunumuze-kadin\/"},"modified":"2026-04-16T02:33:34","modified_gmt":"2026-04-15T23:33:34","slug":"prehistoryadan-gunumuze-kadin","status":"publish","type":"product","link":"https:\/\/roveyayinevi.com.tr\/index.php\/urun\/prehistoryadan-gunumuze-kadin\/","title":{"rendered":"Prehistoryadan G\u00fcn\u00fcm\u00fcze Kad\u0131n"},"content":{"rendered":"<p>Kad\u0131n\u0131n en erken izi Ven\u00fcs heykelcikleri ad\u0131yla bilinen &#8220;sanat&#8221; eserleri yoluyla Paleolitik \u00c7a\u011f&#8217;da kendini g\u00f6sterir. Normal \u00f6l\u00e7\u00fclerin d\u0131\u015f\u0131nda ve \u00e7\u0131plak olarak tasvir edilen bu kad\u0131n heykelcikleri, bilinen tarihin en erken safhas\u0131nda, kad\u0131n\u0131n toplumsal yap\u0131da kutsal bir nedenle \u00f6n plana \u00e7\u0131kt\u0131\u011f\u0131n\u0131 g\u00f6sterir. Neolitik \u00c7a\u011f&#8217;da ise yayg\u0131n ve bask\u0131n dinsel inanc\u0131n kad\u0131n imaj\u0131 oldu\u011fu anla\u015f\u0131lmaktad\u0131r. Bu \u00e7a\u011flarda kad\u0131n\u0131n dini bir karakter g\u00f6stermesi, toplumda anaerkil d\u00fczenin varl\u0131\u011f\u0131n\u0131 i\u015faret etti\u011fi \u015feklinde kabul g\u00f6r\u00fcr. Fakat sonraki d\u00f6nemlerde arkeolojik ve yaz\u0131nsal verilerin ortaya koydu\u011fu \u00fczere, eski \u00e7a\u011f\u0131n farkl\u0131 toplumlar\u0131nda ataerkil yap\u0131n\u0131n bask\u0131n hale geldi\u011fi, buna \u00e7o\u011fu zaman inanc\u0131n dayanak g\u00f6sterildi\u011fi ve bu d\u00fczenin g\u00fcn\u00fcm\u00fcze dek s\u00fcrd\u00fc\u011f\u00fc g\u00f6r\u00fcl\u00fcr. Fakat ataerkillik kad\u0131n\u0131n aileden siyasete kadar ad\u0131n\u0131n ve s\u00f6z\u00fcn\u00fcn ge\u00e7mesine b\u00fct\u00fcn\u00fcyle engel te\u015fkil etmemi\u015ftir. Farkl\u0131 zamanlarda ya da toplumlarda kad\u0131n\u0131n kar\u015f\u0131la\u015ft\u0131\u011f\u0131 yasaklar, k\u0131s\u0131tlamalar ve yahut \u00f6zg\u00fcrl\u00fckler kendini sosyal, siyasi ve dini hayatta somut veriler ile g\u00f6stermi\u015ftir. Kad\u0131n\u0131n kar\u015f\u0131la\u015ft\u0131\u011f\u0131 bu de\u011fi\u015fken yap\u0131, sanattan edebiyata, inan\u00e7tan sosyal haklara kadar etki etmi\u015ftir. Bu kitap hayat\u0131n her alan\u0131nda bir\u00e7ok rolde var olan \u00e7al\u0131\u015fan kad\u0131n\u0131 farkl\u0131 disiplinlerin bilimsel kaleminden ele alan bir eserdir. Kitab\u0131n herhangi bir b\u00f6l\u00fcm\u00fcnde konu ele al\u0131n\u0131rken kas\u0131tl\u0131 olarak feminist ya da misandrist bir \u00e7aba g\u00fcd\u00fclmemi\u015ftir. Aksine kad\u0131n konusu t\u00fcm pop\u00fclist yakla\u015f\u0131mlardan uzak ve bilimsel temellere dayal\u0131 bir \u015fekilde ele al\u0131nm\u0131\u015ft\u0131r. Paleolitik \u00c7a\u011f&#8217;dan itibaren ba\u015flayarak g\u00fcn\u00fcm\u00fcze kadar farkl\u0131 \u00e7er\u00e7evelerde insan kad\u0131n\u0131 ele alan b\u00f6l\u00fcmler bu kitapta, arkeoloji, sanat tarihi, tarih, inan\u00e7 ve felsefe, edebiyat ve kad\u0131n \u00e7al\u0131\u015fmalar\u0131 olmak \u00fczere be\u015f alt ba\u015fl\u0131k alt\u0131nda grupland\u0131r\u0131lm\u0131\u015ft\u0131r. Ayr\u0131ca bu yay\u0131n, kad\u0131n\u0131n Prehistorya&#8217;dan g\u00fcn\u00fcm\u00fcze kadar olan varl\u0131\u011f\u0131n\u0131 ve var olma \u00e7abas\u0131n\u0131 a\u00e7\u0131\u011fa \u00e7\u0131karmay\u0131 hedeflemektedir. B\u00f6ylece farkl\u0131 alanlaradan ara\u015ft\u0131rmac\u0131lar\u0131n da yaralanabilece\u011fi disiplinleraras\u0131 bir eser olarak bilim d\u00fcnyas\u0131ndaki yerini alacakt\u0131r.<\/p>\n","protected":false},"excerpt":{"rendered":"<p>Kad\u0131n\u0131n en erken izi Ven\u00fcs heykelcikleri ad\u0131yla bilinen &#8220;sanat&#8221; eserleri yoluyla Paleolitik \u00c7a\u011f&#8217;da kendini g\u00f6sterir. Normal \u00f6l\u00e7\u00fclerin d\u0131\u015f\u0131nda ve \u00e7\u0131plak olarak tasvir edilen bu kad\u0131n heykelcikleri,<span class=\"excerpt-hellip\"> [\u2026]<\/span><\/p>\n","protected":false},"featured_media":0,"template":"","meta":{"_monsterinsights_skip_tracking":false,"_monsterinsights_sitenote_active":false,"_monsterinsights_sitenote_note":"","_monsterinsights_sitenote_category":0},"product_brand":[],"product_cat":[52477,52478],"product_tag":[],"class_list":{"0":"post-725663","1":"product","2":"type-product","3":"status-publish","5":"product_cat-arastirma","6":"product_cat-arkeoloji","7":"pa_cilt-ciltsiz","8":"pa_tur-kitap","9":"pa_yayinevi-bilgin-kultur-sanat","10":"pa_yazar-meral-hakman","12":"first","13":"instock","14":"sale","15":"shipping-taxable","16":"purchasable","17":"product-type-simple"},"_links":{"self":[{"href":"https:\/\/roveyayinevi.com.tr\/index.php\/wp-json\/wp\/v2\/product\/725663","targetHints":{"allow":["GET"]}}],"collection":[{"href":"https:\/\/roveyayinevi.com.tr\/index.php\/wp-json\/wp\/v2\/product"}],"about":[{"href":"https:\/\/roveyayinevi.com.tr\/index.php\/wp-json\/wp\/v2\/types\/product"}],"wp:attachment":[{"href":"https:\/\/roveyayinevi.com.tr\/index.php\/wp-json\/wp\/v2\/media?parent=725663"}],"wp:term":[{"taxonomy":"product_brand","embeddable":true,"href":"https:\/\/roveyayinevi.com.tr\/index.php\/wp-json\/wp\/v2\/product_brand?post=725663"},{"taxonomy":"product_cat","embeddable":true,"href":"https:\/\/roveyayinevi.com.tr\/index.php\/wp-json\/wp\/v2\/product_cat?post=725663"},{"taxonomy":"product_tag","embeddable":true,"href":"https:\/\/roveyayinevi.com.tr\/index.php\/wp-json\/wp\/v2\/product_tag?post=725663"}],"curies":[{"name":"wp","href":"https:\/\/api.w.org\/{rel}","templated":true}]}}