{"id":725662,"date":"2025-08-27T19:54:16","date_gmt":"2025-08-27T16:54:16","guid":{"rendered":"https:\/\/roveyayinevi.com.tr\/index.php\/urun\/maaday-kara\/"},"modified":"2026-04-16T02:33:34","modified_gmt":"2026-04-15T23:33:34","slug":"maaday-kara","status":"publish","type":"product","link":"https:\/\/roveyayinevi.com.tr\/index.php\/urun\/maaday-kara\/","title":{"rendered":"Maaday- Kara"},"content":{"rendered":"<p>Ruht Gild\u2019in deyimiyle, \u201cD\u00fcnya destan literat\u00fcr\u00fcnde yer alacak kalitede bir eser\u201d olan ve Altay destanlar\u0131n\u0131n zirvesi ve en hacimlisi say\u0131lan Maaday-Kara, \u015eamanist d\u00fc\u015f\u00fcnce do\u011frultusunda bu d\u00fcnyay\u0131 ve \u00f6b\u00fcr d\u00fcnyay\u0131 alg\u0131lamaya \u00e7al\u0131\u015fan bir toplumun \u00fcr\u00fcn\u00fcd\u00fcr. Yirminci y\u00fczy\u0131l\u0131n ortas\u0131nda derlenerek yaz\u0131ya aktar\u0131lan destanda olaylar \u00fc\u00e7 farkl\u0131 boyutta geli\u015fir: yery\u00fcz\u00fc, yeralt\u0131 ve g\u00f6ky\u00fcz\u00fc. \u00dc\u00e7 boyutlu olarak alg\u0131lanan bu d\u00fcnyan\u0131n kap\u0131lar\u0131 birbirine kapal\u0131 de\u011fildir. Birinden di\u011ferine gitmek ve d\u00f6nmek m\u00fcmk\u00fcnd\u00fcr. Mitsel unsurlar\u0131n epik bir dille bir araya getirildi\u011fi destan, \u201czalim hanla m\u00fccadele\u201d; \u201cucubelerle sava\u015f\u201d; \u201ctutsak d\u00fc\u015fm\u00fc\u015f olan anne ve baban\u0131n kurtar\u0131lmas\u0131\u201d; \u201cevlenme yolculu\u011funa \u00e7\u0131k\u0131\u015f\u201d; \u201cyeralt\u0131 tanr\u0131s\u0131yla m\u00fccadele\u201d gibi pek \u00e7ok arketipsel \u00f6genin kullan\u0131ld\u0131\u011f\u0131 parlak bir mitolojik \u015f\u00f6len olarak nitelendirilebilir. 7739 dizeden olu\u015fan destan metni, Salahaddin Bekki taraf\u0131ndan, genel okuyucu kitlesi g\u00f6zetilmek suretiyle, \u00d6l\u00e7\u00fcnl\u00fc T\u00fcrkiye T\u00fcrk\u00e7esiyle mensur olarak tekrar yaz\u0131lm\u0131\u015ft\u0131r.<\/p>\n","protected":false},"excerpt":{"rendered":"<p>Ruht Gild\u2019in deyimiyle, \u201cD\u00fcnya destan literat\u00fcr\u00fcnde yer alacak kalitede bir eser\u201d olan ve Altay destanlar\u0131n\u0131n zirvesi ve en hacimlisi say\u0131lan Maaday-Kara, \u015eamanist d\u00fc\u015f\u00fcnce do\u011frultusunda bu d\u00fcnyay\u0131<span class=\"excerpt-hellip\"> [\u2026]<\/span><\/p>\n","protected":false},"featured_media":0,"template":"","meta":{"_monsterinsights_skip_tracking":false,"_monsterinsights_sitenote_active":false,"_monsterinsights_sitenote_note":"","_monsterinsights_sitenote_category":0},"product_brand":[],"product_cat":[12291,13706],"product_tag":[],"class_list":{"0":"post-725662","1":"product","2":"type-product","3":"status-publish","5":"product_cat-edebiyat","6":"product_cat-efsane-destan-masal","7":"pa_cilt-ciltsiz","8":"pa_tur-kitap","9":"pa_yayinevi-otuken-nesriyat","10":"pa_yazar-salahaddin-bekki","12":"first","13":"instock","14":"sale","15":"shipping-taxable","16":"purchasable","17":"product-type-simple"},"_links":{"self":[{"href":"https:\/\/roveyayinevi.com.tr\/index.php\/wp-json\/wp\/v2\/product\/725662","targetHints":{"allow":["GET"]}}],"collection":[{"href":"https:\/\/roveyayinevi.com.tr\/index.php\/wp-json\/wp\/v2\/product"}],"about":[{"href":"https:\/\/roveyayinevi.com.tr\/index.php\/wp-json\/wp\/v2\/types\/product"}],"wp:attachment":[{"href":"https:\/\/roveyayinevi.com.tr\/index.php\/wp-json\/wp\/v2\/media?parent=725662"}],"wp:term":[{"taxonomy":"product_brand","embeddable":true,"href":"https:\/\/roveyayinevi.com.tr\/index.php\/wp-json\/wp\/v2\/product_brand?post=725662"},{"taxonomy":"product_cat","embeddable":true,"href":"https:\/\/roveyayinevi.com.tr\/index.php\/wp-json\/wp\/v2\/product_cat?post=725662"},{"taxonomy":"product_tag","embeddable":true,"href":"https:\/\/roveyayinevi.com.tr\/index.php\/wp-json\/wp\/v2\/product_tag?post=725662"}],"curies":[{"name":"wp","href":"https:\/\/api.w.org\/{rel}","templated":true}]}}