{"id":725649,"date":"2025-08-27T19:54:05","date_gmt":"2025-08-27T16:54:05","guid":{"rendered":"https:\/\/roveyayinevi.com.tr\/index.php\/urun\/koy-enstituleri\/"},"modified":"2026-04-16T02:33:34","modified_gmt":"2026-04-15T23:33:34","slug":"koy-enstituleri","status":"publish","type":"product","link":"https:\/\/roveyayinevi.com.tr\/index.php\/urun\/koy-enstituleri\/","title":{"rendered":"K\u00f6y Enstit\u00fcleri"},"content":{"rendered":"<p>Cezmi Bayram\u2019\u0131n Bir Masal\u0131n Tahlili alt ba\u015fl\u0131\u011f\u0131yla ele ald\u0131\u011f\u0131 K\u00f6y Enstit\u00fcleri meselesi iki b\u00f6l\u00fcmden olu\u015fmaktad\u0131r. Birinci b\u00f6l\u00fcmde belgeler, Meclis zab\u0131tlar\u0131, d\u00f6nemin siyaset\u00e7i ve b\u00fcrokratlar\u0131n\u0131n mesele hakk\u0131ndaki de\u011ferlendirmeleri ve neticesinde yazar\u0131n K\u00f6y Enstit\u00fcleriyle ilgili \u015fahs\u00ee g\u00f6r\u00fc\u015fleri yer almakta olup; ikinci b\u00f6l\u00fcmde ise iki edebiyat ve fikir adam\u0131n\u0131n -Kemal Tahir ve \u015eevket S\u00fcreyya Aydemir\u2019in- romanlar\u0131n\u0131n tahlili ve onlar\u0131n bu mevzudaki g\u00f6r\u00fc\u015fleri bulunmaktad\u0131r. Yazar K\u00f6y Enstit\u00fcleriyle alakal\u0131 g\u00f6r\u00fc\u015flerini ve tenkidini \u015fu c\u00fcmlelerle aktar\u0131r:Art\u0131k, de\u011fil k\u00f6y i\u00e7in insan yeti\u015ftirmek, \u00fclke \u015fartlar\u0131na g\u00f6re dahi e\u011fitim yapmak hedef de\u011fildir. Yar\u0131\u015f d\u00fcnya \u00f6l\u00e7\u00fcs\u00fcndedir. Buna ra\u011fmen h\u00e2l\u00e2, k\u00f6y \u00e7ocu\u011funu k\u00f6yden al\u0131p k\u00f6y \u015fartlar\u0131nda yeti\u015ftirerek yine 20 y\u0131l k\u00f6yde ya\u015famaya mahk\u00fbm eden bir anlay\u0131\u015f\u0131n methiyesi yap\u0131labilmektedir. Daha \u00f6nemlisi, devrinin \u015fartlar\u0131 i\u00e7inde dahi uygulanmas\u0131n\u0131n bir\u00e7ok s\u0131k\u0131nt\u0131lara sebep oldu\u011fu g\u00f6r\u00fcld\u00fc\u011f\u00fc h\u00e2lde, b\u00fcy\u00fck ve ba\u015far\u0131l\u0131 bir e\u011fitim hamlesinin i\u00e7 ve d\u0131\u015f \u00e7\u0131kar \u00e7evreleri taraf\u0131ndan baltaland\u0131\u011f\u0131 d\u00fc\u015f\u00fcncesi ilm\u00ee bir hakikat gibi tekrar edilmektedir. Ba\u015fka hi\u00e7bir e\u011fitim kurumu, bin y\u0131l var olan medreseler dahil, bu \u00f6l\u00e7\u00fcde ve de\u011fi\u015fen \u015fartlara ra\u011fmen, \u0131srarla g\u00fcndemde tutulmam\u0131\u015f ve tart\u0131\u015fma konusu yap\u0131lmam\u0131\u015ft\u0131r. \u00c7\u00fcnk\u00fc, di\u011fer b\u00fct\u00fcn \u00f6\u011fretim m\u00fcesseseleri ilim, ak\u0131l ve ahl\u00e2k \u00f6l\u00e7\u00fcleri i\u00e7inde ele al\u0131nmakta; m\u00fcspet ve menfi taraflar\u0131, \u00fcst\u00fcnl\u00fckleri ve zaaflar\u0131 ile tahlil edilmektedir. Halbuki, K\u00f6y Enstit\u00fcleri ise bir a\u015fk, bir sevda meselesi gibi taraftarlar\u0131nca m\u00fctalaa edilmekte, dolay\u0131s\u0131yla burada ak\u0131l, ilim gibi \u00f6l\u00e7\u00fcler dikkatten uzak tutulmaktad\u0131r. O h\u00e2lde, bunun sebebi sadece faydal\u0131 bir kurumun ortadan kald\u0131r\u0131lmas\u0131na duyulan tepki olamaz.<\/p>\n","protected":false},"excerpt":{"rendered":"<p>Cezmi Bayram\u2019\u0131n Bir Masal\u0131n Tahlili alt ba\u015fl\u0131\u011f\u0131yla ele ald\u0131\u011f\u0131 K\u00f6y Enstit\u00fcleri meselesi iki b\u00f6l\u00fcmden olu\u015fmaktad\u0131r. Birinci b\u00f6l\u00fcmde belgeler, Meclis zab\u0131tlar\u0131, d\u00f6nemin siyaset\u00e7i ve b\u00fcrokratlar\u0131n\u0131n mesele hakk\u0131ndaki<span class=\"excerpt-hellip\"> [\u2026]<\/span><\/p>\n","protected":false},"featured_media":0,"template":"","meta":{"_monsterinsights_skip_tracking":false,"_monsterinsights_sitenote_active":false,"_monsterinsights_sitenote_note":"","_monsterinsights_sitenote_category":0},"product_brand":[],"product_cat":[13059,12337],"product_tag":[],"class_list":{"0":"post-725649","1":"product","2":"type-product","3":"status-publish","5":"product_cat-diger-politika-siyaset","6":"product_cat-politika-siyaset","7":"pa_cilt-ciltsiz","8":"pa_tur-kitap","9":"pa_yayinevi-otuken-nesriyat","10":"pa_yazar-cezmi-bayram","12":"first","13":"instock","14":"sale","15":"shipping-taxable","16":"purchasable","17":"product-type-simple"},"_links":{"self":[{"href":"https:\/\/roveyayinevi.com.tr\/index.php\/wp-json\/wp\/v2\/product\/725649","targetHints":{"allow":["GET"]}}],"collection":[{"href":"https:\/\/roveyayinevi.com.tr\/index.php\/wp-json\/wp\/v2\/product"}],"about":[{"href":"https:\/\/roveyayinevi.com.tr\/index.php\/wp-json\/wp\/v2\/types\/product"}],"wp:attachment":[{"href":"https:\/\/roveyayinevi.com.tr\/index.php\/wp-json\/wp\/v2\/media?parent=725649"}],"wp:term":[{"taxonomy":"product_brand","embeddable":true,"href":"https:\/\/roveyayinevi.com.tr\/index.php\/wp-json\/wp\/v2\/product_brand?post=725649"},{"taxonomy":"product_cat","embeddable":true,"href":"https:\/\/roveyayinevi.com.tr\/index.php\/wp-json\/wp\/v2\/product_cat?post=725649"},{"taxonomy":"product_tag","embeddable":true,"href":"https:\/\/roveyayinevi.com.tr\/index.php\/wp-json\/wp\/v2\/product_tag?post=725649"}],"curies":[{"name":"wp","href":"https:\/\/api.w.org\/{rel}","templated":true}]}}