{"id":725624,"date":"2025-08-27T19:53:12","date_gmt":"2025-08-27T16:53:12","guid":{"rendered":"https:\/\/roveyayinevi.com.tr\/index.php\/urun\/hamamname\/"},"modified":"2026-04-16T02:33:33","modified_gmt":"2026-04-15T23:33:33","slug":"hamamname","status":"publish","type":"product","link":"https:\/\/roveyayinevi.com.tr\/index.php\/urun\/hamamname\/","title":{"rendered":"Hamamname"},"content":{"rendered":"<p>B\u00f6yle bir kitap yazma d\u00fc\u015f\u00fcncesi, daha ben Ankara\u2019da ya\u015farken seksenlerde ortaya \u00e7\u0131km\u0131\u015ft\u0131. 1995 y\u0131l\u0131nda 40. ya\u015f\u0131m i\u00e7in haz\u0131rlad\u0131\u011f\u0131m Murathan \u201895 kitab\u0131mda yer alan \u201cUfuk Ayar\u0131\u201d b\u00f6l\u00fcm\u00fcndeki \u201c\u00d6lmeden \u00d6nce\u201d ba\u015fl\u0131kl\u0131 yaz\u0131mda okurlar\u0131m\u0131 bu tasar\u0131mdan \u015f\u00f6yle haberdar etmi\u015ftim: \u201c\u2018Hamamname\u2019 diye bir kitap y\u0131llard\u0131r d\u00f6n\u00fcp duruyor kafam\u0131n i\u00e7inde. Bir gizli tarih roman\u0131. Birka\u00e7, y\u00fczy\u0131l \u00f6nce bir \u0130stanbul hamam\u0131na yerle\u015ftikten sonra, \u00e7e\u015fitli hamamlar\u0131 gezerek g\u00fcn\u00fcm\u00fcze kadar gelmi\u015f, bir hamam cininin a\u011fz\u0131ndan, \u0130stanbul\u2019un son birka\u00e7, y\u00fczy\u0131l\u0131n\u0131, yaln\u0131zca hamamdan g\u00f6r\u00fcnen yanlar\u0131yla dinlemeyi ve dinletmeyi ama\u00e7l\u0131yorum. \u0130stanbul\u2019un hamamlar tarihiyle, g\u00fcndelik hayat ve bireysel hayatlar aras\u0131ndaki b\u00fcy\u00fck dolamba\u00e7lar, yeralt\u0131 tarihleri, k\u00fclhanlar, su sarn\u0131\u00e7lar\u0131&#8230; Osmanl\u0131 sanatlar\u0131 ile \u00e7a\u011fda\u015f, anlat\u0131 teknikleri aras\u0131nda yeni bir dil aray\u0131\u015f\u0131 ama\u00e7l\u0131yorum.\u201dOysa Hamamname\u2019yle ilgili ilk notlar bu bilgilendirmeden \u00e7ok sonra 26 Haziran 2009 y\u0131l\u0131ndan ba\u015flayarak k\u00e2\u011f\u0131da d\u00f6k\u00fclmeye ba\u015flam\u0131\u015ft\u0131. Sonras\u0131 gene y\u0131llar.Hamamname, ilk \u015fiir kitab\u0131m Osmanl\u0131ya dair Hika\u0302yat\u2019tan sonra, Osmanl\u0131 malzemesine bu \u00e7apta bir yo\u011funlukla ilk geri d\u00f6n\u00fc\u015f\u00fcm say\u0131labilir.Bu kitab\u0131n harc\u0131nda ba\u015fta Re\u015fad Ekrem Ko\u00e7u olmak \u00fczere, Eb\u00fczziya Tevfik, Ahmet Refik, Enderunlu V\u00e2s\u0131f, Ahmet Rasim, Sermet Muhtar Alus, Semavi Eyice, Hamamc\u0131lar keth\u00fcdas\u0131 Dervi\u015f Ismail, Enderunlu F\u00e2z\u0131l Bey gibi nice yazar\u0131n b\u0131rakt\u0131\u011f\u0131 miras\u0131n hakk\u0131 vard\u0131r. O miras\u0131n nefesiyle yaz\u0131lm\u0131\u015ft\u0131r. \u2014 Murathan Mungan<\/p>\n","protected":false},"excerpt":{"rendered":"<p>B\u00f6yle bir kitap yazma d\u00fc\u015f\u00fcncesi, daha ben Ankara\u2019da ya\u015farken seksenlerde ortaya \u00e7\u0131km\u0131\u015ft\u0131. 1995 y\u0131l\u0131nda 40. ya\u015f\u0131m i\u00e7in haz\u0131rlad\u0131\u011f\u0131m Murathan \u201895 kitab\u0131mda yer alan \u201cUfuk Ayar\u0131\u201d b\u00f6l\u00fcm\u00fcndeki<span class=\"excerpt-hellip\"> [\u2026]<\/span><\/p>\n","protected":false},"featured_media":0,"template":"","meta":{"_monsterinsights_skip_tracking":false,"_monsterinsights_sitenote_active":false,"_monsterinsights_sitenote_note":"","_monsterinsights_sitenote_category":0},"product_brand":[],"product_cat":[18545,12291],"product_tag":[],"class_list":{"0":"post-725624","1":"product","2":"type-product","3":"status-publish","5":"product_cat-anlati","6":"product_cat-edebiyat","7":"pa_cilt-ciltsiz","8":"pa_tur-kitap","9":"pa_yayinevi-metis-yayinlari","10":"pa_yazar-murathan-mungan","12":"first","13":"instock","14":"sale","15":"shipping-taxable","16":"purchasable","17":"product-type-simple"},"_links":{"self":[{"href":"https:\/\/roveyayinevi.com.tr\/index.php\/wp-json\/wp\/v2\/product\/725624","targetHints":{"allow":["GET"]}}],"collection":[{"href":"https:\/\/roveyayinevi.com.tr\/index.php\/wp-json\/wp\/v2\/product"}],"about":[{"href":"https:\/\/roveyayinevi.com.tr\/index.php\/wp-json\/wp\/v2\/types\/product"}],"wp:attachment":[{"href":"https:\/\/roveyayinevi.com.tr\/index.php\/wp-json\/wp\/v2\/media?parent=725624"}],"wp:term":[{"taxonomy":"product_brand","embeddable":true,"href":"https:\/\/roveyayinevi.com.tr\/index.php\/wp-json\/wp\/v2\/product_brand?post=725624"},{"taxonomy":"product_cat","embeddable":true,"href":"https:\/\/roveyayinevi.com.tr\/index.php\/wp-json\/wp\/v2\/product_cat?post=725624"},{"taxonomy":"product_tag","embeddable":true,"href":"https:\/\/roveyayinevi.com.tr\/index.php\/wp-json\/wp\/v2\/product_tag?post=725624"}],"curies":[{"name":"wp","href":"https:\/\/api.w.org\/{rel}","templated":true}]}}