{"id":725612,"date":"2025-08-27T19:53:02","date_gmt":"2025-08-27T16:53:02","guid":{"rendered":"https:\/\/roveyayinevi.com.tr\/index.php\/urun\/alisin-kent-gunlukleri-seti-4-kitap-takim\/"},"modified":"2026-04-16T02:33:33","modified_gmt":"2026-04-15T23:33:33","slug":"alisin-kent-gunlukleri-seti-4-kitap-takim","status":"publish","type":"product","link":"https:\/\/roveyayinevi.com.tr\/index.php\/urun\/alisin-kent-gunlukleri-seti-4-kitap-takim\/","title":{"rendered":"Ali\u015f&#8217;in Kent G\u00fcnl\u00fckleri Seti (4 Kitap Tak\u0131m)"},"content":{"rendered":"<p>Ali\u015f&#8217;in Kent G\u00fcnl\u00fckleri, okuyabilmek i\u00e7in ailesiyle birlikte \u0130stanbul&#8217;a ta\u015f\u0131nan k\u00f6y \u00e7ocu\u011fu Ali\u015f&#8217;in ya\u015fad\u0131klar\u0131n\u0131 anlat\u0131yor.Minik Ali\u015f, bir taraftan k\u00f6y\u00fcn\u00fc ve k\u00f6y ya\u015fam\u0131n\u0131 \u00f6zlerken, bir taraftan da \u015fehir hayat\u0131nda yepyeni ve farkl\u0131 deneyimler edinmenin keyfine var\u0131yor.\u00c7ocuklara iki farkl\u0131 ya\u015fam k\u00fclt\u00fcr\u00fcn\u00fc yer yer e\u011flenceli, yer yer bilgilendirici \u015fekilde anlatan bu seri k\u00f6y ve kente dair yeni bir bak\u0131\u015f kazand\u0131r\u0131yor. Bakal\u0131m minik Ali\u015f, h\u0131zl\u0131 kent hayat\u0131na uyum sa\u011flayabilecek mi<\/p>\n","protected":false},"excerpt":{"rendered":"<p>Ali\u015f&#8217;in Kent G\u00fcnl\u00fckleri, okuyabilmek i\u00e7in ailesiyle birlikte \u0130stanbul&#8217;a ta\u015f\u0131nan k\u00f6y \u00e7ocu\u011fu Ali\u015f&#8217;in ya\u015fad\u0131klar\u0131n\u0131 anlat\u0131yor.Minik Ali\u015f, bir taraftan k\u00f6y\u00fcn\u00fc ve k\u00f6y ya\u015fam\u0131n\u0131 \u00f6zlerken, bir taraftan da \u015fehir<span class=\"excerpt-hellip\"> [\u2026]<\/span><\/p>\n","protected":false},"featured_media":0,"template":"","meta":{"_monsterinsights_skip_tracking":false,"_monsterinsights_sitenote_active":false,"_monsterinsights_sitenote_note":"","_monsterinsights_sitenote_category":0},"product_brand":[],"product_cat":[12274,12284],"product_tag":[],"class_list":{"0":"post-725612","1":"product","2":"type-product","3":"status-publish","5":"product_cat-cocuk-ve-genclik-kitaplari","6":"product_cat-hikayeler","7":"pa_cilt-ciltsiz","8":"pa_tur-kitap","9":"pa_yayinevi-timas-cocuk","10":"pa_yazar-sebnem-guler-karacan","12":"first","13":"instock","14":"sale","15":"shipping-taxable","16":"purchasable","17":"product-type-simple"},"_links":{"self":[{"href":"https:\/\/roveyayinevi.com.tr\/index.php\/wp-json\/wp\/v2\/product\/725612","targetHints":{"allow":["GET"]}}],"collection":[{"href":"https:\/\/roveyayinevi.com.tr\/index.php\/wp-json\/wp\/v2\/product"}],"about":[{"href":"https:\/\/roveyayinevi.com.tr\/index.php\/wp-json\/wp\/v2\/types\/product"}],"wp:attachment":[{"href":"https:\/\/roveyayinevi.com.tr\/index.php\/wp-json\/wp\/v2\/media?parent=725612"}],"wp:term":[{"taxonomy":"product_brand","embeddable":true,"href":"https:\/\/roveyayinevi.com.tr\/index.php\/wp-json\/wp\/v2\/product_brand?post=725612"},{"taxonomy":"product_cat","embeddable":true,"href":"https:\/\/roveyayinevi.com.tr\/index.php\/wp-json\/wp\/v2\/product_cat?post=725612"},{"taxonomy":"product_tag","embeddable":true,"href":"https:\/\/roveyayinevi.com.tr\/index.php\/wp-json\/wp\/v2\/product_tag?post=725612"}],"curies":[{"name":"wp","href":"https:\/\/api.w.org\/{rel}","templated":true}]}}