{"id":725597,"date":"2025-08-27T19:52:49","date_gmt":"2025-08-27T16:52:49","guid":{"rendered":"https:\/\/roveyayinevi.com.tr\/index.php\/urun\/kartallar-sinir-tanimaz\/"},"modified":"2026-02-03T02:47:43","modified_gmt":"2026-02-02T23:47:43","slug":"kartallar-sinir-tanimaz","status":"publish","type":"product","link":"https:\/\/roveyayinevi.com.tr\/index.php\/urun\/kartallar-sinir-tanimaz\/","title":{"rendered":"Kartallar S\u0131n\u0131r Tan\u0131maz"},"content":{"rendered":"<p>KARTALLAR SINIR TANIMAZ roman\u0131, bir d\u00f6nemin g\u00f6z\u00fc pek yi\u011fitleri, Aloy Hac\u0131 ve arkada\u015flar\u0131n\u0131n Kafkasya\u2019da ba\u015flay\u0131p Anadolu\u2019ya sarkan gururlu ve bir o kadar da h\u00fcz\u00fcnl\u00fc hayatlar\u0131n\u0131n belgesel hik\u00e2yesidir.Eserde, \u0130htilal sonras\u0131nda y\u00f6netime el koyan Bol\u015feviklerin, h\u00e2kimiyet organlar\u0131n\u0131n ba\u015f\u0131na getirdikleri Ta\u015fnak militanlar\u0131 ve yerli hainler eliyle T\u00fcrk ayd\u0131nlar\u0131na, ilim, k\u00fclt\u00fcr, sanat adamlar\u0131na ve onlar\u0131n aile ve akrabalar\u0131na yap\u0131lan zul\u00fcm anlat\u0131lmaktad\u0131r.Kafkas Kartallar\u0131 nam\u0131yla bilinen bir k\u0131s\u0131m ayd\u0131n\u0131n, zulme sab\u0131r olmaz deyip \u00f6rg\u00fctlenerek zalimlere kar\u015f\u0131 m\u00fccadele vermeleri, ayn\u0131 zamanda h\u0131yanete u\u011fray\u0131p sefalete d\u00fc\u015fmeleri ak\u0131c\u0131 bir dille g\u00f6zler \u00f6n\u00fcne serilmektedir.Haks\u0131z yere tutuklan\u0131p i\u015fkence g\u00f6ren, ard\u0131ndan s\u00fcrg\u00fcne g\u00f6nderilen yaral\u0131 ve yorgun kartallar\u0131n hazin \u00f6yk\u00fcs\u00fcn\u00fc okumaya sorgu odalar\u0131ndan ba\u015flayacaks\u0131n\u0131z.Diliyle zehir, eliyle zul\u00fcm sa\u00e7an haysiyet cell\u00e2tlar\u0131n\u0131 tan\u0131yacaks\u0131n\u0131z.Bir aya\u011f\u0131n\u0131z Bak\u00fc&#8217;de, di\u011feri Almanya&#8217;da iz b\u0131rakacak. Kazak, Bor\u00e7al\u0131, Ah\u0131ska, Kars, Ele\u015fkirt ve Erci\u015f u\u011frak noktalar\u0131n\u0131z olacak.  Aloy Hac\u0131&#8217;n\u0131n \u00f6te yakada kalan anas\u0131, e\u015fi ve \u00e7ocuklar\u0131yla tan\u0131\u015facak, &#8220;Gidergelmez\u201de s\u00fcr\u00fclenlerin u\u011frad\u0131\u011f\u0131 ak\u0131beti \u00f6\u011frendik\u00e7e siz de sars\u0131lacaks\u0131n\u0131z. Kartallar, s\u0131n\u0131rlar aras\u0131nda kanat \u00e7\u0131rparken, bir sonraki maceray\u0131 okumak i\u00e7in sab\u0131rs\u0131zlanacaks\u0131n\u0131z.Yazar Ethem G\u00d6KT\u00dcRKBu eser, Bol\u015fevik \u0130htil\u00e2li sonras\u0131nda Sovyet Y\u00f6netiminin, NKVD organlar\u0131na yerle\u015ftirdi\u011fi Ta\u015fnak militanlar\u0131 ve yerli hainler eliyle Azerbaycan T\u00fcrklerine yapt\u0131klar\u0131 zulm\u00fc ve yurtlar\u0131ndan s\u00fcrg\u00fcn edilen veya ba\u015fka \u00fclkelere s\u0131\u011f\u0131nmak\/ka\u00e7mak mecburiyetinde kalan \u201cKafkas Kartallar\u0131n\u0131n\u201d cesaret, ihanet ve sefalet \u00fc\u00e7geninde \u201cs\u0131n\u0131r tan\u0131maz\u201d m\u00fccadelelerinin anlat\u0131ld\u0131\u011f\u0131 belgesel bir romand\u0131r.Bir devrin facialar\u0131n\u0131 bilfiil ya\u015fayan bir ailenin evlad\u0131 olan Ali KAFKASYALI taraf\u0131ndan yar\u0131m asr\u0131 a\u015fk\u0131n bir s\u00fcrede alanda yapt\u0131\u011f\u0131 ara\u015ft\u0131rmalara, ar\u015fiv belgelerine, devrin ma\u011fdurlar\u0131ndan dinlediklerine ve ko\u00e7aklar\u0131n ses kay\u0131tlar\u0131na dayanarak belgesel roman tarz\u0131nda kaleme ald\u0131\u011f\u0131 bu eser, onlarca bilinmeyen ve yaz\u0131lamayan\u0131 g\u00fcn \u0131\u015f\u0131\u011f\u0131na \u00e7\u0131karmas\u0131yla da ciddi bir tarihi ehemmiyet ta\u015f\u0131maktad\u0131r.<\/p>\n","protected":false},"excerpt":{"rendered":"<p>KARTALLAR SINIR TANIMAZ roman\u0131, bir d\u00f6nemin g\u00f6z\u00fc pek yi\u011fitleri, Aloy Hac\u0131 ve arkada\u015flar\u0131n\u0131n Kafkasya\u2019da ba\u015flay\u0131p Anadolu\u2019ya sarkan gururlu ve bir o kadar da h\u00fcz\u00fcnl\u00fc hayatlar\u0131n\u0131n belgesel<span class=\"excerpt-hellip\"> [\u2026]<\/span><\/p>\n","protected":false},"featured_media":0,"template":"","meta":{"_monsterinsights_skip_tracking":false,"_monsterinsights_sitenote_active":false,"_monsterinsights_sitenote_note":"","_monsterinsights_sitenote_category":0},"product_brand":[],"product_cat":[12291,12711],"product_tag":[],"class_list":{"0":"post-725597","1":"product","2":"type-product","3":"status-publish","5":"product_cat-edebiyat","6":"product_cat-roman-oyku","7":"pa_cilt-ciltsiz","8":"pa_tur-kitap","9":"pa_yayinevi-karinca-yayinlari","10":"pa_yazar-ali-kafkasyali","12":"first","13":"instock","14":"sale","15":"shipping-taxable","16":"purchasable","17":"product-type-simple"},"_links":{"self":[{"href":"https:\/\/roveyayinevi.com.tr\/index.php\/wp-json\/wp\/v2\/product\/725597","targetHints":{"allow":["GET"]}}],"collection":[{"href":"https:\/\/roveyayinevi.com.tr\/index.php\/wp-json\/wp\/v2\/product"}],"about":[{"href":"https:\/\/roveyayinevi.com.tr\/index.php\/wp-json\/wp\/v2\/types\/product"}],"wp:attachment":[{"href":"https:\/\/roveyayinevi.com.tr\/index.php\/wp-json\/wp\/v2\/media?parent=725597"}],"wp:term":[{"taxonomy":"product_brand","embeddable":true,"href":"https:\/\/roveyayinevi.com.tr\/index.php\/wp-json\/wp\/v2\/product_brand?post=725597"},{"taxonomy":"product_cat","embeddable":true,"href":"https:\/\/roveyayinevi.com.tr\/index.php\/wp-json\/wp\/v2\/product_cat?post=725597"},{"taxonomy":"product_tag","embeddable":true,"href":"https:\/\/roveyayinevi.com.tr\/index.php\/wp-json\/wp\/v2\/product_tag?post=725597"}],"curies":[{"name":"wp","href":"https:\/\/api.w.org\/{rel}","templated":true}]}}