{"id":725591,"date":"2025-08-27T19:52:44","date_gmt":"2025-08-27T16:52:44","guid":{"rendered":"https:\/\/roveyayinevi.com.tr\/index.php\/urun\/muhteviyat-idare-hukuku-konu-anlatim-seti-3-cilt-takim\/"},"modified":"2026-04-16T02:33:32","modified_gmt":"2026-04-15T23:33:32","slug":"muhteviyat-idare-hukuku-konu-anlatim-seti-3-cilt-takim","status":"publish","type":"product","link":"https:\/\/roveyayinevi.com.tr\/index.php\/urun\/muhteviyat-idare-hukuku-konu-anlatim-seti-3-cilt-takim\/","title":{"rendered":"Muhteviyat \u0130dare Hukuku Konu Anlat\u0131m Seti (3 Cilt Tak\u0131m)"},"content":{"rendered":"<p>\u0130\u00e7indekiler Cilt \u2013 1: T.C. \u0130dari Te\u015fkilat\u01311)T\u00fcrkiye\u2019nin \u0130dari Yap\u0131s\u01312)\u0130dare Hukukunun Genel Esaslar\u01313)\u0130dari \u0130\u015flemler4)\u0130dari S\u00f6zle\u015fmeler5)\u0130darenin Mali Sorumlulu\u011fu6)\u0130l \u0130daresi7)Radyo ve Televizyon \u00dcst Kurulu 8)Kamu \u0130ktisadi Te\u015febb\u00fcsleri9)Bakanl\u0131klar \u2013 Merkez Te\u015fkilat10)\u0130\u00e7i\u015fleri Bakanl\u0131\u011f\u0131 Te\u015fkilat\u013111)Ba\u011fl\u0131, \u0130lgili ve \u0130li\u015fkili Kurulu\u015flar12)Valilik ve Kaymakaml\u0131k Birimleri13)Kamu Mallar\u0131 Cilt \u2013 2 : \u0130dare Hukuk Mevzuat\u013114)Devlet Memurlar\u0131 15) Memurlar ve Di\u011fer Kamu G\u00f6revlilerinin Yarg\u0131lanmas\u013116)Kamula\u015ft\u0131rma17)Devletle\u015ftirme18)Ta\u015f\u0131nmaz Mal Zilyedli\u011fine Yap\u0131lan Tecav\u00fczlerin \u00d6nlenmesi19)\u0130mar20)Mal Bildiriminde Bulunulmas\u0131, R\u00fc\u015fvet ve Yolsuzluklarla M\u00fccadele21)Kamu Mali Y\u00f6netimi ve Kontrol22)Devlet \u0130hale Kanunu23)Kamu \u0130hale Kanunu24)Kolluk25)\u00d6zel G\u00fcvenlik Hizmetleri26)Kabahatler27)Amme Alacaklar\u0131n\u0131n Tahsil Usul\u00fc Cilt \u2013 3: Mahalli \u0130dareler28)\u0130l \u00d6zel \u0130daresi29)Belediye30)Mahalli \u0130dare Birlikleri31)B\u00fcy\u00fck\u015fehir Belediyesi32)Mahalli \u0130dareler ile Mahalle Muhtarl\u0131klar\u0131 ve \u0130htiyar Heyetleri33)K\u00f6y<\/p>\n","protected":false},"excerpt":{"rendered":"<p>\u0130\u00e7indekiler Cilt \u2013 1: T.C. \u0130dari Te\u015fkilat\u01311)T\u00fcrkiye\u2019nin \u0130dari Yap\u0131s\u01312)\u0130dare Hukukunun Genel Esaslar\u01313)\u0130dari \u0130\u015flemler4)\u0130dari S\u00f6zle\u015fmeler5)\u0130darenin Mali Sorumlulu\u011fu6)\u0130l \u0130daresi7)Radyo ve Televizyon \u00dcst Kurulu 8)Kamu \u0130ktisadi Te\u015febb\u00fcsleri9)Bakanl\u0131klar \u2013 Merkez<span class=\"excerpt-hellip\"> [\u2026]<\/span><\/p>\n","protected":false},"featured_media":0,"template":"","meta":{"_monsterinsights_skip_tracking":false,"_monsterinsights_sitenote_active":false,"_monsterinsights_sitenote_note":"","_monsterinsights_sitenote_category":0},"product_brand":[],"product_cat":[15351,15350],"product_tag":[],"class_list":{"0":"post-725591","1":"product","2":"type-product","3":"status-publish","5":"product_cat-ders-kitaplari","6":"product_cat-hukuk","7":"pa_cilt-ciltsiz","8":"pa_tur-kitap","9":"pa_yayinevi-gazi-kitabevi","10":"pa_yazar-berker-fatih-avsar","12":"first","13":"instock","14":"sale","15":"shipping-taxable","16":"purchasable","17":"product-type-simple"},"_links":{"self":[{"href":"https:\/\/roveyayinevi.com.tr\/index.php\/wp-json\/wp\/v2\/product\/725591","targetHints":{"allow":["GET"]}}],"collection":[{"href":"https:\/\/roveyayinevi.com.tr\/index.php\/wp-json\/wp\/v2\/product"}],"about":[{"href":"https:\/\/roveyayinevi.com.tr\/index.php\/wp-json\/wp\/v2\/types\/product"}],"wp:attachment":[{"href":"https:\/\/roveyayinevi.com.tr\/index.php\/wp-json\/wp\/v2\/media?parent=725591"}],"wp:term":[{"taxonomy":"product_brand","embeddable":true,"href":"https:\/\/roveyayinevi.com.tr\/index.php\/wp-json\/wp\/v2\/product_brand?post=725591"},{"taxonomy":"product_cat","embeddable":true,"href":"https:\/\/roveyayinevi.com.tr\/index.php\/wp-json\/wp\/v2\/product_cat?post=725591"},{"taxonomy":"product_tag","embeddable":true,"href":"https:\/\/roveyayinevi.com.tr\/index.php\/wp-json\/wp\/v2\/product_tag?post=725591"}],"curies":[{"name":"wp","href":"https:\/\/api.w.org\/{rel}","templated":true}]}}