{"id":725580,"date":"2025-08-27T19:52:34","date_gmt":"2025-08-27T16:52:34","guid":{"rendered":"https:\/\/roveyayinevi.com.tr\/index.php\/urun\/konstantiniyye-oteli-ciltli\/"},"modified":"2026-04-16T02:33:32","modified_gmt":"2026-04-15T23:33:32","slug":"konstantiniyye-oteli-ciltli","status":"publish","type":"product","link":"https:\/\/roveyayinevi.com.tr\/index.php\/urun\/konstantiniyye-oteli-ciltli\/","title":{"rendered":"Konstantiniyye Oteli (Ciltli )"},"content":{"rendered":"<p>Konstantiniyye\u2026 \u0130hti\u015faml\u0131 surlar\u0131n\u0131n karanl\u0131k diplerinde cinayetler i\u015flenen, otobanlar\u0131nda siyaset\u00e7ilerin suikastlara kurban gitti\u011fi, a\u00e7l\u0131ktan \u00e7ocuklar\u0131n dilendi\u011fi, gecekondular\u0131nda kad\u0131nlar\u0131n sessiz sedas\u0131z \u00f6ld\u00fcr\u00fcld\u00fc\u011f\u00fc, yal\u0131lar\u0131nda y\u00fczy\u0131ll\u0131k zenginli\u011fin c\u00f6mert\u00e7e seyre \u00e7\u0131kar\u0131ld\u0131\u011f\u0131 ve g\u00fczelli\u011fiyle Divan \u015fairlerine y\u00fczlerce \u015fehrengiz yazd\u0131ran, barok sanat\u0131ndan izler ta\u015f\u0131yan \u015fehirler \u015fehri \u0130stanbul.Romanlar\u0131 40 dilde yay\u0131nlanan ve uluslararas\u0131 pek \u00e7ok \u00f6d\u00fcle lay\u0131k g\u00f6r\u00fclen \u00fcnl\u00fc yazar Z\u00fclf\u00fc Livaneli, Konstantiniyye Oteli ile okurlar\u0131na bir \u0130stanbul panoramas\u0131 \u00e7iziyor. \u0130stanbul\u2019un kaymak tabakas\u0131n\u0131, alt s\u0131n\u0131flar\u0131 ve hatta \u00f6l\u00fclerin ruhlar\u0131n\u0131 bulu\u015fturup ba\u015far\u0131l\u0131 bir i\u015fkad\u0131n\u0131 Zehra\u2019n\u0131n g\u00f6z\u00fcnden anlat\u0131yor.  \u0130stanbul\u2019un k\u00f6kl\u00fc tarihini fona alan usta edebiyat\u00e7\u0131, onlarca karakteri, ge\u00e7mi\u015fi Bizans\u2019a dayanan bir otelin a\u00e7\u0131l\u0131\u015f\u0131na konuk ediyor; g\u00fc\u00e7 ve y\u00f6netim ili\u015fkilerinden romantizme ve \u201cba\u015f\u0131na sevda gelenlere\u201d  kadar uzanan, geni\u015f bir yelpazede insan ruhunu didik didik ediyor.Prof. Onur Bilge Kula\u2019n\u0131n deyi\u015fiyle \u201csenfonik bir roman\u201d olma \u00f6zelli\u011fi ta\u015f\u0131yan Konstantiniyye Oteli, \u0130stanbul\u2019da y\u00fczy\u0131llard\u0131r s\u00fcren c\u00fcmb\u00fc\u015f\u00fc anlamak a\u00e7\u0131s\u0131ndan T\u00fcrk edebiyat\u0131nda \u00f6nemlibir yer tutuyor.Elinizde tuttu\u011funuz bu \u00f6zel kitap, yeni bask\u0131s\u0131 ve g\u00f6zden ge\u00e7irilmi\u015f son haliyle okurlar\u0131na \u00e7ok sesli m\u00fczikal bir yap\u0131t sunuyor.<\/p>\n","protected":false},"excerpt":{"rendered":"<p>Konstantiniyye\u2026 \u0130hti\u015faml\u0131 surlar\u0131n\u0131n karanl\u0131k diplerinde cinayetler i\u015flenen, otobanlar\u0131nda siyaset\u00e7ilerin suikastlara kurban gitti\u011fi, a\u00e7l\u0131ktan \u00e7ocuklar\u0131n dilendi\u011fi, gecekondular\u0131nda kad\u0131nlar\u0131n sessiz sedas\u0131z \u00f6ld\u00fcr\u00fcld\u00fc\u011f\u00fc, yal\u0131lar\u0131nda y\u00fczy\u0131ll\u0131k zenginli\u011fin c\u00f6mert\u00e7e seyre \u00e7\u0131kar\u0131ld\u0131\u011f\u0131<span class=\"excerpt-hellip\"> [\u2026]<\/span><\/p>\n","protected":false},"featured_media":0,"template":"","meta":{"_monsterinsights_skip_tracking":false,"_monsterinsights_sitenote_active":false,"_monsterinsights_sitenote_note":"","_monsterinsights_sitenote_category":0},"product_brand":[],"product_cat":[12291,12711],"product_tag":[],"class_list":{"0":"post-725580","1":"product","2":"type-product","3":"status-publish","5":"product_cat-edebiyat","6":"product_cat-roman-oyku","7":"pa_cilt-ciltli","8":"pa_tur-kitap","9":"pa_yayinevi-inkilap-kitabevi","10":"pa_yazar-zulfu-livaneli","12":"first","13":"instock","14":"sale","15":"shipping-taxable","16":"purchasable","17":"product-type-simple"},"_links":{"self":[{"href":"https:\/\/roveyayinevi.com.tr\/index.php\/wp-json\/wp\/v2\/product\/725580","targetHints":{"allow":["GET"]}}],"collection":[{"href":"https:\/\/roveyayinevi.com.tr\/index.php\/wp-json\/wp\/v2\/product"}],"about":[{"href":"https:\/\/roveyayinevi.com.tr\/index.php\/wp-json\/wp\/v2\/types\/product"}],"wp:attachment":[{"href":"https:\/\/roveyayinevi.com.tr\/index.php\/wp-json\/wp\/v2\/media?parent=725580"}],"wp:term":[{"taxonomy":"product_brand","embeddable":true,"href":"https:\/\/roveyayinevi.com.tr\/index.php\/wp-json\/wp\/v2\/product_brand?post=725580"},{"taxonomy":"product_cat","embeddable":true,"href":"https:\/\/roveyayinevi.com.tr\/index.php\/wp-json\/wp\/v2\/product_cat?post=725580"},{"taxonomy":"product_tag","embeddable":true,"href":"https:\/\/roveyayinevi.com.tr\/index.php\/wp-json\/wp\/v2\/product_tag?post=725580"}],"curies":[{"name":"wp","href":"https:\/\/api.w.org\/{rel}","templated":true}]}}