{"id":725568,"date":"2025-08-27T19:52:24","date_gmt":"2025-08-27T16:52:24","guid":{"rendered":"https:\/\/roveyayinevi.com.tr\/index.php\/urun\/dort-incil-yazilmasi-derlenmesi-muhtevasi-farkliliklari-ve-celiskileri\/"},"modified":"2026-04-16T02:33:32","modified_gmt":"2026-04-15T23:33:32","slug":"dort-incil-yazilmasi-derlenmesi-muhtevasi-farkliliklari-ve-celiskileri","status":"publish","type":"product","link":"https:\/\/roveyayinevi.com.tr\/index.php\/urun\/dort-incil-yazilmasi-derlenmesi-muhtevasi-farkliliklari-ve-celiskileri\/","title":{"rendered":"D\u00f6rt \u0130ncil Yaz\u0131lmas\u0131 Derlenmesi Muhtevas\u0131 Farkl\u0131l\u0131klar\u0131 Ve \u00c7eli\u015fkileri"},"content":{"rendered":"<p>Bu eserde Hristiyanl\u0131\u011f\u0131n kutsal kitab\u0131 \u0130nciller ele al\u0131nm\u0131\u015f, bunlar\u0131n yaz\u0131lmas\u0131 ve toplanmas\u0131 tarih\u00ee seyri i\u00e7inde incelenmi\u015ftir. Ayr\u0131ca \u0130ncillerde yer alan konular tespit edilmi\u015f, hangi konunun hangi \u0130ncil\u2019de nas\u0131l anlat\u0131ld\u0131\u011f\u0131 kar\u015f\u0131la\u015ft\u0131rmal\u0131 bir \u015fekilde ortaya konarak \u0130nciller aras\u0131ndaki farkl\u0131l\u0131klara ve \u00e7eli\u015fkilere dikkat \u00e7ekilmi\u015ftir.T\u00fcrkiye\u2019de ve b\u00fct\u00fcn \u0130slam D\u00fcnyas\u0131nda Hristiyan misyonerleri taraf\u0131ndan y\u00fcr\u00fct\u00fclen yo\u011fun bir Hristiyanl\u0131k propagandas\u0131 vard\u0131r. Vatikan\u2019\u0131n Hristiyan-\u0130slam diyalo\u011fu i\u00e7in s\u00fcrekli \u00e7a\u011fr\u0131lar yapmas\u0131na ra\u011fmen, \u0130slam \u00fclkelerine y\u00f6nelik bu misyoner \u00e7al\u0131\u015fmalar\u0131n\u0131 kiliselerin organize etti\u011fi g\u00f6r\u00fclmektedir.T\u00fcrkiye\u2019de ve d\u00fcnyan\u0131n di\u011fer yerlerinde Hristiyanl\u0131\u011f\u0131 propaganda eden misyonerler, \u0130ncillerin sadece iyi ve g\u00fczel yanlar\u0131n\u0131 tan\u0131tmaktad\u0131rlar. H\u00e2lbuki \u0130ncillerde bu iyi ve g\u00fczel \u015feylerin yan\u0131 s\u0131ra akla, mant\u0131\u011fa ve bilime ayk\u0131r\u0131 \u015feyler de bulunmaktad\u0131r. \u0130\u015fte elinizdeki kitap, misyoner propagandalar\u0131nda yer almayan \u0130ncillerin bu yan\u0131n\u0131 dikkatinize sunmaktad\u0131r.Bu ara\u015ft\u0131rman\u0131n hedefi, \u0130ncillere inanan Hristiyanlar\u0131 rencide etmek de\u011fil, aksine objektif \u015fekilde yer yer Hristiyan kaynaklara da ba\u015fvurarak \u0130ncillerle ilgili ger\u00e7ekleri ortaya \u00e7\u0131karmakt\u0131r. Bu \u00e7al\u0131\u015fma ile Hristiyanlar\u0131 kendi inan\u00e7lar\u0131ndan \u00e7evirmek ama\u00e7lanmam\u0131\u015f, ancak Hristiyan olmad\u0131\u011f\u0131 h\u00e2lde bu dine \u00e7evrilmek istenen insanlar\u0131 uyararak onlar\u0131n ger\u00e7ekleri g\u00f6rmeleri sa\u011flanmak istenmi\u015ftir.<\/p>\n","protected":false},"excerpt":{"rendered":"<p>Bu eserde Hristiyanl\u0131\u011f\u0131n kutsal kitab\u0131 \u0130nciller ele al\u0131nm\u0131\u015f, bunlar\u0131n yaz\u0131lmas\u0131 ve toplanmas\u0131 tarih\u00ee seyri i\u00e7inde incelenmi\u015ftir. Ayr\u0131ca \u0130ncillerde yer alan konular tespit edilmi\u015f, hangi konunun hangi<span class=\"excerpt-hellip\"> [\u2026]<\/span><\/p>\n","protected":false},"featured_media":0,"template":"","meta":{"_monsterinsights_skip_tracking":false,"_monsterinsights_sitenote_active":false,"_monsterinsights_sitenote_note":"","_monsterinsights_sitenote_category":0},"product_brand":[],"product_cat":[12718,12807],"product_tag":[],"class_list":{"0":"post-725568","1":"product","2":"type-product","3":"status-publish","5":"product_cat-din","6":"product_cat-hristiyanlik","7":"pa_cilt-ciltsiz","8":"pa_tur-kitap","9":"pa_yayinevi-bilge-kultur-sanat","10":"pa_yazar-saban-kuzgun","12":"first","13":"instock","14":"sale","15":"shipping-taxable","16":"purchasable","17":"product-type-simple"},"_links":{"self":[{"href":"https:\/\/roveyayinevi.com.tr\/index.php\/wp-json\/wp\/v2\/product\/725568","targetHints":{"allow":["GET"]}}],"collection":[{"href":"https:\/\/roveyayinevi.com.tr\/index.php\/wp-json\/wp\/v2\/product"}],"about":[{"href":"https:\/\/roveyayinevi.com.tr\/index.php\/wp-json\/wp\/v2\/types\/product"}],"wp:attachment":[{"href":"https:\/\/roveyayinevi.com.tr\/index.php\/wp-json\/wp\/v2\/media?parent=725568"}],"wp:term":[{"taxonomy":"product_brand","embeddable":true,"href":"https:\/\/roveyayinevi.com.tr\/index.php\/wp-json\/wp\/v2\/product_brand?post=725568"},{"taxonomy":"product_cat","embeddable":true,"href":"https:\/\/roveyayinevi.com.tr\/index.php\/wp-json\/wp\/v2\/product_cat?post=725568"},{"taxonomy":"product_tag","embeddable":true,"href":"https:\/\/roveyayinevi.com.tr\/index.php\/wp-json\/wp\/v2\/product_tag?post=725568"}],"curies":[{"name":"wp","href":"https:\/\/api.w.org\/{rel}","templated":true}]}}