{"id":725541,"date":"2025-08-27T19:52:00","date_gmt":"2025-08-27T16:52:00","guid":{"rendered":"https:\/\/roveyayinevi.com.tr\/index.php\/urun\/evvel-bahar\/"},"modified":"2026-04-16T02:33:31","modified_gmt":"2026-04-15T23:33:31","slug":"evvel-bahar","status":"publish","type":"product","link":"https:\/\/roveyayinevi.com.tr\/index.php\/urun\/evvel-bahar\/","title":{"rendered":"Evvel Bahar"},"content":{"rendered":"<p>\u201cMasallara olan inan\u00e7 hi\u00e7 yitmez, masallar ancak yeniden yaz\u0131l\u0131r.\u201d\u00d6yk\u00fc ve Firuze\u2026 Hafta sonlar\u0131 h\u00fcz\u00fcnl\u00fc bir kimsesizli\u011fin \u00e7\u00f6kt\u00fc\u011f\u00fc yatakhanelerde ye\u015feren, hi\u00e7 olmam\u0131\u015f annelerin, o hep eksik babalar\u0131n g\u00f6lgesinde peki\u015fen dostluklar\u0131n\u0131 yirmi y\u0131l sonra birbirlerini yeniden bulduklar\u0131nda ge\u00e7mi\u015fin a\u011f\u0131rl\u0131\u011f\u0131 alt\u0131nda s\u0131nayan iki kad\u0131n\u2026Her evvel bahar gibi gen\u00e7lik de b\u00fct\u00fcn aldat\u0131c\u0131l\u0131\u011f\u0131yla ge\u00e7ip gitmi\u015f, geride yar\u0131m kalm\u0131\u015f a\u015fklar\u0131n, do\u011fmam\u0131\u015f \u00e7ocuklar\u0131n, \u00f6rselenmi\u015f y\u00fcreklerin ac\u0131s\u0131 kalm\u0131\u015ft\u0131r.Ge\u00e7mi\u015fin yaralar\u0131 yeniden ve yeniden yaz\u0131lan masallarla, diriltilen umutlarla diki\u015f tutacak m\u0131d\u0131r?\u0130rem Uzunhasano\u011flu \u00fc\u00e7\u00fcnc\u00fc roman\u0131 Evvel Bahar\u2019da iki kad\u0131n\u0131n \u00f6yk\u00fcs\u00fcne 90\u2019lar\u0131n toplumsal belle\u011finin i\u00e7inden bak\u0131yor.Yazar Hakk\u0131nda: \u0130rem Uzunhasano\u011flu, 1983 y\u0131l\u0131nda \u0130stanbul\u2019da do\u011fdu. \u0130stanbul \u00dcniversitesi Edebiyat Fak\u00fcltesi\u2019nde Amerikan Filolojisi okudu, Cambridge \u00dcniversitesi\u2019nde Uluslararas\u0131 \u00d6\u011fretmenlik e\u011fitimi ald\u0131, New York \u00dcniversitesi\u2019nde E\u011fitim Y\u00fcksek Lisans\u2019\u0131n\u0131 tamamlad\u0131. On sene boyunca I\u015f\u0131k Lisesi ve Robert Kolej\u2019de \u0130ngiliz Edebiyat\u0131 dersleri verdi. \u0130lk roman\u0131 Gitme, G\u00fcl Yanaklar\u0131n Solar\u2019da (2015) T\u00fcrkiye Yunanistan n\u00fcfus m\u00fcbadelesini ve g\u00f6\u00e7\u00fc anlatt\u0131. Yaz\u0131 yazmak isteyenler i\u00e7in, yarat\u0131c\u0131l\u0131\u011f\u0131 ve ele\u015ftirel d\u00fc\u015f\u00fcnceyi destekleyen 365, Her G\u00fcne Bir Yaz\u0131 (2016) isimli bir kitap derledi. \u0130kinci roman\u0131 Ufkun \u00d6te Yan\u0131 2018 senesinde yay\u0131mland\u0131. Spencer Holst, Neil Muhherjee, Virginia Woolf ve William Shakespeare\u2019in eserlerini T\u00fcrk\u00e7eye \u00e7evirdi. \u00c7evirmenli\u011fin yan\u0131 s\u0131ra \u00e7e\u015fitli edebiyat dergileri ve gazetelerde yaz\u0131lar kaleme almakta ve roman yazmaya devam etmektedir<\/p>\n","protected":false},"excerpt":{"rendered":"<p>\u201cMasallara olan inan\u00e7 hi\u00e7 yitmez, masallar ancak yeniden yaz\u0131l\u0131r.\u201d\u00d6yk\u00fc ve Firuze\u2026 Hafta sonlar\u0131 h\u00fcz\u00fcnl\u00fc bir kimsesizli\u011fin \u00e7\u00f6kt\u00fc\u011f\u00fc yatakhanelerde ye\u015feren, hi\u00e7 olmam\u0131\u015f annelerin, o hep eksik babalar\u0131n<span class=\"excerpt-hellip\"> [\u2026]<\/span><\/p>\n","protected":false},"featured_media":0,"template":"","meta":{"_monsterinsights_skip_tracking":false,"_monsterinsights_sitenote_active":false,"_monsterinsights_sitenote_note":"","_monsterinsights_sitenote_category":0},"product_brand":[],"product_cat":[12291,12711],"product_tag":[],"class_list":{"0":"post-725541","1":"product","2":"type-product","3":"status-publish","5":"product_cat-edebiyat","6":"product_cat-roman-oyku","7":"pa_cilt-ciltsiz","8":"pa_tur-kitap","9":"pa_yayinevi-dogan-kitap","10":"pa_yazar-irem-uzunhasanoglu","12":"first","13":"instock","14":"sale","15":"shipping-taxable","16":"purchasable","17":"product-type-simple"},"_links":{"self":[{"href":"https:\/\/roveyayinevi.com.tr\/index.php\/wp-json\/wp\/v2\/product\/725541","targetHints":{"allow":["GET"]}}],"collection":[{"href":"https:\/\/roveyayinevi.com.tr\/index.php\/wp-json\/wp\/v2\/product"}],"about":[{"href":"https:\/\/roveyayinevi.com.tr\/index.php\/wp-json\/wp\/v2\/types\/product"}],"wp:attachment":[{"href":"https:\/\/roveyayinevi.com.tr\/index.php\/wp-json\/wp\/v2\/media?parent=725541"}],"wp:term":[{"taxonomy":"product_brand","embeddable":true,"href":"https:\/\/roveyayinevi.com.tr\/index.php\/wp-json\/wp\/v2\/product_brand?post=725541"},{"taxonomy":"product_cat","embeddable":true,"href":"https:\/\/roveyayinevi.com.tr\/index.php\/wp-json\/wp\/v2\/product_cat?post=725541"},{"taxonomy":"product_tag","embeddable":true,"href":"https:\/\/roveyayinevi.com.tr\/index.php\/wp-json\/wp\/v2\/product_tag?post=725541"}],"curies":[{"name":"wp","href":"https:\/\/api.w.org\/{rel}","templated":true}]}}