{"id":725517,"date":"2025-08-27T19:51:41","date_gmt":"2025-08-27T16:51:41","guid":{"rendered":"https:\/\/roveyayinevi.com.tr\/index.php\/urun\/ibn-tufeyl\/"},"modified":"2026-04-16T02:33:31","modified_gmt":"2026-04-15T23:33:31","slug":"ibn-tufeyl","status":"publish","type":"product","link":"https:\/\/roveyayinevi.com.tr\/index.php\/urun\/ibn-tufeyl\/","title":{"rendered":"\u0130bn Tufeyl"},"content":{"rendered":"<p>On ikinci y\u00fczy\u0131l \u0130slam d\u00fcnyas\u0131n\u0131n, modern Bat\u0131 felsefesini de etkileyen \u00f6nemli ismi End\u00fcl\u00fcsl\u00fc \u0130bn Tufeyl\u2019in hayat\u0131n\u0131, onun en \u00f6nemli eseri kabul edilen Hay bin Yakz\u00e2n \u00fczerinden anlatan bu dikkat \u00e7ekici biyografi Magrib\u2019in entelekt\u00fcel hayat\u0131na \u00f6zg\u00fcn bir bak\u0131\u015f sunuyor. \u0130slam fikir tarihi alan\u0131n\u0131n \u00f6nemli uzmanlar\u0131ndan biri olan Taneli Kukkonen, \u0130bn Tufeyl\u2019in ya\u015fam\u0131n\u0131 ve eserlerini ustal\u0131kla incelerken, onun bir yandan tasavvufi ve siyasi ba\u011flar\u0131n\u0131, bir yandan da Bat\u0131 M\u00fcsl\u00fcmanl\u0131\u011f\u0131n\u0131n ak\u0131lc\u0131l\u0131\u011f\u0131n\u0131 g\u00f6z \u00f6n\u00fcne seriyor. Daniel Dafoe\u2019nun \u00fcnl\u00fc roman\u0131 Robinson Crusoe\u2019ya ve di\u011fer pek \u00e7ok esere ilham veren Hay bin Yakz\u00e2n\u2019\u0131n yazar\u0131na yak\u0131ndan bakmak isteyen bug\u00fcn\u00fcn okuru i\u00e7in \u0130bn Tufeyl: Akl\u0131n Ya\u015fam\u0131 bilgi dolu bir \u00e7al\u0131\u015fma&#8230;Yazar Hakk\u0131nda:Lisans, y\u00fcksek lisans ve doktora derecesini Helsinki \u00dcniversitesi\u2019nden alan felsefe tarih\u00e7isi Taneli Kukkonen, klasik Arap felsefesi, Aristoteles, Aristoteles\u00e7ilik ve Platonculuk konular\u0131nda uzmanla\u015fm\u0131\u015ft\u0131r. H\u00e2lihaz\u0131rda New York \u00dcniversitesi- Abu Dabi\u2019de felsefe profes\u00f6r\u00fc ve Be\u015feri Bilimler Fak\u00fcltesi dekan\u0131 olarak g\u00f6rev yapan Kukkonen, daha \u00f6nce Kanada\u2019daki Victoria \u00dcniversitesi, Finlandiya\u2019daki Jyv\u00e4skyl\u00e4 \u00dcniversitesi ve Yeni Zelanda\u2019daki Otago \u00dcniversitesi\u2019nde de \u00f6\u011fretim \u00fcyesi olarak \u00e7al\u0131\u015fm\u0131\u015ft\u0131r.<\/p>\n","protected":false},"excerpt":{"rendered":"<p>On ikinci y\u00fczy\u0131l \u0130slam d\u00fcnyas\u0131n\u0131n, modern Bat\u0131 felsefesini de etkileyen \u00f6nemli ismi End\u00fcl\u00fcsl\u00fc \u0130bn Tufeyl\u2019in hayat\u0131n\u0131, onun en \u00f6nemli eseri kabul edilen Hay bin Yakz\u00e2n \u00fczerinden<span class=\"excerpt-hellip\"> [\u2026]<\/span><\/p>\n","protected":false},"featured_media":0,"template":"","meta":{"_monsterinsights_skip_tracking":false,"_monsterinsights_sitenote_active":false,"_monsterinsights_sitenote_note":"","_monsterinsights_sitenote_category":0},"product_brand":[],"product_cat":[14009,12291],"product_tag":[],"class_list":{"0":"post-725517","1":"product","2":"type-product","3":"status-publish","5":"product_cat-biyografi-otobiyografi-edebiyat","6":"product_cat-edebiyat","7":"pa_cilt-ciltsiz","8":"pa_tur-kitap","9":"pa_yayinevi-vakifbank-kultur-yayinlari","10":"pa_yazar-taneli-kukkonen","12":"first","13":"instock","14":"sale","15":"shipping-taxable","16":"purchasable","17":"product-type-simple"},"_links":{"self":[{"href":"https:\/\/roveyayinevi.com.tr\/index.php\/wp-json\/wp\/v2\/product\/725517","targetHints":{"allow":["GET"]}}],"collection":[{"href":"https:\/\/roveyayinevi.com.tr\/index.php\/wp-json\/wp\/v2\/product"}],"about":[{"href":"https:\/\/roveyayinevi.com.tr\/index.php\/wp-json\/wp\/v2\/types\/product"}],"wp:attachment":[{"href":"https:\/\/roveyayinevi.com.tr\/index.php\/wp-json\/wp\/v2\/media?parent=725517"}],"wp:term":[{"taxonomy":"product_brand","embeddable":true,"href":"https:\/\/roveyayinevi.com.tr\/index.php\/wp-json\/wp\/v2\/product_brand?post=725517"},{"taxonomy":"product_cat","embeddable":true,"href":"https:\/\/roveyayinevi.com.tr\/index.php\/wp-json\/wp\/v2\/product_cat?post=725517"},{"taxonomy":"product_tag","embeddable":true,"href":"https:\/\/roveyayinevi.com.tr\/index.php\/wp-json\/wp\/v2\/product_tag?post=725517"}],"curies":[{"name":"wp","href":"https:\/\/api.w.org\/{rel}","templated":true}]}}