{"id":725512,"date":"2025-08-27T19:51:37","date_gmt":"2025-08-27T16:51:37","guid":{"rendered":"https:\/\/roveyayinevi.com.tr\/index.php\/urun\/tuna-tuvalet-egitimine-basliyor\/"},"modified":"2026-04-16T02:33:31","modified_gmt":"2026-04-15T23:33:31","slug":"tuna-tuvalet-egitimine-basliyor","status":"publish","type":"product","link":"https:\/\/roveyayinevi.com.tr\/index.php\/urun\/tuna-tuvalet-egitimine-basliyor\/","title":{"rendered":"Tuna Tuvalet E\u011fitimine Ba\u015fl\u0131yor"},"content":{"rendered":"<p>Tuna b\u00fcy\u00fcd\u00fc\u011f\u00fc i\u00e7in art\u0131k bebek bezi kullanmak istemiyordu. \u00d6nce annesiyle al\u0131\u015fveri\u015fe gittiler ve bebek tuvaleti ald\u0131lar.\u015eimdi Tuna\u2019n\u0131n tuvalet e\u011fitimi ba\u015flayabilir!\u00c7ocuklar\u0131n tuvalet e\u011fitimi s\u0131ras\u0131nda hata yapabileceklerini de anlatan bir hik\u00e2ye\u2026<\/p>\n","protected":false},"excerpt":{"rendered":"<p>Tuna b\u00fcy\u00fcd\u00fc\u011f\u00fc i\u00e7in art\u0131k bebek bezi kullanmak istemiyordu. \u00d6nce annesiyle al\u0131\u015fveri\u015fe gittiler ve bebek tuvaleti ald\u0131lar.\u015eimdi Tuna\u2019n\u0131n tuvalet e\u011fitimi ba\u015flayabilir!\u00c7ocuklar\u0131n tuvalet e\u011fitimi s\u0131ras\u0131nda hata yapabileceklerini de<span class=\"excerpt-hellip\"> [\u2026]<\/span><\/p>\n","protected":false},"featured_media":0,"template":"","meta":{"_monsterinsights_skip_tracking":false,"_monsterinsights_sitenote_active":false,"_monsterinsights_sitenote_note":"","_monsterinsights_sitenote_category":0},"product_brand":[],"product_cat":[12913,12274],"product_tag":[],"class_list":{"0":"post-725512","1":"product","2":"type-product","3":"status-publish","5":"product_cat-3-6-yas-kitaplari","6":"product_cat-cocuk-ve-genclik-kitaplari","7":"pa_cilt-ciltsiz","8":"pa_tur-kitap","9":"pa_yayinevi-is-bankasi-kultur-yayinlari","10":"pa_yazar-anna-taube","12":"first","13":"instock","14":"sale","15":"shipping-taxable","16":"purchasable","17":"product-type-simple"},"_links":{"self":[{"href":"https:\/\/roveyayinevi.com.tr\/index.php\/wp-json\/wp\/v2\/product\/725512","targetHints":{"allow":["GET"]}}],"collection":[{"href":"https:\/\/roveyayinevi.com.tr\/index.php\/wp-json\/wp\/v2\/product"}],"about":[{"href":"https:\/\/roveyayinevi.com.tr\/index.php\/wp-json\/wp\/v2\/types\/product"}],"wp:attachment":[{"href":"https:\/\/roveyayinevi.com.tr\/index.php\/wp-json\/wp\/v2\/media?parent=725512"}],"wp:term":[{"taxonomy":"product_brand","embeddable":true,"href":"https:\/\/roveyayinevi.com.tr\/index.php\/wp-json\/wp\/v2\/product_brand?post=725512"},{"taxonomy":"product_cat","embeddable":true,"href":"https:\/\/roveyayinevi.com.tr\/index.php\/wp-json\/wp\/v2\/product_cat?post=725512"},{"taxonomy":"product_tag","embeddable":true,"href":"https:\/\/roveyayinevi.com.tr\/index.php\/wp-json\/wp\/v2\/product_tag?post=725512"}],"curies":[{"name":"wp","href":"https:\/\/api.w.org\/{rel}","templated":true}]}}