{"id":725509,"date":"2025-08-27T19:51:35","date_gmt":"2025-08-27T16:51:35","guid":{"rendered":"https:\/\/roveyayinevi.com.tr\/index.php\/urun\/kumrular-nerede\/"},"modified":"2026-04-16T02:33:30","modified_gmt":"2026-04-15T23:33:30","slug":"kumrular-nerede","status":"publish","type":"product","link":"https:\/\/roveyayinevi.com.tr\/index.php\/urun\/kumrular-nerede\/","title":{"rendered":"Kumrular Nerede ?"},"content":{"rendered":"<p>Bir kumru bulmak ne kadar zor olabilir ki?Dedesi k\u0131\u015f\u0131 ge\u00e7irmek i\u00e7in g\u00fcneye gidince, Alex biraz \u00fcz\u00fclm\u00fc\u015ft\u00fc. Bahara kadar dedesini g\u00f6rmeme fikri \u00e7ok can s\u0131k\u0131c\u0131yd\u0131. Bu y\u0131l Ku\u015f Say\u0131m\u0131\u2019na da birlikte kat\u0131lamayacaklard\u0131. Dedesi Florida\u2019daki tropik ku\u015flar\u0131 g\u00f6zlemlerken, Alex ise sadece evin \u00e7evresindeki ku\u015flar\u0131 g\u00f6rebilecekti. Ancak annesi yard\u0131m\u0131na ko\u015ftu ve bu y\u0131l Ku\u015f Say\u0131m\u0131\u2019na birlikte kat\u0131labileceklerini s\u00f6yledi. Buna \u00e7ok sevinen Alex, dedesine anlatabilmek i\u00e7in onun en sevdi\u011fi ku\u015fu bulmaya karar verdi. Dedesi en \u00e7ok kumrular\u0131 severdi ve bu y\u0131lki etkinlikte Alex\u2019in tek istedi\u011fi bir kumru bulmakt\u0131.<\/p>\n","protected":false},"excerpt":{"rendered":"<p>Bir kumru bulmak ne kadar zor olabilir ki?Dedesi k\u0131\u015f\u0131 ge\u00e7irmek i\u00e7in g\u00fcneye gidince, Alex biraz \u00fcz\u00fclm\u00fc\u015ft\u00fc. Bahara kadar dedesini g\u00f6rmeme fikri \u00e7ok can s\u0131k\u0131c\u0131yd\u0131. Bu y\u0131l<span class=\"excerpt-hellip\"> [\u2026]<\/span><\/p>\n","protected":false},"featured_media":0,"template":"","meta":{"_monsterinsights_skip_tracking":false,"_monsterinsights_sitenote_active":false,"_monsterinsights_sitenote_note":"","_monsterinsights_sitenote_category":0},"product_brand":[],"product_cat":[12913,12274],"product_tag":[],"class_list":{"0":"post-725509","1":"product","2":"type-product","3":"status-publish","5":"product_cat-3-6-yas-kitaplari","6":"product_cat-cocuk-ve-genclik-kitaplari","7":"pa_cilt-ciltsiz","8":"pa_tur-kitap","9":"pa_yayinevi-is-bankasi-kultur-yayinlari","10":"pa_yazar-lisa-j-amstutz","12":"first","13":"instock","14":"sale","15":"shipping-taxable","16":"purchasable","17":"product-type-simple"},"_links":{"self":[{"href":"https:\/\/roveyayinevi.com.tr\/index.php\/wp-json\/wp\/v2\/product\/725509","targetHints":{"allow":["GET"]}}],"collection":[{"href":"https:\/\/roveyayinevi.com.tr\/index.php\/wp-json\/wp\/v2\/product"}],"about":[{"href":"https:\/\/roveyayinevi.com.tr\/index.php\/wp-json\/wp\/v2\/types\/product"}],"wp:attachment":[{"href":"https:\/\/roveyayinevi.com.tr\/index.php\/wp-json\/wp\/v2\/media?parent=725509"}],"wp:term":[{"taxonomy":"product_brand","embeddable":true,"href":"https:\/\/roveyayinevi.com.tr\/index.php\/wp-json\/wp\/v2\/product_brand?post=725509"},{"taxonomy":"product_cat","embeddable":true,"href":"https:\/\/roveyayinevi.com.tr\/index.php\/wp-json\/wp\/v2\/product_cat?post=725509"},{"taxonomy":"product_tag","embeddable":true,"href":"https:\/\/roveyayinevi.com.tr\/index.php\/wp-json\/wp\/v2\/product_tag?post=725509"}],"curies":[{"name":"wp","href":"https:\/\/api.w.org\/{rel}","templated":true}]}}