{"id":725502,"date":"2025-08-27T19:51:29","date_gmt":"2025-08-27T16:51:29","guid":{"rendered":"https:\/\/roveyayinevi.com.tr\/index.php\/urun\/kirintilar\/"},"modified":"2026-04-16T02:33:30","modified_gmt":"2026-04-15T23:33:30","slug":"kirintilar","status":"publish","type":"product","link":"https:\/\/roveyayinevi.com.tr\/index.php\/urun\/kirintilar\/","title":{"rendered":"K\u0131r\u0131nt\u0131lar"},"content":{"rendered":"<p>Anadolu\u2019nun; yolu, izi, elektri\u011fi, hatta okulu bile olmayan k\u00f6y yollar\u0131na d\u00fc\u015f\u00fcp, \u00e7o\u011funda T\u00fcrk\u00e7e bile konu\u015fulamayan k\u00f6ylerine, bilimin ayd\u0131nl\u0131\u011f\u0131n\u0131 ta\u015f\u0131yan gen\u00e7 \u00f6\u011fretmenlerimizin birbirinden ilgin\u00e7; kimi komik, kimi ac\u0131kl\u0131, ancak tamam\u0131 ya\u015fanm\u0131\u015f ibretlik hik\u00e2yelerinin yer ald\u0131\u011f\u0131 bu kitap, karanl\u0131\u011fa sava\u015f a\u00e7m\u0131\u015f Cumhuriyet\u2019in idealist \u00f6\u011fretmenlerinin ayd\u0131nlanma m\u00fccadelelerinden kesitler anlat\u0131yor\u2026<\/p>\n","protected":false},"excerpt":{"rendered":"<p>Anadolu\u2019nun; yolu, izi, elektri\u011fi, hatta okulu bile olmayan k\u00f6y yollar\u0131na d\u00fc\u015f\u00fcp, \u00e7o\u011funda T\u00fcrk\u00e7e bile konu\u015fulamayan k\u00f6ylerine, bilimin ayd\u0131nl\u0131\u011f\u0131n\u0131 ta\u015f\u0131yan gen\u00e7 \u00f6\u011fretmenlerimizin birbirinden ilgin\u00e7; kimi komik, kimi<span class=\"excerpt-hellip\"> [\u2026]<\/span><\/p>\n","protected":false},"featured_media":0,"template":"","meta":{"_monsterinsights_skip_tracking":false,"_monsterinsights_sitenote_active":false,"_monsterinsights_sitenote_note":"","_monsterinsights_sitenote_category":0},"product_brand":[],"product_cat":[12291,12711],"product_tag":[],"class_list":{"0":"post-725502","1":"product","2":"type-product","3":"status-publish","5":"product_cat-edebiyat","6":"product_cat-roman-oyku","7":"pa_cilt-ciltsiz","8":"pa_tur-kitap","9":"pa_yayinevi-favori-yayinlari","10":"pa_yazar-vedat-ulubag","12":"first","13":"instock","14":"sale","15":"shipping-taxable","16":"purchasable","17":"product-type-simple"},"_links":{"self":[{"href":"https:\/\/roveyayinevi.com.tr\/index.php\/wp-json\/wp\/v2\/product\/725502","targetHints":{"allow":["GET"]}}],"collection":[{"href":"https:\/\/roveyayinevi.com.tr\/index.php\/wp-json\/wp\/v2\/product"}],"about":[{"href":"https:\/\/roveyayinevi.com.tr\/index.php\/wp-json\/wp\/v2\/types\/product"}],"wp:attachment":[{"href":"https:\/\/roveyayinevi.com.tr\/index.php\/wp-json\/wp\/v2\/media?parent=725502"}],"wp:term":[{"taxonomy":"product_brand","embeddable":true,"href":"https:\/\/roveyayinevi.com.tr\/index.php\/wp-json\/wp\/v2\/product_brand?post=725502"},{"taxonomy":"product_cat","embeddable":true,"href":"https:\/\/roveyayinevi.com.tr\/index.php\/wp-json\/wp\/v2\/product_cat?post=725502"},{"taxonomy":"product_tag","embeddable":true,"href":"https:\/\/roveyayinevi.com.tr\/index.php\/wp-json\/wp\/v2\/product_tag?post=725502"}],"curies":[{"name":"wp","href":"https:\/\/api.w.org\/{rel}","templated":true}]}}