{"id":725499,"date":"2025-08-27T19:51:27","date_gmt":"2025-08-27T16:51:27","guid":{"rendered":"https:\/\/roveyayinevi.com.tr\/index.php\/urun\/ogrenmeyi-seviyorum-ingilizce-etkinlik-kitabim-3-6-yas\/"},"modified":"2026-04-16T02:33:30","modified_gmt":"2026-04-15T23:33:30","slug":"ogrenmeyi-seviyorum-ingilizce-etkinlik-kitabim-3-6-yas","status":"publish","type":"product","link":"https:\/\/roveyayinevi.com.tr\/index.php\/urun\/ogrenmeyi-seviyorum-ingilizce-etkinlik-kitabim-3-6-yas\/","title":{"rendered":"\u00d6\u011frenmeyi Seviyorum &#8211; \u0130ngilizce Etkinlik Kitab\u0131m 3-6 Ya\u015f"},"content":{"rendered":"<p>* Birbirinden e\u011flenceli etkinlik ve oyunlar\u0131n sunuldu\u011fu kitaplar, \u00e7ocuklar\u0131n ya\u015f gruplar\u0131na \u00f6zel, belirli bir tematik s\u0131ra izleyerek ilgili alandaki geli\u015fimlerine katk\u0131 sa\u011fl\u0131yor.* Kitaptaki karakterler, \u00e7ocuklar\u0131n hayal g\u00fc\u00e7lerini desteklerken, e\u011flenceli bir \u00f6\u011frenme deneyimi sunuyor.* Kitapta yer alan ve birbirini takip eden \u00e7izimler, oyunlar, tekerlemeler ve hikayeler \u00e7ocuklar\u0131n konsantrasyonunun s\u00fcreklili\u011fini sa\u011fl\u0131yor.* Kitaplarda, \u00e7ocuklar\u0131n g\u00fcn i\u00e7indeki ya\u015fant\u0131lar\u0131na paralel olarak; sade ve anla\u015f\u0131l\u0131r \u00e7izimlerin yan\u0131 s\u0131ra etkinlikler de yer al\u0131yor.* \u00c7ocuklar, \u00e7al\u0131\u015fma sayfalar\u0131ndaki renkli ve \u00e7e\u015fitli aktiviteler, kelime tekrarlar\u0131 ve tekerlemeler arac\u0131l\u0131\u011f\u0131yla \u0130ngilizceyi keyifli bir \u015fekilde \u00f6\u011freniyorlar.<\/p>\n","protected":false},"excerpt":{"rendered":"<p>* Birbirinden e\u011flenceli etkinlik ve oyunlar\u0131n sunuldu\u011fu kitaplar, \u00e7ocuklar\u0131n ya\u015f gruplar\u0131na \u00f6zel, belirli bir tematik s\u0131ra izleyerek ilgili alandaki geli\u015fimlerine katk\u0131 sa\u011fl\u0131yor.* Kitaptaki karakterler, \u00e7ocuklar\u0131n hayal<span class=\"excerpt-hellip\"> [\u2026]<\/span><\/p>\n","protected":false},"featured_media":0,"template":"","meta":{"_monsterinsights_skip_tracking":false,"_monsterinsights_sitenote_active":false,"_monsterinsights_sitenote_note":"","_monsterinsights_sitenote_category":0},"product_brand":[],"product_cat":[12913,12274],"product_tag":[],"class_list":{"0":"post-725499","1":"product","2":"type-product","3":"status-publish","5":"product_cat-3-6-yas-kitaplari","6":"product_cat-cocuk-ve-genclik-kitaplari","7":"pa_cilt-ciltsiz","8":"pa_tur-kitap","9":"pa_yayinevi-ucanbalik-egitim-yayinlari","10":"pa_yazar-ucanbalik-kolektif","12":"first","13":"instock","14":"sale","15":"shipping-taxable","16":"purchasable","17":"product-type-simple"},"_links":{"self":[{"href":"https:\/\/roveyayinevi.com.tr\/index.php\/wp-json\/wp\/v2\/product\/725499","targetHints":{"allow":["GET"]}}],"collection":[{"href":"https:\/\/roveyayinevi.com.tr\/index.php\/wp-json\/wp\/v2\/product"}],"about":[{"href":"https:\/\/roveyayinevi.com.tr\/index.php\/wp-json\/wp\/v2\/types\/product"}],"wp:attachment":[{"href":"https:\/\/roveyayinevi.com.tr\/index.php\/wp-json\/wp\/v2\/media?parent=725499"}],"wp:term":[{"taxonomy":"product_brand","embeddable":true,"href":"https:\/\/roveyayinevi.com.tr\/index.php\/wp-json\/wp\/v2\/product_brand?post=725499"},{"taxonomy":"product_cat","embeddable":true,"href":"https:\/\/roveyayinevi.com.tr\/index.php\/wp-json\/wp\/v2\/product_cat?post=725499"},{"taxonomy":"product_tag","embeddable":true,"href":"https:\/\/roveyayinevi.com.tr\/index.php\/wp-json\/wp\/v2\/product_tag?post=725499"}],"curies":[{"name":"wp","href":"https:\/\/api.w.org\/{rel}","templated":true}]}}