{"id":725493,"date":"2025-08-27T19:51:22","date_gmt":"2025-08-27T16:51:22","guid":{"rendered":"https:\/\/roveyayinevi.com.tr\/index.php\/urun\/cizerek-ogreniyorum-harfler-5-6-yas\/"},"modified":"2026-04-16T02:33:30","modified_gmt":"2026-04-15T23:33:30","slug":"cizerek-ogreniyorum-harfler-5-6-yas","status":"publish","type":"product","link":"https:\/\/roveyayinevi.com.tr\/index.php\/urun\/cizerek-ogreniyorum-harfler-5-6-yas\/","title":{"rendered":"\u00c7izerek \u00d6\u011freniyorum &#8211; Harfler 5-6 ya\u015f"},"content":{"rendered":"<p>Erken \u00e7ocukluk d\u00f6nemlerindeki \u00e7ocuklar, harfleri ve say\u0131lar\u0131 ke\u015ffetme s\u00fcrecinde farkl\u0131 \u00e7izgiler, \u015fekiller ve semboller \u00e7izerler.* Bu seri \u00e7ocuklara, \u00e7izgiler ile harf ve say\u0131 sembollerini, ya\u015f d\u00f6nemlerine uygun bir \u015fekilde a\u015famal\u0131 olarak \u00f6\u011fretir.* \u00c7ocuklar harfleri ve say\u0131lar\u0131 ke\u015ffederler ve yazmaya haz\u0131rlan\u0131rlar.\u0130ki b\u00f6l\u00fcmden olu\u015fan koleksiyonun ilk b\u00f6l\u00fcm\u00fcnde; \u00e7izgi \u00e7izmeye, harfleri ve sembolleri yazmaya, o harflerle uyumlu \u015fekilleri \u00e7izmeye y\u00f6nelik kademeli \u015fekilde ilerleyen \u00e7al\u0131\u015fmalar yer almaktad\u0131r.\u0130kinci b\u00f6l\u00fcm ise say\u0131 ve semboller ile ilgili e\u015fle\u015ftirme \u00e7al\u0131\u015fmalar\u0131n\u0131 kapsamaktad\u0131r.<\/p>\n","protected":false},"excerpt":{"rendered":"<p>Erken \u00e7ocukluk d\u00f6nemlerindeki \u00e7ocuklar, harfleri ve say\u0131lar\u0131 ke\u015ffetme s\u00fcrecinde farkl\u0131 \u00e7izgiler, \u015fekiller ve semboller \u00e7izerler.* Bu seri \u00e7ocuklara, \u00e7izgiler ile harf ve say\u0131 sembollerini, ya\u015f d\u00f6nemlerine<span class=\"excerpt-hellip\"> [\u2026]<\/span><\/p>\n","protected":false},"featured_media":0,"template":"","meta":{"_monsterinsights_skip_tracking":false,"_monsterinsights_sitenote_active":false,"_monsterinsights_sitenote_note":"","_monsterinsights_sitenote_category":0},"product_brand":[],"product_cat":[12913,12274],"product_tag":[],"class_list":{"0":"post-725493","1":"product","2":"type-product","3":"status-publish","5":"product_cat-3-6-yas-kitaplari","6":"product_cat-cocuk-ve-genclik-kitaplari","7":"pa_cilt-ciltsiz","8":"pa_tur-kitap","9":"pa_yayinevi-ucanbalik-egitim-yayinlari","10":"pa_yazar-ucanbalik-kolektif","12":"first","13":"instock","14":"sale","15":"shipping-taxable","16":"purchasable","17":"product-type-simple"},"_links":{"self":[{"href":"https:\/\/roveyayinevi.com.tr\/index.php\/wp-json\/wp\/v2\/product\/725493","targetHints":{"allow":["GET"]}}],"collection":[{"href":"https:\/\/roveyayinevi.com.tr\/index.php\/wp-json\/wp\/v2\/product"}],"about":[{"href":"https:\/\/roveyayinevi.com.tr\/index.php\/wp-json\/wp\/v2\/types\/product"}],"wp:attachment":[{"href":"https:\/\/roveyayinevi.com.tr\/index.php\/wp-json\/wp\/v2\/media?parent=725493"}],"wp:term":[{"taxonomy":"product_brand","embeddable":true,"href":"https:\/\/roveyayinevi.com.tr\/index.php\/wp-json\/wp\/v2\/product_brand?post=725493"},{"taxonomy":"product_cat","embeddable":true,"href":"https:\/\/roveyayinevi.com.tr\/index.php\/wp-json\/wp\/v2\/product_cat?post=725493"},{"taxonomy":"product_tag","embeddable":true,"href":"https:\/\/roveyayinevi.com.tr\/index.php\/wp-json\/wp\/v2\/product_tag?post=725493"}],"curies":[{"name":"wp","href":"https:\/\/api.w.org\/{rel}","templated":true}]}}