{"id":725452,"date":"2025-08-27T19:50:46","date_gmt":"2025-08-27T16:50:46","guid":{"rendered":"https:\/\/roveyayinevi.com.tr\/index.php\/urun\/akilli-virus-savascisi-cocuklar-icin-sakin-ve-mutlu-olma-kilavuzu\/"},"modified":"2026-04-16T02:33:29","modified_gmt":"2026-04-15T23:33:29","slug":"akilli-virus-savascisi-cocuklar-icin-sakin-ve-mutlu-olma-kilavuzu","status":"publish","type":"product","link":"https:\/\/roveyayinevi.com.tr\/index.php\/urun\/akilli-virus-savascisi-cocuklar-icin-sakin-ve-mutlu-olma-kilavuzu\/","title":{"rendered":"Ak\u0131ll\u0131 Vir\u00fcs Sava\u015f\u00e7\u0131s\u0131 ! &#8211; \u00c7ocuklar \u0130\u00e7in Sakin ve Mutlu Olma K\u0131lavuzu"},"content":{"rendered":"<p>Vir\u00fcs Sava\u015f\u00e7\u0131lar\u0131n\u0131n nas\u0131l sakin kald\u0131klar\u0131n\u0131 ve mutlu olmay\u0131 ba\u015fard\u0131klar\u0131n\u0131 \u00f6\u011fren!Gerilimini al\u0131p seni gev\u015fetecek spor ve soluk alma y\u00f6ntemleri \u00fczerinde \u00e7al\u0131\u015f. Ailenle ili\u015fkilerini s\u0131k\u0131la\u015ft\u0131rman\u0131n ve arkada\u015flar\u0131nla ba\u011flant\u0131da kalman\u0131n yollar\u0131n\u0131 bul.Kendi ba\u015f\u0131na oyalanmak, her g\u00fcn yapaca\u011f\u0131n birtak\u0131m rutin i\u015fler yaratmak ve ailenle iyi ge\u00e7inmek i\u00e7in \u00e7e\u015fitli fikirler \u00fcret.<\/p>\n","protected":false},"excerpt":{"rendered":"<p>Vir\u00fcs Sava\u015f\u00e7\u0131lar\u0131n\u0131n nas\u0131l sakin kald\u0131klar\u0131n\u0131 ve mutlu olmay\u0131 ba\u015fard\u0131klar\u0131n\u0131 \u00f6\u011fren!Gerilimini al\u0131p seni gev\u015fetecek spor ve soluk alma y\u00f6ntemleri \u00fczerinde \u00e7al\u0131\u015f. Ailenle ili\u015fkilerini s\u0131k\u0131la\u015ft\u0131rman\u0131n ve arkada\u015flar\u0131nla ba\u011flant\u0131da<span class=\"excerpt-hellip\"> [\u2026]<\/span><\/p>\n","protected":false},"featured_media":0,"template":"","meta":{"_monsterinsights_skip_tracking":false,"_monsterinsights_sitenote_active":false,"_monsterinsights_sitenote_note":"","_monsterinsights_sitenote_category":0},"product_brand":[],"product_cat":[12274,12284],"product_tag":[],"class_list":{"0":"post-725452","1":"product","2":"type-product","3":"status-publish","5":"product_cat-cocuk-ve-genclik-kitaplari","6":"product_cat-hikayeler","7":"pa_cilt-ciltsiz","8":"pa_tur-kitap","9":"pa_yayinevi-is-bankasi-kultur-yayinlari","10":"pa_yazar-eloise-macgregor","12":"first","13":"instock","14":"sale","15":"shipping-taxable","16":"purchasable","17":"product-type-simple"},"_links":{"self":[{"href":"https:\/\/roveyayinevi.com.tr\/index.php\/wp-json\/wp\/v2\/product\/725452","targetHints":{"allow":["GET"]}}],"collection":[{"href":"https:\/\/roveyayinevi.com.tr\/index.php\/wp-json\/wp\/v2\/product"}],"about":[{"href":"https:\/\/roveyayinevi.com.tr\/index.php\/wp-json\/wp\/v2\/types\/product"}],"wp:attachment":[{"href":"https:\/\/roveyayinevi.com.tr\/index.php\/wp-json\/wp\/v2\/media?parent=725452"}],"wp:term":[{"taxonomy":"product_brand","embeddable":true,"href":"https:\/\/roveyayinevi.com.tr\/index.php\/wp-json\/wp\/v2\/product_brand?post=725452"},{"taxonomy":"product_cat","embeddable":true,"href":"https:\/\/roveyayinevi.com.tr\/index.php\/wp-json\/wp\/v2\/product_cat?post=725452"},{"taxonomy":"product_tag","embeddable":true,"href":"https:\/\/roveyayinevi.com.tr\/index.php\/wp-json\/wp\/v2\/product_tag?post=725452"}],"curies":[{"name":"wp","href":"https:\/\/api.w.org\/{rel}","templated":true}]}}