{"id":725445,"date":"2025-08-27T19:50:40","date_gmt":"2025-08-27T16:50:40","guid":{"rendered":"https:\/\/roveyayinevi.com.tr\/index.php\/urun\/dans-dans-dans\/"},"modified":"2026-04-07T02:41:43","modified_gmt":"2026-04-06T23:41:43","slug":"dans-dans-dans","status":"publish","type":"product","link":"https:\/\/roveyayinevi.com.tr\/index.php\/urun\/dans-dans-dans\/","title":{"rendered":"Dans Dans Dans"},"content":{"rendered":"<p>Bu d\u00fcnya sand\u0131\u011f\u0131m\u0131zdan daha k\u0131r\u0131lgan ve tekinsiz bir yer&#8230;Ad\u0131n\u0131 bilmiyordum. Onunla aylarca birlikte ya\u015fad\u0131\u011f\u0131m halde. Asl\u0131nda onunla ilgili ger\u00e7ekte tek bir \u015fey bile bilmiyordum. Pahal\u0131 bir telek\u0131z servisinde \u00e7al\u0131\u015ft\u0131\u011f\u0131 d\u0131\u015f\u0131nda. Servis, \u00fcyelik sistemiyle hizmet veriyordu; kimli\u011fi belli d\u00fczg\u00fcn m\u00fc\u015fteriler d\u0131\u015f\u0131nda kimseyi kabul etmiyordu. Bunun d\u0131\u015f\u0131nda ba\u015fka i\u015fler de yap\u0131yordu. Normal i\u015f saatlerinde k\u00fc\u00e7\u00fck bir yay\u0131nc\u0131da yar\u0131 zamanl\u0131 d\u00fczeltmenlik, ayr\u0131ca yar\u0131 zamanl\u0131 kulak modelli\u011fi. \u00d6zetle \u00e7ok me\u015fgul bir i\u015f ya\u015fam\u0131 vard\u0131. Bir ad\u0131 vard\u0131 elbette. Asl\u0131nda birka\u00e7 ad kullan\u0131yordu. Ama yine de bir ad\u0131 yok gibiydi. Ya\u011fmur gibiydi, bir yerlerden \u00e7\u0131k\u0131p gelmi\u015f ve sonra ortadan kaybolmu\u015ftu. Geride sadece hat\u0131ras\u0131 kalm\u0131\u015ft\u0131.Haruki Murakami\u2019nin en sevilen romanlar\u0131ndan biri olan Dans Dans Dans\u2019la gizemli bir d\u00fcnyan\u0131n kap\u0131lar\u0131n\u0131 a\u00e7\u0131yoruz. Ortadan kaybolan \u00e7ekici bir kad\u0131n&#8230; Yaln\u0131zl\u0131\u011f\u0131n\u0131 anlamland\u0131rma \u00e7abas\u0131 i\u00e7indeki bir adam&#8230; Sezgileri geli\u015fmi\u015f s\u0131rad\u0131\u015f\u0131 k\u00fc\u00e7\u00fck bir k\u0131z&#8230;  M\u00fczik&#8230; Ve k\u00fclt Murakami romanlar\u0131ndan art\u0131k \u201ctan\u0131\u015f\u0131m\u0131z\u201d olan Koyun Adam da bu romandaki yol arkada\u015flar\u0131m\u0131z.<\/p>\n","protected":false},"excerpt":{"rendered":"<p>Bu d\u00fcnya sand\u0131\u011f\u0131m\u0131zdan daha k\u0131r\u0131lgan ve tekinsiz bir yer&#8230;Ad\u0131n\u0131 bilmiyordum. Onunla aylarca birlikte ya\u015fad\u0131\u011f\u0131m halde. Asl\u0131nda onunla ilgili ger\u00e7ekte tek bir \u015fey bile bilmiyordum. Pahal\u0131 bir<span class=\"excerpt-hellip\"> [\u2026]<\/span><\/p>\n","protected":false},"featured_media":0,"template":"","meta":{"_monsterinsights_skip_tracking":false,"_monsterinsights_sitenote_active":false,"_monsterinsights_sitenote_note":"","_monsterinsights_sitenote_category":0},"product_brand":[],"product_cat":[12291,12711],"product_tag":[],"class_list":{"0":"post-725445","1":"product","2":"type-product","3":"status-publish","5":"product_cat-edebiyat","6":"product_cat-roman-oyku","7":"pa_cilt-ciltsiz","8":"pa_tur-kitap","9":"pa_yayinevi-dogan-kitap","10":"pa_yazar-haruki-murakami","12":"first","13":"instock","14":"sale","15":"shipping-taxable","16":"purchasable","17":"product-type-simple"},"_links":{"self":[{"href":"https:\/\/roveyayinevi.com.tr\/index.php\/wp-json\/wp\/v2\/product\/725445","targetHints":{"allow":["GET"]}}],"collection":[{"href":"https:\/\/roveyayinevi.com.tr\/index.php\/wp-json\/wp\/v2\/product"}],"about":[{"href":"https:\/\/roveyayinevi.com.tr\/index.php\/wp-json\/wp\/v2\/types\/product"}],"wp:attachment":[{"href":"https:\/\/roveyayinevi.com.tr\/index.php\/wp-json\/wp\/v2\/media?parent=725445"}],"wp:term":[{"taxonomy":"product_brand","embeddable":true,"href":"https:\/\/roveyayinevi.com.tr\/index.php\/wp-json\/wp\/v2\/product_brand?post=725445"},{"taxonomy":"product_cat","embeddable":true,"href":"https:\/\/roveyayinevi.com.tr\/index.php\/wp-json\/wp\/v2\/product_cat?post=725445"},{"taxonomy":"product_tag","embeddable":true,"href":"https:\/\/roveyayinevi.com.tr\/index.php\/wp-json\/wp\/v2\/product_tag?post=725445"}],"curies":[{"name":"wp","href":"https:\/\/api.w.org\/{rel}","templated":true}]}}