{"id":725408,"date":"2025-08-27T19:49:38","date_gmt":"2025-08-27T16:49:38","guid":{"rendered":"https:\/\/roveyayinevi.com.tr\/index.php\/urun\/parkta-eglenelim-ciltli\/"},"modified":"2026-04-16T02:33:28","modified_gmt":"2026-04-15T23:33:28","slug":"parkta-eglenelim-ciltli","status":"publish","type":"product","link":"https:\/\/roveyayinevi.com.tr\/index.php\/urun\/parkta-eglenelim-ciltli\/","title":{"rendered":"Parkta E\u011flenelim ( Ciltli )"},"content":{"rendered":"<p>S\u00dcRPR\u0130ZL\u0130 B\u00dcY\u00dcK KAPAKLIParkta E\u011flenelimOkul \u00f6ncesi \u00e7ocuklara e\u011flenceli, \u00f6\u011fretici kitap&#8230;Anneler ve Babalar:S\u00fcrprizli b\u00fcy\u00fck kapakl\u0131 bu kitap, okul \u00f6ncesi \u00e7ocuklar\u0131 bir park gezisiyleilgili s\u00f6zc\u00fck ve kavramlarla tan\u0131\u015ft\u0131r\u0131yor.<\/p>\n","protected":false},"excerpt":{"rendered":"<p>S\u00dcRPR\u0130ZL\u0130 B\u00dcY\u00dcK KAPAKLIParkta E\u011flenelimOkul \u00f6ncesi \u00e7ocuklara e\u011flenceli, \u00f6\u011fretici kitap&#8230;Anneler ve Babalar:S\u00fcrprizli b\u00fcy\u00fck kapakl\u0131 bu kitap, okul \u00f6ncesi \u00e7ocuklar\u0131 bir park gezisiyleilgili s\u00f6zc\u00fck ve kavramlarla tan\u0131\u015ft\u0131r\u0131yor.<\/p>\n","protected":false},"featured_media":0,"template":"","meta":{"_monsterinsights_skip_tracking":false,"_monsterinsights_sitenote_active":false,"_monsterinsights_sitenote_note":"","_monsterinsights_sitenote_category":0},"product_brand":[],"product_cat":[12274,12518],"product_tag":[],"class_list":{"0":"post-725408","1":"product","2":"type-product","3":"status-publish","5":"product_cat-cocuk-ve-genclik-kitaplari","6":"product_cat-okul-oncesi-kitaplar","7":"pa_cilt-ciltli","8":"pa_tur-kitap","9":"pa_yayinevi-remzi-kitabevi","10":"pa_yazar-remzi-kitabevi-kolektif","12":"first","13":"instock","14":"sale","15":"shipping-taxable","16":"purchasable","17":"product-type-simple"},"_links":{"self":[{"href":"https:\/\/roveyayinevi.com.tr\/index.php\/wp-json\/wp\/v2\/product\/725408","targetHints":{"allow":["GET"]}}],"collection":[{"href":"https:\/\/roveyayinevi.com.tr\/index.php\/wp-json\/wp\/v2\/product"}],"about":[{"href":"https:\/\/roveyayinevi.com.tr\/index.php\/wp-json\/wp\/v2\/types\/product"}],"wp:attachment":[{"href":"https:\/\/roveyayinevi.com.tr\/index.php\/wp-json\/wp\/v2\/media?parent=725408"}],"wp:term":[{"taxonomy":"product_brand","embeddable":true,"href":"https:\/\/roveyayinevi.com.tr\/index.php\/wp-json\/wp\/v2\/product_brand?post=725408"},{"taxonomy":"product_cat","embeddable":true,"href":"https:\/\/roveyayinevi.com.tr\/index.php\/wp-json\/wp\/v2\/product_cat?post=725408"},{"taxonomy":"product_tag","embeddable":true,"href":"https:\/\/roveyayinevi.com.tr\/index.php\/wp-json\/wp\/v2\/product_tag?post=725408"}],"curies":[{"name":"wp","href":"https:\/\/api.w.org\/{rel}","templated":true}]}}