{"id":725393,"date":"2025-08-27T19:49:27","date_gmt":"2025-08-27T16:49:27","guid":{"rendered":"https:\/\/roveyayinevi.com.tr\/index.php\/urun\/cekirdek-ailem\/"},"modified":"2026-04-16T02:33:28","modified_gmt":"2026-04-15T23:33:28","slug":"cekirdek-ailem","status":"publish","type":"product","link":"https:\/\/roveyayinevi.com.tr\/index.php\/urun\/cekirdek-ailem\/","title":{"rendered":"\u00c7ekirdek Ailem"},"content":{"rendered":"<p>Kubilay, anaokulu \u00f6\u011frencisidir. Bilimsel konulara merakl\u0131, sorunlara pratik \u00e7\u00f6z\u00fcmler \u00fcreten zeki bir \u00e7ocuktur. Annesi, babas\u0131 ve a\u011fabeyinden olu\u015fan \u00e7ekirdek ailesiyle \u00e7ok mutludur. Bir g\u00fcn, bir karde\u015fi daha olaca\u011f\u0131n\u0131 \u00f6\u011frenir. B\u00fct\u00fcn hayat\u0131 alt \u00fcst olur. Karde\u015finin gelmesini hi\u00e7 istemez. Bir tak\u0131m \u00f6nlemler al\u0131r, \u00e7\u00f6z\u00fcmler \u00fcretir. T\u00e2bi kendi tarz\u0131nda ve biraz da komik. Sizce Kubilay neler yapm\u0131\u015f olabilir? Acaba karde\u015fi ile ilgili d\u00fc\u015f\u00fcnceleri de\u011fi\u015fmi\u015f midir? Merak m\u0131 ediyorsunuz? O halde ne duruyorsunuz? Hemen okuyun kitab\u0131!&#8230;<\/p>\n","protected":false},"excerpt":{"rendered":"<p>Kubilay, anaokulu \u00f6\u011frencisidir. Bilimsel konulara merakl\u0131, sorunlara pratik \u00e7\u00f6z\u00fcmler \u00fcreten zeki bir \u00e7ocuktur. Annesi, babas\u0131 ve a\u011fabeyinden olu\u015fan \u00e7ekirdek ailesiyle \u00e7ok mutludur. Bir g\u00fcn, bir karde\u015fi<span class=\"excerpt-hellip\"> [\u2026]<\/span><\/p>\n","protected":false},"featured_media":0,"template":"","meta":{"_monsterinsights_skip_tracking":false,"_monsterinsights_sitenote_active":false,"_monsterinsights_sitenote_note":"","_monsterinsights_sitenote_category":0},"product_brand":[],"product_cat":[12274,12284],"product_tag":[],"class_list":{"0":"post-725393","1":"product","2":"type-product","3":"status-publish","5":"product_cat-cocuk-ve-genclik-kitaplari","6":"product_cat-hikayeler","7":"pa_cilt-ciltsiz","8":"pa_tur-kitap","9":"pa_yayinevi-us-yayinlari","10":"pa_yazar-sibel-ozdil","12":"first","13":"instock","14":"sale","15":"shipping-taxable","16":"purchasable","17":"product-type-simple"},"_links":{"self":[{"href":"https:\/\/roveyayinevi.com.tr\/index.php\/wp-json\/wp\/v2\/product\/725393","targetHints":{"allow":["GET"]}}],"collection":[{"href":"https:\/\/roveyayinevi.com.tr\/index.php\/wp-json\/wp\/v2\/product"}],"about":[{"href":"https:\/\/roveyayinevi.com.tr\/index.php\/wp-json\/wp\/v2\/types\/product"}],"wp:attachment":[{"href":"https:\/\/roveyayinevi.com.tr\/index.php\/wp-json\/wp\/v2\/media?parent=725393"}],"wp:term":[{"taxonomy":"product_brand","embeddable":true,"href":"https:\/\/roveyayinevi.com.tr\/index.php\/wp-json\/wp\/v2\/product_brand?post=725393"},{"taxonomy":"product_cat","embeddable":true,"href":"https:\/\/roveyayinevi.com.tr\/index.php\/wp-json\/wp\/v2\/product_cat?post=725393"},{"taxonomy":"product_tag","embeddable":true,"href":"https:\/\/roveyayinevi.com.tr\/index.php\/wp-json\/wp\/v2\/product_tag?post=725393"}],"curies":[{"name":"wp","href":"https:\/\/api.w.org\/{rel}","templated":true}]}}