{"id":725385,"date":"2025-08-27T19:49:21","date_gmt":"2025-08-27T16:49:21","guid":{"rendered":"https:\/\/roveyayinevi.com.tr\/index.php\/urun\/samanin-ruhu-1-kitap\/"},"modified":"2026-04-16T02:32:58","modified_gmt":"2026-04-15T23:32:58","slug":"samanin-ruhu-1-kitap","status":"publish","type":"product","link":"https:\/\/roveyayinevi.com.tr\/index.php\/urun\/samanin-ruhu-1-kitap\/","title":{"rendered":"\u015eaman\u0131n Ruhu (1. Kitap)"},"content":{"rendered":"<p>\u0130nsan\u0131n, Homo Sapiens (M.\u00d6. 400.000) olarak ortaya \u00e7\u0131kt\u0131\u011f\u0131 d\u00f6nemden itibaren deneyimledi\u011fi, g\u00f6zlemledi\u011fi t\u00fcm tecr\u00fcbelerinin ak\u0131l ve kalp s\u00fczgecinden ge\u00e7irerek yaratt\u0131\u011f\u0131 dinin ad\u0131d\u0131r \u015eaman!\u0130nsan\u0131n gelecek nesillere, kendi varl\u0131\u011f\u0131n\u0131 bildirmek \u00fczere \u00e7izdi\u011fi petrogliflerde (kaya resimleri) \u015eaman dininin izlerine ilk kez M.\u00d6. 8.000 y\u0131l\u0131nda rastlar\u0131z.Bu kitap, ak\u0131l ve kalp s\u00fczgecinden ge\u00e7erek var olan, b\u00fct\u00fcn engellemelere ra\u011fmen h\u00e2l\u00e2 ayakta kalan \u201cNeo-\u015eamanizm\u201d inanc\u0131n\u0131n k\u00f6kenlerine ve bu dine ait felsefe terimlerine ula\u015facaks\u0131n\u0131z. Bu inanc\u0131n k\u00f6keni ise gerek alk\u0131\u015flar gerekse Asya k\u00f6kenli destanlarla -ama \u00f6zellikle K\u00f6k-T\u00fcrk destanlar\u0131yla- olan ba\u011flant\u0131lar\u0131 a\u00e7\u0131klanarak yaz\u0131ld\u0131.Destanlar her ne kadar M.\u00d6. 4 ve 5. y\u00fczy\u0131llara ait olsa da unutulmamas\u0131 gereken bir olgu var: Yaz\u0131l\u0131 her destan binlerce y\u0131ll\u0131k s\u00f6zl\u00fc gelenek sayesinde g\u00fcn\u00fcm\u00fcze kadar aktar\u0131larak geldi.***\u00c7\u0131kt\u0131\u011f\u0131m bu yolda Tengri ba\u015f\u0131m\u0131n \u00fcst\u00fcndeki \u00e7at\u0131m, Yer Sub \u00fczerinde durdu\u011fum kaidem, \u00d6d \u00c4na cesaretim, T\u0131n\u2019\u0131m g\u00fcc\u00fcm, Bay Erlik k\u00f6k\u00fcm, \u201cBay Kay\u0131ng\u201d s\u0131rt\u0131m\u0131 dayad\u0131\u011f\u0131m dayana\u011f\u0131m, yery\u00fcz\u00fcn\u00fcn b\u00fct\u00fcn da\u011f ve nehirleri ile ormanlar\u0131 da i\u00e7inde nefes ald\u0131\u011f\u0131m d\u00fcnyam olsun.<\/p>\n","protected":false},"excerpt":{"rendered":"<p>\u0130nsan\u0131n, Homo Sapiens (M.\u00d6. 400.000) olarak ortaya \u00e7\u0131kt\u0131\u011f\u0131 d\u00f6nemden itibaren deneyimledi\u011fi, g\u00f6zlemledi\u011fi t\u00fcm tecr\u00fcbelerinin ak\u0131l ve kalp s\u00fczgecinden ge\u00e7irerek yaratt\u0131\u011f\u0131 dinin ad\u0131d\u0131r \u015eaman!\u0130nsan\u0131n gelecek nesillere, kendi<span class=\"excerpt-hellip\"> [\u2026]<\/span><\/p>\n","protected":false},"featured_media":0,"template":"","meta":{"_monsterinsights_skip_tracking":false,"_monsterinsights_sitenote_active":false,"_monsterinsights_sitenote_note":"","_monsterinsights_sitenote_category":0},"product_brand":[],"product_cat":[19998,12388],"product_tag":[],"class_list":{"0":"post-725385","1":"product","2":"type-product","3":"status-publish","5":"product_cat-din-felsefesi","6":"product_cat-felsefe","7":"pa_cilt-ciltsiz","8":"pa_tur-kitap","9":"pa_yayinevi-vaveyla-yayincilik","10":"pa_yazar-ayasya","12":"first","13":"instock","14":"sale","15":"shipping-taxable","16":"purchasable","17":"product-type-simple"},"_links":{"self":[{"href":"https:\/\/roveyayinevi.com.tr\/index.php\/wp-json\/wp\/v2\/product\/725385","targetHints":{"allow":["GET"]}}],"collection":[{"href":"https:\/\/roveyayinevi.com.tr\/index.php\/wp-json\/wp\/v2\/product"}],"about":[{"href":"https:\/\/roveyayinevi.com.tr\/index.php\/wp-json\/wp\/v2\/types\/product"}],"wp:attachment":[{"href":"https:\/\/roveyayinevi.com.tr\/index.php\/wp-json\/wp\/v2\/media?parent=725385"}],"wp:term":[{"taxonomy":"product_brand","embeddable":true,"href":"https:\/\/roveyayinevi.com.tr\/index.php\/wp-json\/wp\/v2\/product_brand?post=725385"},{"taxonomy":"product_cat","embeddable":true,"href":"https:\/\/roveyayinevi.com.tr\/index.php\/wp-json\/wp\/v2\/product_cat?post=725385"},{"taxonomy":"product_tag","embeddable":true,"href":"https:\/\/roveyayinevi.com.tr\/index.php\/wp-json\/wp\/v2\/product_tag?post=725385"}],"curies":[{"name":"wp","href":"https:\/\/api.w.org\/{rel}","templated":true}]}}