{"id":725376,"date":"2025-08-27T19:49:14","date_gmt":"2025-08-27T16:49:14","guid":{"rendered":"https:\/\/roveyayinevi.com.tr\/index.php\/urun\/eliuzunlar-akademisi\/"},"modified":"2026-04-16T02:32:58","modified_gmt":"2026-04-15T23:32:58","slug":"eliuzunlar-akademisi","status":"publish","type":"product","link":"https:\/\/roveyayinevi.com.tr\/index.php\/urun\/eliuzunlar-akademisi\/","title":{"rendered":"Eliuzunlar Akademisi"},"content":{"rendered":"<p>Eliuzunlar Akademisi gen\u00e7 h\u0131rs\u0131zlar i\u00e7in e\u011fitim al\u0131nacak en iyi okuldur! Ba\u015f belas\u0131 George da ka\u00e7\u0131r\u0131l\u0131p buraya getirildi\u011fi i\u00e7in kendini \u015fansl\u0131 saymal\u0131d\u0131r! Ele avuca s\u0131\u011fmaz-asi-az\u0131l\u0131 yeni s\u0131n\u0131f arkada\u015flar\u0131n\u0131n yan\u0131 s\u0131ra George ka\u00e7\u0131k \u00f6\u011fretmenlerle tan\u0131\u015f\u0131r; k\u0131l\u0131k de\u011fi\u015ftirme, alet edevat ve ka\u00e7\u0131\u015f yollar\u0131 dersleri al\u0131r, hatta yeni su\u00e7 orta\u011f\u0131 Tabitha\u2019da ger\u00e7ek dostlu\u011fu bile bulur. Fakat fark\u0131na vard\u0131\u011f\u0131 \u015fok edici bir ger\u00e7ekle her \u015fey mahvolur: George h\u0131rs\u0131z olmak i\u00e7in fazla iyidir! Eliuzunlar Akademisi\u2019nde h\u0131rs\u0131zl\u0131k yapmamak gibi bir se\u00e7enek yoktur. \u00d6zg\u00fcrl\u00fcklerine kavu\u015fmak i\u00e7in George\u2019la Tabitha\u2019n\u0131n okul tarihindeki en b\u00fcy\u00fck soygunu ger\u00e7ekle\u015ftirmesi, h\u0131rs\u0131z de\u011fil iyi kalpli \u2013ve tamam biraz da yaramaz\u2013 \u00e7ocuklar olarak ger\u00e7ek y\u00fczlerini g\u00f6stermeleri gerekecektir.\u201cMagaziner, Hogwarts\u2019a benzer bir ba\u015fka tuhaf ve komik d\u00fcnya yarat\u0131yor.\u201d \u2013 Kirkus Reviews<\/p>\n","protected":false},"excerpt":{"rendered":"<p>Eliuzunlar Akademisi gen\u00e7 h\u0131rs\u0131zlar i\u00e7in e\u011fitim al\u0131nacak en iyi okuldur! Ba\u015f belas\u0131 George da ka\u00e7\u0131r\u0131l\u0131p buraya getirildi\u011fi i\u00e7in kendini \u015fansl\u0131 saymal\u0131d\u0131r! Ele avuca s\u0131\u011fmaz-asi-az\u0131l\u0131 yeni s\u0131n\u0131f<span class=\"excerpt-hellip\"> [\u2026]<\/span><\/p>\n","protected":false},"featured_media":0,"template":"","meta":{"_monsterinsights_skip_tracking":false,"_monsterinsights_sitenote_active":false,"_monsterinsights_sitenote_note":"","_monsterinsights_sitenote_category":0},"product_brand":[],"product_cat":[12275,12274],"product_tag":[],"class_list":{"0":"post-725376","1":"product","2":"type-product","3":"status-publish","5":"product_cat-6-12-yas-kitaplari","6":"product_cat-cocuk-ve-genclik-kitaplari","7":"pa_cilt-ciltsiz","8":"pa_tur-kitap","9":"pa_yayinevi-bilgi-yayinevi","10":"pa_yazar-lauren-magaziner","12":"first","13":"instock","14":"sale","15":"shipping-taxable","16":"purchasable","17":"product-type-simple"},"_links":{"self":[{"href":"https:\/\/roveyayinevi.com.tr\/index.php\/wp-json\/wp\/v2\/product\/725376","targetHints":{"allow":["GET"]}}],"collection":[{"href":"https:\/\/roveyayinevi.com.tr\/index.php\/wp-json\/wp\/v2\/product"}],"about":[{"href":"https:\/\/roveyayinevi.com.tr\/index.php\/wp-json\/wp\/v2\/types\/product"}],"wp:attachment":[{"href":"https:\/\/roveyayinevi.com.tr\/index.php\/wp-json\/wp\/v2\/media?parent=725376"}],"wp:term":[{"taxonomy":"product_brand","embeddable":true,"href":"https:\/\/roveyayinevi.com.tr\/index.php\/wp-json\/wp\/v2\/product_brand?post=725376"},{"taxonomy":"product_cat","embeddable":true,"href":"https:\/\/roveyayinevi.com.tr\/index.php\/wp-json\/wp\/v2\/product_cat?post=725376"},{"taxonomy":"product_tag","embeddable":true,"href":"https:\/\/roveyayinevi.com.tr\/index.php\/wp-json\/wp\/v2\/product_tag?post=725376"}],"curies":[{"name":"wp","href":"https:\/\/api.w.org\/{rel}","templated":true}]}}