{"id":725366,"date":"2025-08-27T19:49:06","date_gmt":"2025-08-27T16:49:06","guid":{"rendered":"https:\/\/roveyayinevi.com.tr\/index.php\/urun\/dedektifler-icin-hidden-pictures-puzzle\/"},"modified":"2026-04-16T02:32:58","modified_gmt":"2026-04-15T23:32:58","slug":"dedektifler-icin-hidden-pictures-puzzle","status":"publish","type":"product","link":"https:\/\/roveyayinevi.com.tr\/index.php\/urun\/dedektifler-icin-hidden-pictures-puzzle\/","title":{"rendered":"Dedektifler \u0130\u00e7in Hidden Pictures Puzzle"},"content":{"rendered":"<p>Bu e\u011flenceli kitapta, gizli resimler daha da gizlenmi\u015fler!\u00d6zel b\u00fcy\u00fctecinizle gizli resimleri bulmak i\u00e7in heyecanl\u0131 dakikalar sizleri bekliyor.Bu Kitab\u0131 Nas\u0131l Kullanacaks\u0131n\u0131z?Resimleri ortaya \u00e7\u0131karmak i\u00e7in k\u0131rm\u0131z\u0131 k\u0131sm\u0131 kullan!B\u00fcy\u00fck resimdeki gizlenen objeleri bulmak i\u00e7in daha yak\u0131ndan bak. Tek seferde b\u00fct\u00fcn resmin tamam\u0131n\u0131 g\u00f6rmek istiyorsan, merce\u011fi g\u00f6z\u00fcne yakla\u015ft\u0131rabilirsin. Merce\u011fi g\u00f6z\u00fcnden ne kadar uza\u011fa tutarsan, b\u00fcy\u00fck resimde daha az alan g\u00f6receksin.<\/p>\n","protected":false},"excerpt":{"rendered":"<p>Bu e\u011flenceli kitapta, gizli resimler daha da gizlenmi\u015fler!\u00d6zel b\u00fcy\u00fctecinizle gizli resimleri bulmak i\u00e7in heyecanl\u0131 dakikalar sizleri bekliyor.Bu Kitab\u0131 Nas\u0131l Kullanacaks\u0131n\u0131z?Resimleri ortaya \u00e7\u0131karmak i\u00e7in k\u0131rm\u0131z\u0131 k\u0131sm\u0131 kullan!B\u00fcy\u00fck<span class=\"excerpt-hellip\"> [\u2026]<\/span><\/p>\n","protected":false},"featured_media":0,"template":"","meta":{"_monsterinsights_skip_tracking":false,"_monsterinsights_sitenote_active":false,"_monsterinsights_sitenote_note":"","_monsterinsights_sitenote_category":0},"product_brand":[],"product_cat":[12492,12274],"product_tag":[],"class_list":{"0":"post-725366","1":"product","2":"type-product","3":"status-publish","5":"product_cat-bilmece-bulmaca","6":"product_cat-cocuk-ve-genclik-kitaplari","7":"pa_cilt-ciltsiz","8":"pa_tur-kitap","9":"pa_yayinevi-dikkat-atolyesi-yayinlari","10":"pa_yazar-kolektif","12":"first","13":"instock","14":"sale","15":"shipping-taxable","16":"purchasable","17":"product-type-simple"},"_links":{"self":[{"href":"https:\/\/roveyayinevi.com.tr\/index.php\/wp-json\/wp\/v2\/product\/725366","targetHints":{"allow":["GET"]}}],"collection":[{"href":"https:\/\/roveyayinevi.com.tr\/index.php\/wp-json\/wp\/v2\/product"}],"about":[{"href":"https:\/\/roveyayinevi.com.tr\/index.php\/wp-json\/wp\/v2\/types\/product"}],"wp:attachment":[{"href":"https:\/\/roveyayinevi.com.tr\/index.php\/wp-json\/wp\/v2\/media?parent=725366"}],"wp:term":[{"taxonomy":"product_brand","embeddable":true,"href":"https:\/\/roveyayinevi.com.tr\/index.php\/wp-json\/wp\/v2\/product_brand?post=725366"},{"taxonomy":"product_cat","embeddable":true,"href":"https:\/\/roveyayinevi.com.tr\/index.php\/wp-json\/wp\/v2\/product_cat?post=725366"},{"taxonomy":"product_tag","embeddable":true,"href":"https:\/\/roveyayinevi.com.tr\/index.php\/wp-json\/wp\/v2\/product_tag?post=725366"}],"curies":[{"name":"wp","href":"https:\/\/api.w.org\/{rel}","templated":true}]}}