{"id":725361,"date":"2025-08-27T19:49:02","date_gmt":"2025-08-27T16:49:02","guid":{"rendered":"https:\/\/roveyayinevi.com.tr\/index.php\/urun\/kuyucakli-yusuf-21\/"},"modified":"2026-04-16T02:32:57","modified_gmt":"2026-04-15T23:32:57","slug":"kuyucakli-yusuf-21","status":"publish","type":"product","link":"https:\/\/roveyayinevi.com.tr\/index.php\/urun\/kuyucakli-yusuf-21\/","title":{"rendered":"Kuyucakl\u0131 Yusuf"},"content":{"rendered":"<p>Sabahattin Ali&#8217;nin Kuyucakl\u0131 Yusuf adl\u0131 eseri bez ciltli kapakla Koridor Yay\u0131nlar\u0131&#8217;nda!Sabahattin Ali&#8217;nin Ayd\u0131n&#8217;da cezaevinde yatarken tan\u0131\u015ft\u0131\u011f\u0131 Yusuf&#8217;un ya\u015fad\u0131klar\u0131ndan yola \u00e7\u0131karak kaleme ald\u0131\u011f\u0131 Kuyucakl\u0131 Yusuf ilk kez 1937&#8217;de bas\u0131lm\u0131\u015ft\u0131r. Ad\u0131 ile okuyucusuna bir destan vadetmesine ra\u011fmen kahraman\u0131n\u0131n teredd\u00fctlerinin ve zay\u0131fl\u0131klar\u0131n\u0131n aktar\u0131ld\u0131\u011f\u0131 romanda, sadece Yusuf&#8217;un ya\u015fam\u0131 ve duygular\u0131 de\u011fil, 1910&#8217;lar\u0131n Anadolu&#8217;sundaki toplumsal ya\u015fam da canl\u0131 bir \u015fekilde anlat\u0131lmaktad\u0131r.<\/p>\n","protected":false},"excerpt":{"rendered":"<p>Sabahattin Ali&#8217;nin Kuyucakl\u0131 Yusuf adl\u0131 eseri bez ciltli kapakla Koridor Yay\u0131nlar\u0131&#8217;nda!Sabahattin Ali&#8217;nin Ayd\u0131n&#8217;da cezaevinde yatarken tan\u0131\u015ft\u0131\u011f\u0131 Yusuf&#8217;un ya\u015fad\u0131klar\u0131ndan yola \u00e7\u0131karak kaleme ald\u0131\u011f\u0131 Kuyucakl\u0131 Yusuf ilk kez<span class=\"excerpt-hellip\"> [\u2026]<\/span><\/p>\n","protected":false},"featured_media":0,"template":"","meta":{"_monsterinsights_skip_tracking":false,"_monsterinsights_sitenote_active":false,"_monsterinsights_sitenote_note":"","_monsterinsights_sitenote_category":0},"product_brand":[],"product_cat":[12291,12711],"product_tag":[],"class_list":{"0":"post-725361","1":"product","2":"type-product","3":"status-publish","5":"product_cat-edebiyat","6":"product_cat-roman-oyku","7":"pa_cilt-ciltsiz","8":"pa_tur-kitap","9":"pa_yayinevi-koridor-yayincilik","10":"pa_yazar-sabahattin-ali","12":"first","13":"instock","14":"sale","15":"shipping-taxable","16":"purchasable","17":"product-type-simple"},"_links":{"self":[{"href":"https:\/\/roveyayinevi.com.tr\/index.php\/wp-json\/wp\/v2\/product\/725361","targetHints":{"allow":["GET"]}}],"collection":[{"href":"https:\/\/roveyayinevi.com.tr\/index.php\/wp-json\/wp\/v2\/product"}],"about":[{"href":"https:\/\/roveyayinevi.com.tr\/index.php\/wp-json\/wp\/v2\/types\/product"}],"wp:attachment":[{"href":"https:\/\/roveyayinevi.com.tr\/index.php\/wp-json\/wp\/v2\/media?parent=725361"}],"wp:term":[{"taxonomy":"product_brand","embeddable":true,"href":"https:\/\/roveyayinevi.com.tr\/index.php\/wp-json\/wp\/v2\/product_brand?post=725361"},{"taxonomy":"product_cat","embeddable":true,"href":"https:\/\/roveyayinevi.com.tr\/index.php\/wp-json\/wp\/v2\/product_cat?post=725361"},{"taxonomy":"product_tag","embeddable":true,"href":"https:\/\/roveyayinevi.com.tr\/index.php\/wp-json\/wp\/v2\/product_tag?post=725361"}],"curies":[{"name":"wp","href":"https:\/\/api.w.org\/{rel}","templated":true}]}}