{"id":725339,"date":"2025-08-27T19:48:45","date_gmt":"2025-08-27T16:48:45","guid":{"rendered":"https:\/\/roveyayinevi.com.tr\/index.php\/urun\/asik-olmak\/"},"modified":"2026-04-16T02:32:57","modified_gmt":"2026-04-15T23:32:57","slug":"asik-olmak","status":"publish","type":"product","link":"https:\/\/roveyayinevi.com.tr\/index.php\/urun\/asik-olmak\/","title":{"rendered":"A\u015f\u0131k Olmak"},"content":{"rendered":"<p>A\u015fk hayat\u0131nda bir ger\u00e7eklik olmal\u0131d\u0131r, o sadece bir \u015fiir, bir r\u00fcya de\u011fildir. Hayata ge\u00e7irilmesi, ger\u00e7ekle\u015ftirilmesi gerekir. A\u015fk\u0131 ilk kez deneyimlemek i\u00e7in asla \u00e7ok ge\u00e7 de\u011fildir.Sevmeyi \u00f6\u011fren. \u00c7ok az insan sevmeyi bilir. Herkes a\u015fka ihtiya\u00e7 duyuldu\u011funu, herkes a\u015fks\u0131z bir hayat\u0131n anlams\u0131z oldu\u011funu bilir, ama sevmeyi bilmez. Ve a\u015fk ad\u0131na ne yaparlarsa yaps\u0131nlar o a\u015fk de\u011fildir, daima ba\u015fka bir \u015feydir; \u00e7ok fazla \u015feyle kar\u0131\u015ft\u0131r\u0131l\u0131r: k\u0131skan\u00e7l\u0131k, \u00f6fke, nefret, sahiplenme, bask\u0131, ego. T\u00fcm bu zehirler a\u015fk\u0131 yok eder. Sevmek t\u00fcm bu zehirlerden kurtulmak anlam\u0131na gelir ve ard\u0131ndan yava\u015f\u00e7a i\u00e7inde farkl\u0131 ve yeni \u00f6zelliklere sahip bir a\u015fk\u0131n ortaya \u00e7\u0131kt\u0131\u011f\u0131n\u0131 g\u00f6receksin&#8230;<\/p>\n","protected":false},"excerpt":{"rendered":"<p>A\u015fk hayat\u0131nda bir ger\u00e7eklik olmal\u0131d\u0131r, o sadece bir \u015fiir, bir r\u00fcya de\u011fildir. Hayata ge\u00e7irilmesi, ger\u00e7ekle\u015ftirilmesi gerekir. A\u015fk\u0131 ilk kez deneyimlemek i\u00e7in asla \u00e7ok ge\u00e7 de\u011fildir.Sevmeyi \u00f6\u011fren.<span class=\"excerpt-hellip\"> [\u2026]<\/span><\/p>\n","protected":false},"featured_media":0,"template":"","meta":{"_monsterinsights_skip_tracking":false,"_monsterinsights_sitenote_active":false,"_monsterinsights_sitenote_note":"","_monsterinsights_sitenote_category":0},"product_brand":[],"product_cat":[12364,12376],"product_tag":[],"class_list":{"0":"post-725339","1":"product","2":"type-product","3":"status-publish","5":"product_cat-genel-konular","6":"product_cat-kisisel-gelisim","7":"pa_cilt-ciltsiz","8":"pa_tur-kitap","9":"pa_yayinevi-butik-yayinlari","10":"pa_yazar-osho","12":"first","13":"instock","14":"sale","15":"shipping-taxable","16":"purchasable","17":"product-type-simple"},"_links":{"self":[{"href":"https:\/\/roveyayinevi.com.tr\/index.php\/wp-json\/wp\/v2\/product\/725339","targetHints":{"allow":["GET"]}}],"collection":[{"href":"https:\/\/roveyayinevi.com.tr\/index.php\/wp-json\/wp\/v2\/product"}],"about":[{"href":"https:\/\/roveyayinevi.com.tr\/index.php\/wp-json\/wp\/v2\/types\/product"}],"wp:attachment":[{"href":"https:\/\/roveyayinevi.com.tr\/index.php\/wp-json\/wp\/v2\/media?parent=725339"}],"wp:term":[{"taxonomy":"product_brand","embeddable":true,"href":"https:\/\/roveyayinevi.com.tr\/index.php\/wp-json\/wp\/v2\/product_brand?post=725339"},{"taxonomy":"product_cat","embeddable":true,"href":"https:\/\/roveyayinevi.com.tr\/index.php\/wp-json\/wp\/v2\/product_cat?post=725339"},{"taxonomy":"product_tag","embeddable":true,"href":"https:\/\/roveyayinevi.com.tr\/index.php\/wp-json\/wp\/v2\/product_tag?post=725339"}],"curies":[{"name":"wp","href":"https:\/\/api.w.org\/{rel}","templated":true}]}}